commit;

--
-- Table structure for table `search_dataset`
--

CREATE TABLE `search_dataset` (
  `sid` int(10) unsigned NOT NULL DEFAULT 0 COMMENT 'Search item ID, e.g. node ID for nodes.',
  `langcode` varchar(12) CHARACTER SET ascii COLLATE ascii_general_ci NOT NULL DEFAULT '' COMMENT 'The "languages".langcode of the item variant.',
  `type` varchar(64) CHARACTER SET ascii COLLATE ascii_general_ci NOT NULL COMMENT 'Type of item, e.g. node.',
  `data` longtext NOT NULL COMMENT 'List of space-separated words from the item.',
  `reindex` int(10) unsigned NOT NULL DEFAULT 0 COMMENT 'Set to force node reindexing.',
  PRIMARY KEY (`sid`,`langcode`,`type`)
) ENGINE=InnoDB DEFAULT CHARSET=utf8mb4 COLLATE=utf8mb4_general_ci COMMENT='Stores items that will be searched.';

--
-- Dumping data for table `search_dataset`
--

set autocommit=0;
INSERT INTO `search_dataset` VALUES (1,'en','node_search',' test test  unemployment tracker   syncstream uat   syncstream local new   erc  using custom endpoints  erc cognito hrlogics https hrlogicstestauthuseast1amazoncognitocom oauth2 authorize clientid 2g1d1thqqofpoe5tq3kbaof3pa responsetype code scope email openid redirecturi https hrlogicstestauthuseast1amazoncognitocom oauth2 idpresponse  erc 8base client https hrlogicstestauthuseast1amazoncognitocom oauth2 authorize clientid 4kgn1bh9ghi73h7cbonq8rsd3f responsetype code scope email openid redirecturi https hrlogicstestauthuseast1amazoncognitocom oauth2 idpresponse  erc hrlogics w auth0 redirect https hrlogicstestauthuseast1amazoncognitocom oauth2 authorize clientid 2g1d1thqqofpoe5tq3kbaof3pa responsetype code scope email openid redirecturi https hrlogicstestauthuseast1amazoncognitocom oauth2 authorize camyoung fri 3032023 954  ',0),(2,'en','node_search',' hr logics hr logics camyoung mon 3132023 1413  ',0),(3,'en','node_search',' reporting reporting camyoung mon 3132023 1414 overview of key compliance metrics  ',0),(4,'en','node_search',' integrations integrations camyoung mon 3132023 1414 integrations  ',0),(5,'en','node_search',' settings settings camyoung mon 3132023 1415  ',0),(6,'en','node_search',' marketplace marketplace camyoung mon 3132023 1415 marketplace  ',0),(7,'en','node_search',' product 1 product 1 kell tue 3212023 1456 sso link report link ',0),(8,'en','node_search',' product 2 product 2 kell tue 3212023 1458 sso link report link ',0),(9,'en','node_search',' syncstream syncstream camyoung wed 3222023 1320 https sstestdashacacom sgaccount redirect https wwwsyncstreamcom acadashboard https wwwsyncstreamcom acadashboard syncstreamcircular syncstream solid  ',0),(10,'en','node_search',' unemployment tracker unemployment tracker camyoung wed 3222023 1320 https staging2unemploymenttrackercom sso http staging2unemploymenttrackercom sso redirect reports https wwwunemploymenttrackercom  unemployment trackercircular logo utsolid  ',0),(11,'en','node_search',' clear verify clear verify camyoung wed 3222023 1321 https api8basecom cl9fry8ht00e609iccsbz3vxkdevshadi webhook redirect https stagingdevclearverifycom reports https wwwclearverifycom call clearverifycircular clearverify solid  ',0),(12,'en','node_search',' clear i9 clear i9 camyoung wed 3222023 1321 https stageadmingryphonhrcom ci9ssotest https wwwcleari9com  https wwwcleari9com contact clear i9circular clear i9 solid  ',0),(13,'en','node_search',' oncentive credit connect oncentive credit connect camyoung wed 3222023 1321 https wwwoncentivecom workopportunitytaxcredit https wwwoncentivecom workopportunitytaxcredit https wwwoncentivecom workopportunitytaxcredit wotccircular oncentive solid  ',0),(14,'en','node_search',' erc connect erc connect camyoung wed 3222023 1322 https api8basecom cl797ro65013809l71adq1itmqa3 webhook redirect https wlcclient1stagingrefunddcom reports https wwwoncentivecom employeeretentiontaxcredit erccircular  ',0),(15,'en','node_search',' test scheme test scheme kell tue 4182023 1644 ssn eid pid  ',0),(16,'en','node_search',' manage users manage users kell thu 4202023 1151  ',0),(17,'en','node_search',' data schemes data schemes kell thu 4202023 1152  ',0),(18,'en','node_search',' clients clients kell thu 4202023 1152  ',0),(19,'en','node_search',' company information company information kell thu 4202023 1200  ',0),(20,'en','node_search',' profile information profile information kell thu 4202023 1201  ',0),(21,'en','node_search',' test scheme alpha test scheme alpha camyoung mon 4242023 1256 ssnfield eidfield payidfield  ',0),(22,'en','node_search',' test scheme beta test scheme beta camyoung mon 4242023 1343 test test2 test3  ',0),(23,'en','node_search',' hr logics hr logics camyoung tue 5092023 1355 https wwwoncentivecom  directly integrate with hr logics through sftp sftp secure file transfer protocol provides a secure and encrypted way to transfer files between two systems sftp ensures that data is protected from unauthorized access or interception during transmission reducing the risk of data breaches and increasing data privacy by using sftp to connect organizations can improve their data security and increase the reliability and efficiency of their data transfers we will create a server for you and a login and password use the application filezilla to send your files to your personal server or request files ask your compliance champion for more information directly integrate with hr logics through sftp integrate with hr logics via our sftp server allowing for automations and alleviated data upload burden  ',0),(28,'en','node_search',' test test dmitryberezin fri 5192023 604 first name last name middle name ssn employee id original hire date most recent hire date termination date employment state employment city position title employee status division department position fein location identifier column position work city position work state position zip pay frequency pay type paycheck id rate of pay pay date period start date period end date gross pay base pay overtime pay commission pay bonus pay vacation pay pension shift differential severance stock sick pay tips other payments federal witholding state witholding gross hours overtime hours payroll template 4 comma1csv  131 kb  ',0),(29,'en','node_search',' test2 test2 dmitryberezin fri 5192023 613 ssn employee id paycheck id period start date period start date period end date payroll template 4 comma2csv  131 kb  ',0);
commit;

--
-- Table structure for table `search_index`
--

CREATE TABLE `search_index` (
  `word` varchar(50) NOT NULL DEFAULT '' COMMENT 'The "search_total".word that is associated with the search item.',
  `sid` int(10) unsigned NOT NULL DEFAULT 0 COMMENT 'The "search_dataset".sid of the searchable item to which the word belongs.',
  `langcode` varchar(12) CHARACTER SET ascii COLLATE ascii_general_ci NOT NULL DEFAULT '' COMMENT 'The "languages".langcode of the item variant.',
  `type` varchar(64) CHARACTER SET ascii COLLATE ascii_general_ci NOT NULL COMMENT 'The "search_dataset".type of the searchable item to which the word belongs.',
  `score` float DEFAULT NULL COMMENT 'The numeric score of the word, higher being more important.',
  PRIMARY KEY (`word`,`sid`,`langcode`,`type`),
  KEY `sid_type` (`sid`,`langcode`,`type`)
) ENGINE=InnoDB DEFAULT CHARSET=utf8mb4 COLLATE=utf8mb4_general_ci COMMENT='Stores the search index, associating words, items and…';

--
-- Dumping data for table `search_index`
--

set autocommit=0;
INSERT INTO `search_index` VALUES ('1',7,'en','node_search',27),('1151',16,'en','node_search',1),('1152',17,'en','node_search',1),('1152',18,'en','node_search',1),('1200',19,'en','node_search',1),('1201',20,'en','node_search',1),('1256',21,'en','node_search',1),('131',28,'en','node_search',1),('131',29,'en','node_search',1),('1320',9,'en','node_search',1),('1320',10,'en','node_search',1),('1321',11,'en','node_search',1),('1321',12,'en','node_search',1),('1321',13,'en','node_search',1),('1322',14,'en','node_search',1),('1343',22,'en','node_search',1),('1355',23,'en','node_search',1),('1413',2,'en','node_search',1),('1414',3,'en','node_search',1),('1414',4,'en','node_search',1),('1415',5,'en','node_search',1),('1415',6,'en','node_search',1),('1456',7,'en','node_search',1),('1458',8,'en','node_search',1),('1644',15,'en','node_search',1),('2',8,'en','node_search',27),('2g1d1thqqofpoe5tq3kbaof3pa',1,'en','node_search',22),('3032023',1,'en','node_search',1),('3132023',2,'en','node_search',1),('3132023',3,'en','node_search',1),('3132023',4,'en','node_search',1),('3132023',5,'en','node_search',1),('3132023',6,'en','node_search',1),('3212023',7,'en','node_search',1),('3212023',8,'en','node_search',1),('3222023',9,'en','node_search',1),('3222023',10,'en','node_search',1),('3222023',11,'en','node_search',1),('3222023',12,'en','node_search',1),('3222023',13,'en','node_search',1),('3222023',14,'en','node_search',1),('4',28,'en','node_search',11),('4',29,'en','node_search',11),('4182023',15,'en','node_search',1),('4202023',16,'en','node_search',1),('4202023',17,'en','node_search',1),('4202023',18,'en','node_search',1),('4202023',19,'en','node_search',1),('4202023',20,'en','node_search',1),('4242023',21,'en','node_search',1),('4242023',22,'en','node_search',1),('4kgn1bh9ghi73h7cbonq8rsd3f',1,'en','node_search',11),('5092023',23,'en','node_search',1),('5192023',28,'en','node_search',1),('5192023',29,'en','node_search',1),('604',28,'en','node_search',1),('613',29,'en','node_search',1),('8base',1,'en','node_search',1),('954',1,'en','node_search',1),('acadashboard',9,'en','node_search',22),('access',23,'en','node_search',1),('alleviated',23,'en','node_search',1),('allowing',23,'en','node_search',1),('alpha',21,'en','node_search',27),('and',23,'en','node_search',7),('api8basecom',11,'en','node_search',11),('api8basecom',14,'en','node_search',11),('application',23,'en','node_search',1),('ask',23,'en','node_search',1),('auth0',1,'en','node_search',1),('authorize',1,'en','node_search',34),('automations',23,'en','node_search',1),('base',28,'en','node_search',1),('beta',22,'en','node_search',27),('between',23,'en','node_search',1),('bonus',28,'en','node_search',1),('breaches',23,'en','node_search',1),('burden',23,'en','node_search',1),('call',11,'en','node_search',11),('camyoung',1,'en','node_search',1),('camyoung',2,'en','node_search',1),('camyoung',3,'en','node_search',1),('camyoung',4,'en','node_search',1),('camyoung',5,'en','node_search',1),('camyoung',6,'en','node_search',1),('camyoung',9,'en','node_search',1),('camyoung',10,'en','node_search',1),('camyoung',11,'en','node_search',1),('camyoung',12,'en','node_search',1),('camyoung',13,'en','node_search',1),('camyoung',14,'en','node_search',1),('camyoung',21,'en','node_search',1),('camyoung',22,'en','node_search',1),('camyoung',23,'en','node_search',1),('can',23,'en','node_search',1),('champion',23,'en','node_search',1),('ci9ssotest',12,'en','node_search',11),('city',28,'en','node_search',2),('cl797ro65013809l71adq1itmqa3',14,'en','node_search',11),('cl9fry8ht00e609iccsbz3vxkdevshadi',11,'en','node_search',11),('clear',11,'en','node_search',27),('clear',12,'en','node_search',29),('clearverify',11,'en','node_search',1),('clearverifycircular',11,'en','node_search',1),('client',1,'en','node_search',1),('clientid',1,'en','node_search',33),('clients',18,'en','node_search',27),('code',1,'en','node_search',33),('cognito',1,'en','node_search',1),('column',28,'en','node_search',1),('comma1csv',28,'en','node_search',11),('comma2csv',29,'en','node_search',11),('commission',28,'en','node_search',1),('company',19,'en','node_search',27),('compliance',3,'en','node_search',1),('compliance',23,'en','node_search',1),('connect',13,'en','node_search',27),('connect',14,'en','node_search',27),('connect',23,'en','node_search',1),('contact',12,'en','node_search',11),('create',23,'en','node_search',1),('credit',13,'en','node_search',27),('custom',1,'en','node_search',4),('data',17,'en','node_search',27),('data',23,'en','node_search',6),('date',28,'en','node_search',6),('date',29,'en','node_search',3),('department',28,'en','node_search',1),('differential',28,'en','node_search',1),('directly',23,'en','node_search',2),('division',28,'en','node_search',1),('dmitryberezin',28,'en','node_search',1),('dmitryberezin',29,'en','node_search',1),('during',23,'en','node_search',1),('efficiency',23,'en','node_search',1),('eid',15,'en','node_search',1),('eidfield',21,'en','node_search',1),('email',1,'en','node_search',33),('employee',28,'en','node_search',2),('employee',29,'en','node_search',1),('employeeretentiontaxcredit',14,'en','node_search',11),('employment',28,'en','node_search',2),('encrypted',23,'en','node_search',1),('end',28,'en','node_search',1),('end',29,'en','node_search',1),('endpoints',1,'en','node_search',4),('ensures',23,'en','node_search',1),('erc',1,'en','node_search',17),('erc',14,'en','node_search',27),('erccircular',14,'en','node_search',1),('federal',28,'en','node_search',1),('fein',28,'en','node_search',1),('file',23,'en','node_search',1),('files',23,'en','node_search',3),('filezilla',23,'en','node_search',1),('first',28,'en','node_search',1),('for',23,'en','node_search',3),('frequency',28,'en','node_search',1),('fri',1,'en','node_search',1),('fri',28,'en','node_search',1),('fri',29,'en','node_search',1),('from',23,'en','node_search',1),('gross',28,'en','node_search',2),('hire',28,'en','node_search',2),('hours',28,'en','node_search',2),('hrlogics',1,'en','node_search',2),('hrlogicstestauthuseast1amazoncognitocom',1,'en','node_search',66),('http',10,'en','node_search',11),('https',1,'en','node_search',66),('https',9,'en','node_search',33),('https',10,'en','node_search',22),('https',11,'en','node_search',33),('https',12,'en','node_search',33),('https',13,'en','node_search',33),('https',14,'en','node_search',33),('https',23,'en','node_search',11),('i9circular',12,'en','node_search',1),('identifier',28,'en','node_search',1),('idpresponse',1,'en','node_search',2),('improve',23,'en','node_search',1),('increase',23,'en','node_search',1),('increasing',23,'en','node_search',1),('information',19,'en','node_search',27),('information',20,'en','node_search',27),('information',23,'en','node_search',1),('integrate',23,'en','node_search',3),('integrations',4,'en','node_search',28),('interception',23,'en','node_search',1),('kell',7,'en','node_search',1),('kell',8,'en','node_search',1),('kell',15,'en','node_search',1),('kell',16,'en','node_search',1),('kell',17,'en','node_search',1),('kell',18,'en','node_search',1),('kell',19,'en','node_search',1),('kell',20,'en','node_search',1),('key',3,'en','node_search',1),('last',28,'en','node_search',1),('link',7,'en','node_search',22),('link',8,'en','node_search',22),('local',1,'en','node_search',14),('location',28,'en','node_search',1),('logics',2,'en','node_search',27),('logics',23,'en','node_search',30),('login',23,'en','node_search',1),('logo',10,'en','node_search',1),('manage',16,'en','node_search',27),('marketplace',6,'en','node_search',28),('metrics',3,'en','node_search',1),('middle',28,'en','node_search',1),('mon',2,'en','node_search',1),('mon',3,'en','node_search',1),('mon',4,'en','node_search',1),('mon',5,'en','node_search',1),('mon',6,'en','node_search',1),('mon',21,'en','node_search',1),('mon',22,'en','node_search',1),('more',23,'en','node_search',1),('most',28,'en','node_search',1),('name',28,'en','node_search',3),('new',1,'en','node_search',14),('oauth2',1,'en','node_search',66),('oncentive',13,'en','node_search',28),('openid',1,'en','node_search',33),('organizations',23,'en','node_search',1),('original',28,'en','node_search',1),('other',28,'en','node_search',1),('our',23,'en','node_search',1),('overtime',28,'en','node_search',2),('overview',3,'en','node_search',1),('password',23,'en','node_search',1),('pay',28,'en','node_search',11),('paycheck',28,'en','node_search',1),('paycheck',29,'en','node_search',1),('payidfield',21,'en','node_search',1),('payments',28,'en','node_search',1),('payroll',28,'en','node_search',11),('payroll',29,'en','node_search',11),('pension',28,'en','node_search',1),('period',28,'en','node_search',2),('period',29,'en','node_search',3),('personal',23,'en','node_search',1),('pid',15,'en','node_search',1),('position',28,'en','node_search',5),('privacy',23,'en','node_search',1),('product',7,'en','node_search',27),('product',8,'en','node_search',27),('profile',20,'en','node_search',27),('protected',23,'en','node_search',1),('protocol',23,'en','node_search',1),('provides',23,'en','node_search',1),('rate',28,'en','node_search',1),('recent',28,'en','node_search',1),('redirect',1,'en','node_search',1),('redirect',9,'en','node_search',11),('redirect',10,'en','node_search',11),('redirect',11,'en','node_search',11),('redirect',14,'en','node_search',11),('redirecturi',1,'en','node_search',33),('reducing',23,'en','node_search',1),('reliability',23,'en','node_search',1),('report',7,'en','node_search',11),('report',8,'en','node_search',11),('reporting',3,'en','node_search',27),('reports',10,'en','node_search',11),('reports',11,'en','node_search',11),('reports',14,'en','node_search',11),('request',23,'en','node_search',1),('responsetype',1,'en','node_search',33),('risk',23,'en','node_search',1),('scheme',15,'en','node_search',27),('scheme',21,'en','node_search',27),('scheme',22,'en','node_search',27),('schemes',17,'en','node_search',27),('scope',1,'en','node_search',33),('secure',23,'en','node_search',2),('security',23,'en','node_search',1),('send',23,'en','node_search',1),('server',23,'en','node_search',3),('settings',5,'en','node_search',27),('severance',28,'en','node_search',1),('sftp',23,'en','node_search',6),('sgaccount',9,'en','node_search',11),('shift',28,'en','node_search',1),('sick',28,'en','node_search',1),('solid',9,'en','node_search',1),('solid',11,'en','node_search',1),('solid',12,'en','node_search',1),('solid',13,'en','node_search',1),('ssn',15,'en','node_search',1),('ssn',28,'en','node_search',1),('ssn',29,'en','node_search',1),('ssnfield',21,'en','node_search',1),('sso',7,'en','node_search',11),('sso',8,'en','node_search',11),('sso',10,'en','node_search',22),('sstestdashacacom',9,'en','node_search',11),('stageadmingryphonhrcom',12,'en','node_search',11),('staging2unemploymenttrackercom',10,'en','node_search',22),('stagingdevclearverifycom',11,'en','node_search',11),('start',28,'en','node_search',1),('start',29,'en','node_search',2),('state',28,'en','node_search',3),('status',28,'en','node_search',1),('stock',28,'en','node_search',1),('syncstream',1,'en','node_search',28),('syncstream',9,'en','node_search',28),('syncstreamcircular',9,'en','node_search',1),('systems',23,'en','node_search',1),('template',28,'en','node_search',11),('template',29,'en','node_search',11),('termination',28,'en','node_search',1),('test',1,'en','node_search',27),('test',15,'en','node_search',27),('test',21,'en','node_search',27),('test',22,'en','node_search',28),('test',28,'en','node_search',27),('test2',22,'en','node_search',1),('test2',29,'en','node_search',27),('test3',22,'en','node_search',1),('that',23,'en','node_search',1),('the',23,'en','node_search',3),('their',23,'en','node_search',2),('through',23,'en','node_search',2),('thu',16,'en','node_search',1),('thu',17,'en','node_search',1),('thu',18,'en','node_search',1),('thu',19,'en','node_search',1),('thu',20,'en','node_search',1),('tips',28,'en','node_search',1),('title',28,'en','node_search',1),('tracker',1,'en','node_search',14),('tracker',10,'en','node_search',27),('trackercircular',10,'en','node_search',1),('transfer',23,'en','node_search',2),('transfers',23,'en','node_search',1),('transmission',23,'en','node_search',1),('tue',7,'en','node_search',1),('tue',8,'en','node_search',1),('tue',15,'en','node_search',1),('tue',23,'en','node_search',1),('two',23,'en','node_search',1),('type',28,'en','node_search',1),('uat',1,'en','node_search',14),('unauthorized',23,'en','node_search',1),('unemployment',1,'en','node_search',14),('unemployment',10,'en','node_search',28),('upload',23,'en','node_search',1),('use',23,'en','node_search',1),('users',16,'en','node_search',27),('using',1,'en','node_search',4),('using',23,'en','node_search',1),('utsolid',10,'en','node_search',1),('vacation',28,'en','node_search',1),('verify',11,'en','node_search',27),('via',23,'en','node_search',1),('way',23,'en','node_search',1),('webhook',11,'en','node_search',11),('webhook',14,'en','node_search',11),('wed',9,'en','node_search',1),('wed',10,'en','node_search',1),('wed',11,'en','node_search',1),('wed',12,'en','node_search',1),('wed',13,'en','node_search',1),('wed',14,'en','node_search',1),('will',23,'en','node_search',1),('with',23,'en','node_search',3),('witholding',28,'en','node_search',2),('wlcclient1stagingrefunddcom',14,'en','node_search',11),('work',28,'en','node_search',2),('workopportunitytaxcredit',13,'en','node_search',33),('wotccircular',13,'en','node_search',1),('wwwcleari9com',12,'en','node_search',22),('wwwclearverifycom',11,'en','node_search',11),('wwwoncentivecom',13,'en','node_search',33),('wwwoncentivecom',14,'en','node_search',11),('wwwoncentivecom',23,'en','node_search',11),('wwwsyncstreamcom',9,'en','node_search',22),('wwwunemploymenttrackercom',10,'en','node_search',11),('you',23,'en','node_search',1),('your',23,'en','node_search',3),('zip',28,'en','node_search',1);
commit;

--
-- Table structure for table `search_total`
--

CREATE TABLE `search_total` (
  `word` varchar(50) NOT NULL DEFAULT '' COMMENT 'Primary Key: Unique word in the search index.',
  `count` float DEFAULT NULL COMMENT 'The count of the word in the index using Zipf''s law to equalize the probability distribution.',
  PRIMARY KEY (`word`)
) ENGINE=InnoDB DEFAULT CHARSET=utf8mb4 COLLATE=utf8mb4_general_ci COMMENT='Stores search totals for words.';

--
-- Dumping data for table `search_total`
--

set autocommit=0;
INSERT INTO `search_total` VALUES ('1',0.0157943),('1151',0.30103),('1152',0.176091),('1200',0.30103),('1201',0.30103),('1256',0.30103),('131',0.176091),('1320',0.176091),('1321',0.124939),('1322',0.30103),('1343',0.30103),('1355',0.30103),('1413',0.30103),('1414',0.176091),('1415',0.176091),('1456',0.30103),('1458',0.30103),('1644',0.30103),('2',0.0157943),('2g1d1thqqofpoe5tq3kbaof3pa',0.0193052),('3032023',0.30103),('3132023',0.0791812),('3212023',0.176091),('3222023',0.0669468),('4',0.0193052),('4182023',0.30103),('4202023',0.0791812),('4242023',0.176091),('4kgn1bh9ghi73h7cbonq8rsd3f',0.0377886),('5092023',0.30103),('5192023',0.176091),('604',0.30103),('613',0.30103),('8base',0.30103),('954',0.30103),('acadashboard',0.0193052),('access',0.30103),('alleviated',0.30103),('allowing',0.30103),('alpha',0.0157943),('and',0.0579919),('api8basecom',0.0193052),('application',0.30103),('ask',0.30103),('auth0',0.30103),('authorize',0.0125891),('automations',0.30103),('base',0.30103),('beta',0.0157943),('between',0.30103),('bonus',0.30103),('breaches',0.30103),('burden',0.30103),('call',0.0377886),('camyoung',0.0280287),('can',0.30103),('champion',0.30103),('ci9ssotest',0.0377886),('city',0.176091),('cl797ro65013809l71adq1itmqa3',0.0377886),('cl9fry8ht00e609iccsbz3vxkdevshadi',0.0377886),('clear',0.00768683),('clearverify',0.30103),('clearverifycircular',0.30103),('client',0.30103),('clientid',0.012965),('clients',0.0157943),('code',0.012965),('cognito',0.30103),('column',0.30103),('comma1csv',0.0377886),('comma2csv',0.0377886),('commission',0.30103),('company',0.0157943),('compliance',0.176091),('connect',0.00782534),('contact',0.0377886),('create',0.30103),('credit',0.0157943),('custom',0.09691),('data',0.012965),('date',0.0457575),('department',0.30103),('differential',0.30103),('directly',0.176091),('division',0.30103),('dmitryberezin',0.176091),('during',0.30103),('efficiency',0.30103),('eid',0.30103),('eidfield',0.30103),('email',0.012965),('employee',0.124939),('employeeretentiontaxcredit',0.0377886),('employment',0.176091),('encrypted',0.30103),('end',0.176091),('endpoints',0.09691),('ensures',0.30103),('erc',0.00975984),('erccircular',0.30103),('federal',0.30103),('fein',0.30103),('file',0.30103),('files',0.124939),('filezilla',0.30103),('first',0.30103),('for',0.124939),('frequency',0.30103),('fri',0.124939),('from',0.30103),('gross',0.176091),('hire',0.176091),('hours',0.176091),('hrlogics',0.176091),('hrlogicstestauthuseast1amazoncognitocom',0.00653087),('http',0.0377886),('https',0.00164195),('i9circular',0.30103),('identifier',0.30103),('idpresponse',0.176091),('improve',0.30103),('increase',0.30103),('increasing',0.30103),('information',0.00782534),('integrate',0.124939),('integrations',0.01524),('interception',0.30103),('kell',0.0511525),('key',0.30103),('last',0.30103),('link',0.00975984),('local',0.0299632),('location',0.30103),('logics',0.00755314),('login',0.30103),('logo',0.0791812),('manage',0.0157943),('marketplace',0.01524),('metrics',0.30103),('middle',0.30103),('mon',0.0579919),('more',0.30103),('most',0.30103),('name',0.124939),('new',0.0299632),('oauth2',0.00653087),('oncentive',0.01524),('openid',0.012965),('organizations',0.30103),('original',0.30103),('other',0.30103),('our',0.30103),('overtime',0.176091),('overview',0.30103),('password',0.30103),('pay',0.0377886),('paycheck',0.176091),('payidfield',0.30103),('payments',0.30103),('payroll',0.0193052),('pension',0.30103),('period',0.0791812),('personal',0.30103),('pid',0.30103),('position',0.0791812),('privacy',0.30103),('product',0.00796893),('profile',0.0157943),('protected',0.30103),('protocol',0.30103),('provides',0.30103),('rate',0.30103),('recent',0.30103),('redirect',0.00954532),('redirecturi',0.012965),('reducing',0.30103),('reliability',0.30103),('report',0.0193052),('reporting',0.0157943),('reports',0.012965),('request',0.30103),('responsetype',0.012965),('risk',0.30103),('scheme',0.00532883),('schemes',0.0157943),('scope',0.012965),('secure',0.176091),('security',0.30103),('send',0.30103),('server',0.124939),('settings',0.0157943),('severance',0.30103),('sftp',0.0669468),('sgaccount',0.0377886),('shift',0.30103),('sick',0.30103),('solid',0.09691),('ssn',0.124939),('ssnfield',0.30103),('sso',0.00975984),('sstestdashacacom',0.0377886),('stageadmingryphonhrcom',0.0377886),('staging2unemploymenttrackercom',0.0193052),('stagingdevclearverifycom',0.0377886),('start',0.124939),('state',0.124939),('status',0.30103),('stock',0.30103),('syncstream',0.00768683),('syncstreamcircular',0.30103),('systems',0.30103),('template',0.0193052),('termination',0.30103),('test',0.00318166),('test2',0.01524),('test3',0.30103),('that',0.30103),('the',0.124939),('their',0.176091),('through',0.176091),('thu',0.0791812),('tips',0.30103),('title',0.30103),('tracker',0.0104654),('trackercircular',0.30103),('transfer',0.176091),('transfers',0.30103),('transmission',0.30103),('tue',0.09691),('two',0.30103),('type',0.30103),('uat',0.0299632),('unauthorized',0.30103),('unemployment',0.0102192),('upload',0.30103),('use',0.30103),('users',0.0157943),('using',0.0791812),('utsolid',0.30103),('vacation',0.30103),('verify',0.0157943),('via',0.30103),('way',0.30103),('webhook',0.0193052),('wed',0.0669468),('will',0.30103),('with',0.124939),('witholding',0.176091),('wlcclient1stagingrefunddcom',0.0377886),('work',0.176091),('workopportunitytaxcredit',0.012965),('wotccircular',0.30103),('wwwcleari9com',0.0193052),('wwwclearverifycom',0.0377886),('wwwoncentivecom',0.00782534),('wwwsyncstreamcom',0.0193052),('wwwunemploymenttrackercom',0.0377886),('you',0.30103),('your',0.124939),('zip',0.30103);
commit;

--
-- Table structure for table `semaphore`
--

CREATE TABLE `semaphore` (
  `name` varchar(255) CHARACTER SET ascii COLLATE ascii_general_ci NOT NULL DEFAULT '' COMMENT 'Primary Key: Unique name.',
  `value` varchar(255) CHARACTER SET ascii COLLATE ascii_general_ci NOT NULL DEFAULT '' COMMENT 'A value for the semaphore.',
  `expire` double NOT NULL COMMENT 'A Unix timestamp with microseconds indicating when the semaphore should expire.',
  PRIMARY KEY (`name`),
  KEY `value` (`value`),
  KEY `expire` (`expire`)
) ENGINE=InnoDB DEFAULT CHARSET=utf8mb4 COLLATE=utf8mb4_general_ci COMMENT='Table for holding semaphores, locks, flags, etc. that…';

--
-- Dumping data for table `semaphore`
--

set autocommit=0;
commit;

--
-- Table structure for table `sequences`
--

CREATE TABLE `sequences` (
  `value` int(10) unsigned NOT NULL AUTO_INCREMENT COMMENT 'The value of the sequence.',
  PRIMARY KEY (`value`)
) ENGINE=InnoDB AUTO_INCREMENT=16 DEFAULT CHARSET=utf8mb4 COLLATE=utf8mb4_general_ci COMMENT='Stores IDs.';

--
-- Dumping data for table `sequences`
--

set autocommit=0;
INSERT INTO `sequences` VALUES (15);
commit;

--
-- Table structure for table `sessions`
--

CREATE TABLE `sessions` (
  `uid` int(10) unsigned NOT NULL COMMENT 'The "users".uid corresponding to a session, or 0 for anonymous user.',
  `sid` varchar(128) CHARACTER SET ascii COLLATE ascii_general_ci NOT NULL COMMENT 'A session ID (hashed). The value is generated by Drupal''s session handlers.',
  `hostname` varchar(128) CHARACTER SET ascii COLLATE ascii_general_ci NOT NULL DEFAULT '' COMMENT 'The IP address that last used this session ID (sid).',
  `timestamp` bigint(20) NOT NULL DEFAULT 0 COMMENT 'The Unix timestamp when this session last requested a page. Old records are purged by PHP automatically.',
  `session` longblob DEFAULT NULL COMMENT 'The serialized contents of the user''s session, an array of name/value pairs that persists across page requests by this session ID. Drupal loads the user''s session from here at the start of each request and saves it at the end.',
  PRIMARY KEY (`sid`),
  KEY `timestamp` (`timestamp`),
  KEY `uid` (`uid`)
) ENGINE=InnoDB DEFAULT CHARSET=utf8mb4 COLLATE=utf8mb4_general_ci COMMENT='Drupal''s session handlers read and write into the sessions…';

--
-- Dumping data for table `sessions`
--

set autocommit=0;
INSERT INTO `sessions` VALUES (24,'-HbjTbgNE_2hpp13vCXxCS6R0MnlabQdCIi9cYUbv0A','178.134.34.65',1685619004,'_sf2_attributes|a:1:{s:3:\"uid\";s:2:\"24\";}_sf2_meta|a:4:{s:1:\"u\";i:1685619004;s:1:\"c\";i:1684840574;s:1:\"l\";i:2000000;s:1:\"s\";s:43:\"vm0BboI3SC7qOmL4m1b67_FXHxRo6vgEodpj66VVlv8\";}'),(17,'7AFO0pLNVBZ5SpJNhYdiAwpUMzrxq9Pf51-hz39lms0','76.32.208.130',1685474385,'_sf2_attributes|a:1:{s:3:\"uid\";s:2:\"17\";}_sf2_meta|a:4:{s:1:\"u\";i:1685474385;s:1:\"c\";i:1685474385;s:1:\"l\";i:2000000;s:1:\"s\";s:43:\"GC4bvsNlcK8ijjEHWtSWV8XydhDM1uLhjxZozP8JsI8\";}'),(5,'gLzQgDBQXS0fo68TI4fZYLA2JQ-2JNZXDOpgrB4rGw4','74.221.2.128',1685632649,'_sf2_attributes|a:1:{s:3:\"uid\";s:1:\"5\";}_sf2_meta|a:4:{s:1:\"u\";i:1685632649;s:1:\"c\";i:1685632649;s:1:\"l\";i:2000000;s:1:\"s\";s:43:\"y3Edk9P0_MVqLDdi8vqJSyvj_wnL5AFWtTZMn9ByvxY\";}'),(1,'rK0_OhKY3OzYj3Ge1KTQEeNnjt6o2xVvcx_wZKJNSmU','100.7.117.56',1685627518,'_sf2_attributes|a:2:{s:3:\"uid\";s:1:\"1\";s:12:\"pass_reset_1\";s:74:\"fhjJE_NMyPn1LP1D2PbfJjCpunRPEZX3L8cg70ePs5Ed8Msg4DmWZ5ul9hnpOJ6-G_yH9FF25A\";}_sf2_meta|a:4:{s:1:\"u\";i:1685627446;s:1:\"c\";i:1685563099;s:1:\"l\";i:2000000;s:1:\"s\";s:43:\"HUO161hnwv_ObgjsTxlYlopSLlq794n9Ividy6SWOgI\";}');
commit;

--
-- Table structure for table `shortcut`
--

CREATE TABLE `shortcut` (
  `id` int(10) unsigned NOT NULL AUTO_INCREMENT,
  `shortcut_set` varchar(32) CHARACTER SET ascii COLLATE ascii_general_ci NOT NULL COMMENT 'The ID of the target entity.',
  `uuid` varchar(128) CHARACTER SET ascii COLLATE ascii_general_ci NOT NULL,
  `langcode` varchar(12) CHARACTER SET ascii COLLATE ascii_general_ci NOT NULL,
  PRIMARY KEY (`id`),
  UNIQUE KEY `shortcut_field__uuid__value` (`uuid`),
  KEY `shortcut_field__shortcut_set__target_id` (`shortcut_set`)
) ENGINE=InnoDB AUTO_INCREMENT=7 DEFAULT CHARSET=utf8mb4 COLLATE=utf8mb4_general_ci COMMENT='The base table for shortcut entities.';

--
-- Dumping data for table `shortcut`
--

set autocommit=0;
INSERT INTO `shortcut` VALUES (1,'default','edcfd7c3-2a53-4a8d-8ed8-5c304c778d46','en'),(2,'default','aec4d6d8-55b3-4fad-bd08-9bbcf19237a1','en'),(3,'default','040354e9-0fa0-430f-9e1b-752e21300ac2','en'),(4,'default','4f3cf101-9376-412f-af50-5c1b698f8a20','en'),(6,'default','e2080313-20b2-47cb-9b12-7f36ff6f1c52','en');
commit;

--
-- Table structure for table `shortcut_field_data`
--

CREATE TABLE `shortcut_field_data` (
  `id` int(10) unsigned NOT NULL,
  `shortcut_set` varchar(32) CHARACTER SET ascii COLLATE ascii_general_ci NOT NULL COMMENT 'The ID of the target entity.',
  `langcode` varchar(12) CHARACTER SET ascii COLLATE ascii_general_ci NOT NULL,
  `title` varchar(255) DEFAULT NULL,
  `weight` int(11) DEFAULT NULL,
  `link__uri` varchar(2048) DEFAULT NULL COMMENT 'The URI of the link.',
  `link__title` varchar(255) DEFAULT NULL COMMENT 'The link text.',
  `link__options` longblob DEFAULT NULL COMMENT 'Serialized array of options for the link.',
  `default_langcode` tinyint(4) NOT NULL,
  PRIMARY KEY (`id`,`langcode`),
  KEY `shortcut__id__default_langcode__langcode` (`id`,`default_langcode`,`langcode`),
  KEY `shortcut_field__shortcut_set__target_id` (`shortcut_set`),
  KEY `shortcut_field__link__uri` (`link__uri`(30))
) ENGINE=InnoDB DEFAULT CHARSET=utf8mb4 COLLATE=utf8mb4_general_ci COMMENT='The data table for shortcut entities.';

--
-- Dumping data for table `shortcut_field_data`
--

set autocommit=0;
INSERT INTO `shortcut_field_data` VALUES (1,'default','en','Add content',-20,'internal:/node/add',NULL,'a:0:{}',1),(2,'default','en','All content',-19,'internal:/admin/content',NULL,'a:0:{}',1),(3,'default','en','Simple OAuth Settings',NULL,'internal:/admin/config/people/simple_oauth',NULL,'a:0:{}',1),(4,'default','en','Consumer entities',NULL,'internal:/admin/config/services/consumer',NULL,'a:0:{}',1),(6,'default','en','Details',NULL,'internal:/admin/reports/dblog/event/19358',NULL,'a:0:{}',1);
commit;

--
-- Table structure for table `shortcut_set_users`
--

CREATE TABLE `shortcut_set_users` (
  `uid` int(10) unsigned NOT NULL DEFAULT 0 COMMENT 'The "users".uid for this set.',
  `set_name` varchar(32) CHARACTER SET ascii COLLATE ascii_general_ci NOT NULL DEFAULT '' COMMENT 'The "shortcut_set".set_name that will be displayed for this user.',
  PRIMARY KEY (`uid`),
  KEY `set_name` (`set_name`)
) ENGINE=InnoDB DEFAULT CHARSET=utf8mb4 COLLATE=utf8mb4_general_ci COMMENT='Maps users to shortcut sets.';

--
-- Dumping data for table `shortcut_set_users`
--

set autocommit=0;
commit;

--
-- Table structure for table `taxonomy_index`
--

CREATE TABLE `taxonomy_index` (
  `nid` int(10) unsigned NOT NULL DEFAULT 0 COMMENT 'The "node".nid this record tracks.',
  `tid` int(10) unsigned NOT NULL DEFAULT 0 COMMENT 'The term ID.',
  `status` int(11) NOT NULL DEFAULT 1 COMMENT 'Boolean indicating whether the node is published (visible to non-administrators).',
  `sticky` tinyint(4) DEFAULT 0 COMMENT 'Boolean indicating whether the node is sticky.',
  `created` int(11) NOT NULL DEFAULT 0 COMMENT 'The Unix timestamp when the node was created.',
  PRIMARY KEY (`nid`,`tid`),
  KEY `term_node` (`tid`,`status`,`sticky`,`created`)
) ENGINE=InnoDB DEFAULT CHARSET=utf8mb4 COLLATE=utf8mb4_general_ci COMMENT='Maintains denormalized information about node/term…';

--
-- Dumping data for table `taxonomy_index`
--

set autocommit=0;
commit;

--
-- Table structure for table `taxonomy_term__field_svg_file`
--

CREATE TABLE `taxonomy_term__field_svg_file` (
  `bundle` varchar(128) CHARACTER SET ascii COLLATE ascii_general_ci NOT NULL DEFAULT '' COMMENT 'The field instance bundle to which this row belongs, used when deleting a field instance',
  `deleted` tinyint(4) NOT NULL DEFAULT 0 COMMENT 'A boolean indicating whether this data item has been deleted',
  `entity_id` int(10) unsigned NOT NULL COMMENT 'The entity id this data is attached to',
  `revision_id` int(10) unsigned NOT NULL COMMENT 'The entity revision id this data is attached to',
  `langcode` varchar(32) CHARACTER SET ascii COLLATE ascii_general_ci NOT NULL DEFAULT '' COMMENT 'The language code for this data item.',
  `delta` int(10) unsigned NOT NULL COMMENT 'The sequence number for this data item, used for multi-value fields',
  `field_svg_file_target_id` int(10) unsigned NOT NULL COMMENT 'The ID of the file entity.',
  `field_svg_file_display` tinyint(3) unsigned DEFAULT 1 COMMENT 'Flag to control whether this file should be displayed when viewing content.',
  `field_svg_file_description` text DEFAULT NULL COMMENT 'A description of the file.',
  PRIMARY KEY (`entity_id`,`deleted`,`delta`,`langcode`),
  KEY `bundle` (`bundle`),
  KEY `revision_id` (`revision_id`),
  KEY `field_svg_file_target_id` (`field_svg_file_target_id`)
) ENGINE=InnoDB DEFAULT CHARSET=utf8mb4 COLLATE=utf8mb4_general_ci COMMENT='Data storage for taxonomy_term field field_svg_file.';

--
-- Dumping data for table `taxonomy_term__field_svg_file`
--

set autocommit=0;
INSERT INTO `taxonomy_term__field_svg_file` VALUES ('icons',0,11,11,'en',0,25,1,''),('icons',0,12,12,'en',0,27,1,''),('icons',0,13,13,'en',0,29,1,''),('icons',0,14,14,'en',0,32,1,'');
commit;

--
-- Table structure for table `taxonomy_term__field_symbol_id`
--

CREATE TABLE `taxonomy_term__field_symbol_id` (
  `bundle` varchar(128) CHARACTER SET ascii COLLATE ascii_general_ci NOT NULL DEFAULT '' COMMENT 'The field instance bundle to which this row belongs, used when deleting a field instance',
  `deleted` tinyint(4) NOT NULL DEFAULT 0 COMMENT 'A boolean indicating whether this data item has been deleted',
  `entity_id` int(10) unsigned NOT NULL COMMENT 'The entity id this data is attached to',
  `revision_id` int(10) unsigned NOT NULL COMMENT 'The entity revision id this data is attached to',
  `langcode` varchar(32) CHARACTER SET ascii COLLATE ascii_general_ci NOT NULL DEFAULT '' COMMENT 'The language code for this data item.',
  `delta` int(10) unsigned NOT NULL COMMENT 'The sequence number for this data item, used for multi-value fields',
  `field_symbol_id_value` varchar(255) NOT NULL,
  PRIMARY KEY (`entity_id`,`deleted`,`delta`,`langcode`),
  KEY `bundle` (`bundle`),
  KEY `revision_id` (`revision_id`)
) ENGINE=InnoDB DEFAULT CHARSET=utf8mb4 COLLATE=utf8mb4_general_ci COMMENT='Data storage for taxonomy_term field field_symbol_id.';

--
-- Dumping data for table `taxonomy_term__field_symbol_id`
--

set autocommit=0;
INSERT INTO `taxonomy_term__field_symbol_id` VALUES ('icons',0,11,11,'en',0,'pencil-edit'),('icons',0,12,12,'en',0,'trash'),('icons',0,13,13,'en',0,'icon-button'),('icons',0,14,14,'en',0,'cloud-download');
commit;

--
-- Table structure for table `taxonomy_term__parent`
--

CREATE TABLE `taxonomy_term__parent` (
  `bundle` varchar(128) CHARACTER SET ascii COLLATE ascii_general_ci NOT NULL DEFAULT '' COMMENT 'The field instance bundle to which this row belongs, used when deleting a field instance',
  `deleted` tinyint(4) NOT NULL DEFAULT 0 COMMENT 'A boolean indicating whether this data item has been deleted',
  `entity_id` int(10) unsigned NOT NULL COMMENT 'The entity id this data is attached to',
  `revision_id` int(10) unsigned NOT NULL COMMENT 'The entity revision id this data is attached to',
  `langcode` varchar(32) CHARACTER SET ascii COLLATE ascii_general_ci NOT NULL DEFAULT '' COMMENT 'The language code for this data item.',
  `delta` int(10) unsigned NOT NULL COMMENT 'The sequence number for this data item, used for multi-value fields',
  `parent_target_id` int(10) unsigned NOT NULL COMMENT 'The ID of the target entity.',
  PRIMARY KEY (`entity_id`,`deleted`,`delta`,`langcode`),
  KEY `revision_id` (`revision_id`),
  KEY `parent_target_id` (`parent_target_id`),
  KEY `bundle_delta_target_id` (`bundle`,`delta`,`parent_target_id`)
) ENGINE=InnoDB DEFAULT CHARSET=utf8mb4 COLLATE=utf8mb4_general_ci COMMENT='Data storage for taxonomy_term field parent.';

--
-- Dumping data for table `taxonomy_term__parent`
--

set autocommit=0;
INSERT INTO `taxonomy_term__parent` VALUES ('gradients',0,7,7,'en',0,0),('gradients',0,8,8,'en',0,0),('gradients',0,9,9,'en',0,0),('gradients',0,10,10,'en',0,0),('icons',0,11,11,'en',0,0),('icons',0,12,12,'en',0,0),('icons',0,13,13,'en',0,0),('icons',0,14,14,'en',0,0);
commit;

--
-- Table structure for table `taxonomy_term_data`
--

CREATE TABLE `taxonomy_term_data` (
  `tid` int(10) unsigned NOT NULL AUTO_INCREMENT,
  `revision_id` int(10) unsigned DEFAULT NULL,
  `vid` varchar(32) CHARACTER SET ascii COLLATE ascii_general_ci NOT NULL COMMENT 'The ID of the target entity.',
  `uuid` varchar(128) CHARACTER SET ascii COLLATE ascii_general_ci NOT NULL,
  `langcode` varchar(12) CHARACTER SET ascii COLLATE ascii_general_ci NOT NULL,
  PRIMARY KEY (`tid`),
  UNIQUE KEY `taxonomy_term_field__uuid__value` (`uuid`),
  UNIQUE KEY `taxonomy_term__revision_id` (`revision_id`),
  KEY `taxonomy_term_field__vid__target_id` (`vid`)
) ENGINE=InnoDB AUTO_INCREMENT=15 DEFAULT CHARSET=utf8mb4 COLLATE=utf8mb4_general_ci COMMENT='The base table for taxonomy_term entities.';

--
-- Dumping data for table `taxonomy_term_data`
--

set autocommit=0;
INSERT INTO `taxonomy_term_data` VALUES (7,7,'gradients','89f78254-c2d0-4af4-ae1e-3104b1ff04d4','en'),(8,8,'gradients','2955328e-a6b6-4b22-8229-70fc2eab940f','en'),(9,9,'gradients','afb7c8a3-6888-4f54-8d3b-f4bdf5ec850d','en'),(10,10,'gradients','11a8e6a8-0d50-4604-b796-8fbaf01e5a72','en'),(11,11,'icons','d83019c0-7b43-4f35-95ac-774e722ffacb','en'),(12,12,'icons','d25bcf85-a221-4345-a48b-37a6237a6be0','en'),(13,13,'icons','e6738583-d30e-41d8-9ca2-579e1b0cd0d1','en'),(14,14,'icons','ca53beed-a350-4b91-b5ee-ff8607d78035','en');
commit;

--
-- Table structure for table `taxonomy_term_field_data`
--

CREATE TABLE `taxonomy_term_field_data` (
  `tid` int(10) unsigned NOT NULL,
  `revision_id` int(10) unsigned NOT NULL,
  `vid` varchar(32) CHARACTER SET ascii COLLATE ascii_general_ci NOT NULL COMMENT 'The ID of the target entity.',
  `langcode` varchar(12) CHARACTER SET ascii COLLATE ascii_general_ci NOT NULL,
  `status` tinyint(4) NOT NULL,
  `name` varchar(255) NOT NULL,
  `description__value` longtext DEFAULT NULL,
  `description__format` varchar(255) CHARACTER SET ascii COLLATE ascii_general_ci DEFAULT NULL,
  `weight` int(11) NOT NULL,
  `changed` int(11) DEFAULT NULL,
  `default_langcode` tinyint(4) NOT NULL,
  `revision_translation_affected` tinyint(4) DEFAULT NULL,
  PRIMARY KEY (`tid`,`langcode`),
  KEY `taxonomy_term__id__default_langcode__langcode` (`tid`,`default_langcode`,`langcode`),
  KEY `taxonomy_term__revision_id` (`revision_id`),
  KEY `taxonomy_term_field__name` (`name`(191)),
  KEY `taxonomy_term__status_vid` (`status`,`vid`,`tid`),
  KEY `taxonomy_term__tree` (`vid`,`weight`,`name`(191)),
  KEY `taxonomy_term__vid_name` (`vid`,`name`(191))
) ENGINE=InnoDB DEFAULT CHARSET=utf8mb4 COLLATE=utf8mb4_general_ci COMMENT='The data table for taxonomy_term entities.';

--
-- Dumping data for table `taxonomy_term_field_data`
--

set autocommit=0;
INSERT INTO `taxonomy_term_field_data` VALUES (7,7,'gradients','en',1,'Pink to Purple',NULL,NULL,0,1679343951,1,1),(8,8,'gradients','en',1,'Blue to Purple',NULL,NULL,0,1679343958,1,1),(9,9,'gradients','en',1,'Green to Blue',NULL,NULL,0,1679343969,1,1),(10,10,'gradients','en',1,'Blue to Green',NULL,NULL,0,1679343977,1,1),(11,11,'icons','en',1,'Pencil Edit',NULL,NULL,0,1682536265,1,1),(12,12,'icons','en',1,'Trash',NULL,NULL,0,1682536284,1,1),(13,13,'icons','en',1,'Icon Button',NULL,NULL,0,1683035183,1,1),(14,14,'icons','en',1,'Cloud Download',NULL,NULL,0,1683657747,1,1);
commit;

--
-- Table structure for table `taxonomy_term_field_revision`
--

CREATE TABLE `taxonomy_term_field_revision` (
  `tid` int(10) unsigned NOT NULL,
  `revision_id` int(10) unsigned NOT NULL,
  `langcode` varchar(12) CHARACTER SET ascii COLLATE ascii_general_ci NOT NULL,
  `status` tinyint(4) NOT NULL,
  `name` varchar(255) DEFAULT NULL,
  `description__value` longtext DEFAULT NULL,
  `description__format` varchar(255) CHARACTER SET ascii COLLATE ascii_general_ci DEFAULT NULL,
  `changed` int(11) DEFAULT NULL,
  `default_langcode` tinyint(4) NOT NULL,
  `revision_translation_affected` tinyint(4) DEFAULT NULL,
  PRIMARY KEY (`revision_id`,`langcode`),
  KEY `taxonomy_term__id__default_langcode__langcode` (`tid`,`default_langcode`,`langcode`),
  KEY `taxonomy_term_field__description__format` (`description__format`)
) ENGINE=InnoDB DEFAULT CHARSET=utf8mb4 COLLATE=utf8mb4_general_ci COMMENT='The revision data table for taxonomy_term entities.';

--
-- Dumping data for table `taxonomy_term_field_revision`
--

set autocommit=0;
INSERT INTO `taxonomy_term_field_revision` VALUES (7,7,'en',1,'Pink to Purple',NULL,NULL,1679343951,1,1),(8,8,'en',1,'Blue to Purple',NULL,NULL,1679343958,1,1),(9,9,'en',1,'Green to Blue',NULL,NULL,1679343969,1,1),(10,10,'en',1,'Blue to Green',NULL,NULL,1679343977,1,1),(11,11,'en',1,'Pencil Edit',NULL,NULL,1682536265,1,1),(12,12,'en',1,'Trash',NULL,NULL,1682536284,1,1),(13,13,'en',1,'Icon Button',NULL,NULL,1683035183,1,1),(14,14,'en',1,'Cloud Download',NULL,NULL,1683657747,1,1);
commit;

--
-- Table structure for table `taxonomy_term_revision`
--

CREATE TABLE `taxonomy_term_revision` (
  `tid` int(10) unsigned NOT NULL,
  `revision_id` int(10) unsigned NOT NULL AUTO_INCREMENT,
  `langcode` varchar(12) CHARACTER SET ascii COLLATE ascii_general_ci NOT NULL,
  `revision_user` int(10) unsigned DEFAULT NULL COMMENT 'The ID of the target entity.',
  `revision_created` int(11) DEFAULT NULL,
  `revision_log_message` longtext DEFAULT NULL,
  `revision_default` tinyint(4) DEFAULT NULL,
  PRIMARY KEY (`revision_id`),
  KEY `taxonomy_term__tid` (`tid`),
  KEY `taxonomy_term_field__revision_user__target_id` (`revision_user`)
) ENGINE=InnoDB AUTO_INCREMENT=15 DEFAULT CHARSET=utf8mb4 COLLATE=utf8mb4_general_ci COMMENT='The revision table for taxonomy_term entities.';

--
-- Dumping data for table `taxonomy_term_revision`
--

set autocommit=0;
INSERT INTO `taxonomy_term_revision` VALUES (7,7,'en',NULL,1679343951,NULL,1),(8,8,'en',NULL,1679343958,NULL,1),(9,9,'en',NULL,1679343969,NULL,1),(10,10,'en',NULL,1679343977,NULL,1),(11,11,'en',NULL,1682536246,NULL,1),(12,12,'en',NULL,1682536278,NULL,1),(13,13,'en',NULL,1683035175,NULL,1),(14,14,'en',NULL,1683657747,NULL,1);
commit;

--
-- Table structure for table `taxonomy_term_revision__field_svg_file`
--

CREATE TABLE `taxonomy_term_revision__field_svg_file` (
  `bundle` varchar(128) CHARACTER SET ascii COLLATE ascii_general_ci NOT NULL DEFAULT '' COMMENT 'The field instance bundle to which this row belongs, used when deleting a field instance',
  `deleted` tinyint(4) NOT NULL DEFAULT 0 COMMENT 'A boolean indicating whether this data item has been deleted',
  `entity_id` int(10) unsigned NOT NULL COMMENT 'The entity id this data is attached to',
  `revision_id` int(10) unsigned NOT NULL COMMENT 'The entity revision id this data is attached to',
  `langcode` varchar(32) CHARACTER SET ascii COLLATE ascii_general_ci NOT NULL DEFAULT '' COMMENT 'The language code for this data item.',
  `delta` int(10) unsigned NOT NULL COMMENT 'The sequence number for this data item, used for multi-value fields',
  `field_svg_file_target_id` int(10) unsigned NOT NULL COMMENT 'The ID of the file entity.',
  `field_svg_file_display` tinyint(3) unsigned DEFAULT 1 COMMENT 'Flag to control whether this file should be displayed when viewing content.',
  `field_svg_file_description` text DEFAULT NULL COMMENT 'A description of the file.',
  PRIMARY KEY (`entity_id`,`revision_id`,`deleted`,`delta`,`langcode`),
  KEY `bundle` (`bundle`),
  KEY `revision_id` (`revision_id`),
  KEY `field_svg_file_target_id` (`field_svg_file_target_id`)
) ENGINE=InnoDB DEFAULT CHARSET=utf8mb4 COLLATE=utf8mb4_general_ci COMMENT='Revision archive storage for taxonomy_term field field_svg…';

--
-- Dumping data for table `taxonomy_term_revision__field_svg_file`
--

set autocommit=0;
INSERT INTO `taxonomy_term_revision__field_svg_file` VALUES ('icons',0,11,11,'en',0,25,1,''),('icons',0,12,12,'en',0,27,1,''),('icons',0,13,13,'en',0,29,1,''),('icons',0,14,14,'en',0,32,1,'');
commit;

--
-- Table structure for table `taxonomy_term_revision__field_symbol_id`
--

CREATE TABLE `taxonomy_term_revision__field_symbol_id` (
  `bundle` varchar(128) CHARACTER SET ascii COLLATE ascii_general_ci NOT NULL DEFAULT '' COMMENT 'The field instance bundle to which this row belongs, used when deleting a field instance',
  `deleted` tinyint(4) NOT NULL DEFAULT 0 COMMENT 'A boolean indicating whether this data item has been deleted',
  `entity_id` int(10) unsigned NOT NULL COMMENT 'The entity id this data is attached to',
  `revision_id` int(10) unsigned NOT NULL COMMENT 'The entity revision id this data is attached to',
  `langcode` varchar(32) CHARACTER SET ascii COLLATE ascii_general_ci NOT NULL DEFAULT '' COMMENT 'The language code for this data item.',
  `delta` int(10) unsigned NOT NULL COMMENT 'The sequence number for this data item, used for multi-value fields',
  `field_symbol_id_value` varchar(255) NOT NULL,
  PRIMARY KEY (`entity_id`,`revision_id`,`deleted`,`delta`,`langcode`),
  KEY `bundle` (`bundle`),
  KEY `revision_id` (`revision_id`)
) ENGINE=InnoDB DEFAULT CHARSET=utf8mb4 COLLATE=utf8mb4_general_ci COMMENT='Revision archive storage for taxonomy_term field field…';

--
-- Dumping data for table `taxonomy_term_revision__field_symbol_id`
--

set autocommit=0;
INSERT INTO `taxonomy_term_revision__field_symbol_id` VALUES ('icons',0,11,11,'en',0,'pencil-edit'),('icons',0,12,12,'en',0,'trash'),('icons',0,13,13,'en',0,'icon-button'),('icons',0,14,14,'en',0,'cloud-download');
commit;

--
-- Table structure for table `taxonomy_term_revision__parent`
--

CREATE TABLE `taxonomy_term_revision__parent` (
  `bundle` varchar(128) CHARACTER SET ascii COLLATE ascii_general_ci NOT NULL DEFAULT '' COMMENT 'The field instance bundle to which this row belongs, used when deleting a field instance',
  `deleted` tinyint(4) NOT NULL DEFAULT 0 COMMENT 'A boolean indicating whether this data item has been deleted',
  `entity_id` int(10) unsigned NOT NULL COMMENT 'The entity id this data is attached to',
  `revision_id` int(10) unsigned NOT NULL COMMENT 'The entity revision id this data is attached to',
  `langcode` varchar(32) CHARACTER SET ascii COLLATE ascii_general_ci NOT NULL DEFAULT '' COMMENT 'The language code for this data item.',
  `delta` int(10) unsigned NOT NULL COMMENT 'The sequence number for this data item, used for multi-value fields',
  `parent_target_id` int(10) unsigned NOT NULL COMMENT 'The ID of the target entity.',
  PRIMARY KEY (`entity_id`,`revision_id`,`deleted`,`delta`,`langcode`),
  KEY `bundle` (`bundle`),
  KEY `revision_id` (`revision_id`),
  KEY `parent_target_id` (`parent_target_id`)
) ENGINE=InnoDB DEFAULT CHARSET=utf8mb4 COLLATE=utf8mb4_general_ci COMMENT='Revision archive storage for taxonomy_term field parent.';

--
-- Dumping data for table `taxonomy_term_revision__parent`
--

set autocommit=0;
INSERT INTO `taxonomy_term_revision__parent` VALUES ('gradients',0,7,7,'en',0,0),('gradients',0,8,8,'en',0,0),('gradients',0,9,9,'en',0,0),('gradients',0,10,10,'en',0,0),('icons',0,11,11,'en',0,0),('icons',0,12,12,'en',0,0),('icons',0,13,13,'en',0,0),('icons',0,14,14,'en',0,0);
commit;

--
-- Table structure for table `user__field_company`
--

CREATE TABLE `user__field_company` (
  `bundle` varchar(128) CHARACTER SET ascii COLLATE ascii_general_ci NOT NULL DEFAULT '' COMMENT 'The field instance bundle to which this row belongs, used when deleting a field instance',
  `deleted` tinyint(4) NOT NULL DEFAULT 0 COMMENT 'A boolean indicating whether this data item has been deleted',
  `entity_id` int(10) unsigned NOT NULL COMMENT 'The entity id this data is attached to',
  `revision_id` int(10) unsigned NOT NULL COMMENT 'The entity revision id this data is attached to, which for an unversioned entity type is the same as the entity id',
  `langcode` varchar(32) CHARACTER SET ascii COLLATE ascii_general_ci NOT NULL DEFAULT '' COMMENT 'The language code for this data item.',
  `delta` int(10) unsigned NOT NULL COMMENT 'The sequence number for this data item, used for multi-value fields',
  `field_company_target_id` int(10) unsigned NOT NULL COMMENT 'The ID of the target entity.',
  PRIMARY KEY (`entity_id`,`deleted`,`delta`,`langcode`),
  KEY `bundle` (`bundle`),
  KEY `revision_id` (`revision_id`),
  KEY `field_company_target_id` (`field_company_target_id`)
) ENGINE=InnoDB DEFAULT CHARSET=utf8mb4 COLLATE=utf8mb4_general_ci COMMENT='Data storage for user field field_company.';

--
-- Dumping data for table `user__field_company`
--

set autocommit=0;
commit;

--
-- Table structure for table `user__field_darkmode`
--

CREATE TABLE `user__field_darkmode` (
  `bundle` varchar(128) CHARACTER SET ascii COLLATE ascii_general_ci NOT NULL DEFAULT '' COMMENT 'The field instance bundle to which this row belongs, used when deleting a field instance',
  `deleted` tinyint(4) NOT NULL DEFAULT 0 COMMENT 'A boolean indicating whether this data item has been deleted',
  `entity_id` int(10) unsigned NOT NULL COMMENT 'The entity id this data is attached to',
  `revision_id` int(10) unsigned NOT NULL COMMENT 'The entity revision id this data is attached to, which for an unversioned entity type is the same as the entity id',
  `langcode` varchar(32) CHARACTER SET ascii COLLATE ascii_general_ci NOT NULL DEFAULT '' COMMENT 'The language code for this data item.',
  `delta` int(10) unsigned NOT NULL COMMENT 'The sequence number for this data item, used for multi-value fields',
  `field_darkmode_value` tinyint(4) NOT NULL,
  PRIMARY KEY (`entity_id`,`deleted`,`delta`,`langcode`),
  KEY `bundle` (`bundle`),
  KEY `revision_id` (`revision_id`)
) ENGINE=InnoDB DEFAULT CHARSET=utf8mb4 COLLATE=utf8mb4_general_ci COMMENT='Data storage for user field field_darkmode.';

--
-- Dumping data for table `user__field_darkmode`
--

set autocommit=0;
INSERT INTO `user__field_darkmode` VALUES ('user',0,1,1,'en',0,1),('user',0,4,4,'en',0,0),('user',0,28,28,'en',0,0),('user',0,35,35,'en',0,0);
commit;

--
-- Table structure for table `user__field_first_name`
--

CREATE TABLE `user__field_first_name` (
  `bundle` varchar(128) CHARACTER SET ascii COLLATE ascii_general_ci NOT NULL DEFAULT '' COMMENT 'The field instance bundle to which this row belongs, used when deleting a field instance',
  `deleted` tinyint(4) NOT NULL DEFAULT 0 COMMENT 'A boolean indicating whether this data item has been deleted',
  `entity_id` int(10) unsigned NOT NULL COMMENT 'The entity id this data is attached to',
  `revision_id` int(10) unsigned NOT NULL COMMENT 'The entity revision id this data is attached to, which for an unversioned entity type is the same as the entity id',
  `langcode` varchar(32) CHARACTER SET ascii COLLATE ascii_general_ci NOT NULL DEFAULT '' COMMENT 'The language code for this data item.',
  `delta` int(10) unsigned NOT NULL COMMENT 'The sequence number for this data item, used for multi-value fields',
  `field_first_name_value` varchar(255) NOT NULL,
  PRIMARY KEY (`entity_id`,`deleted`,`delta`,`langcode`),
  KEY `bundle` (`bundle`),
  KEY `revision_id` (`revision_id`)
) ENGINE=InnoDB DEFAULT CHARSET=utf8mb4 COLLATE=utf8mb4_general_ci COMMENT='Data storage for user field field_first_name.';

--
-- Dumping data for table `user__field_first_name`
--

set autocommit=0;
INSERT INTO `user__field_first_name` VALUES ('user',0,1,1,'en',0,'Cameron'),('user',0,3,3,'en',0,'Brad'),('user',0,4,4,'en',0,'Groves'),('user',0,5,5,'en',0,'Kell'),('user',0,6,6,'en',0,'Penguin'),('user',0,9,9,'en',0,'Testerosa'),('user',0,16,16,'en',0,'Intruder'),('user',0,17,17,'en',0,'Morgan'),('user',0,18,18,'en',0,'Standard'),('user',0,20,20,'en',0,'Chris'),('user',0,22,22,'en',0,'Morgan'),('user',0,24,24,'en',0,'Morgan'),('user',0,25,25,'en',0,'Notta'),('user',0,26,26,'en',0,'Faux'),('user',0,27,27,'en',0,'Morgan'),('user',0,28,28,'en',0,'Morgan'),('user',0,29,29,'en',0,'Member1'),('user',0,30,30,'en',0,'Member2'),('user',0,31,31,'en',0,'Member3'),('user',0,32,32,'en',0,'Joe'),('user',0,33,33,'en',0,'Morgan'),('user',0,34,34,'en',0,'Brad'),('user',0,35,35,'en',0,'Dmitry');
commit;

--
-- Table structure for table `user__field_last_name`
--

CREATE TABLE `user__field_last_name` (
  `bundle` varchar(128) CHARACTER SET ascii COLLATE ascii_general_ci NOT NULL DEFAULT '' COMMENT 'The field instance bundle to which this row belongs, used when deleting a field instance',
  `deleted` tinyint(4) NOT NULL DEFAULT 0 COMMENT 'A boolean indicating whether this data item has been deleted',
  `entity_id` int(10) unsigned NOT NULL COMMENT 'The entity id this data is attached to',
  `revision_id` int(10) unsigned NOT NULL COMMENT 'The entity revision id this data is attached to, which for an unversioned entity type is the same as the entity id',
  `langcode` varchar(32) CHARACTER SET ascii COLLATE ascii_general_ci NOT NULL DEFAULT '' COMMENT 'The language code for this data item.',
  `delta` int(10) unsigned NOT NULL COMMENT 'The sequence number for this data item, used for multi-value fields',
  `field_last_name_value` varchar(255) NOT NULL,
  PRIMARY KEY (`entity_id`,`deleted`,`delta`,`langcode`),
  KEY `bundle` (`bundle`),
  KEY `revision_id` (`revision_id`)
) ENGINE=InnoDB DEFAULT CHARSET=utf8mb4 COLLATE=utf8mb4_general_ci COMMENT='Data storage for user field field_last_name.';

--
-- Dumping data for table `user__field_last_name`
--

set autocommit=0;
INSERT INTO `user__field_last_name` VALUES ('user',0,1,1,'en',0,'Young'),('user',0,3,3,'en',0,'Winsor'),('user',0,4,4,'en',0,'Powers'),('user',0,5,5,'en',0,'McNaughton'),('user',0,6,6,'en',0,'Tregonian'),('user',0,9,9,'en',0,'Testing'),('user',0,16,16,'en',0,'Service Account'),('user',0,17,17,'en',0,'Rollins'),('user',0,18,18,'en',0,'User'),('user',0,20,20,'en',0,'Demo'),('user',0,22,22,'en',0,'Rollins'),('user',0,24,24,'en',0,'member2'),('user',0,25,25,'en',0,'Parsons'),('user',0,26,26,'en',0,'Parsons'),('user',0,27,27,'en',0,'member'),('user',0,28,28,'en',0,'drupalMember'),('user',0,29,29,'en',0,'OutOf3'),('user',0,30,30,'en',0,'OutOF3'),('user',0,31,31,'en',0,'OutOf3'),('user',0,32,32,'en',0,'momma'),('user',0,33,33,'en',0,'InviteUser'),('user',0,34,34,'en',0,'Winsor'),('user',0,35,35,'en',0,'Berezin');
commit;

--
-- Table structure for table `user__field_override_product_access`
--

CREATE TABLE `user__field_override_product_access` (
  `bundle` varchar(128) CHARACTER SET ascii COLLATE ascii_general_ci NOT NULL DEFAULT '' COMMENT 'The field instance bundle to which this row belongs, used when deleting a field instance',
  `deleted` tinyint(4) NOT NULL DEFAULT 0 COMMENT 'A boolean indicating whether this data item has been deleted',
  `entity_id` int(10) unsigned NOT NULL COMMENT 'The entity id this data is attached to',
  `revision_id` int(10) unsigned NOT NULL COMMENT 'The entity revision id this data is attached to, which for an unversioned entity type is the same as the entity id',
  `langcode` varchar(32) CHARACTER SET ascii COLLATE ascii_general_ci NOT NULL DEFAULT '' COMMENT 'The language code for this data item.',
  `delta` int(10) unsigned NOT NULL COMMENT 'The sequence number for this data item, used for multi-value fields',
  `field_override_product_access_value` tinyint(4) NOT NULL,
  PRIMARY KEY (`entity_id`,`deleted`,`delta`,`langcode`),
  KEY `bundle` (`bundle`),
  KEY `revision_id` (`revision_id`)
) ENGINE=InnoDB DEFAULT CHARSET=utf8mb4 COLLATE=utf8mb4_general_ci COMMENT='Data storage for user field field_override_product_access.';

--
-- Dumping data for table `user__field_override_product_access`
--

set autocommit=0;
INSERT INTO `user__field_override_product_access` VALUES ('user',0,1,1,'en',0,1),('user',0,3,3,'en',0,0),('user',0,4,4,'en',0,1),('user',0,5,5,'en',0,1),('user',0,6,6,'en',0,0),('user',0,9,9,'en',0,0),('user',0,10,10,'en',0,0),('user',0,11,11,'en',0,0),('user',0,12,12,'en',0,0),('user',0,13,13,'en',0,0),('user',0,14,14,'en',0,0),('user',0,15,15,'en',0,0),('user',0,16,16,'en',0,0),('user',0,17,17,'en',0,1),('user',0,18,18,'en',0,0),('user',0,20,20,'en',0,1),('user',0,22,22,'en',0,0),('user',0,24,24,'en',0,0),('user',0,25,25,'en',0,0),('user',0,26,26,'en',0,0),('user',0,27,27,'en',0,0),('user',0,28,28,'en',0,0),('user',0,29,29,'en',0,0),('user',0,30,30,'en',0,0),('user',0,31,31,'en',0,0),('user',0,32,32,'en',0,0),('user',0,33,33,'en',0,0),('user',0,34,34,'en',0,0),('user',0,35,35,'en',0,0);
commit;

--
-- Table structure for table `user__field_phone_number`
--

CREATE TABLE `user__field_phone_number` (
  `bundle` varchar(128) CHARACTER SET ascii COLLATE ascii_general_ci NOT NULL DEFAULT '' COMMENT 'The field instance bundle to which this row belongs, used when deleting a field instance',
  `deleted` tinyint(4) NOT NULL DEFAULT 0 COMMENT 'A boolean indicating whether this data item has been deleted',
  `entity_id` int(10) unsigned NOT NULL COMMENT 'The entity id this data is attached to',
  `revision_id` int(10) unsigned NOT NULL COMMENT 'The entity revision id this data is attached to, which for an unversioned entity type is the same as the entity id',
  `langcode` varchar(32) CHARACTER SET ascii COLLATE ascii_general_ci NOT NULL DEFAULT '' COMMENT 'The language code for this data item.',
  `delta` int(10) unsigned NOT NULL COMMENT 'The sequence number for this data item, used for multi-value fields',
  `field_phone_number_value` varchar(256) NOT NULL,
  PRIMARY KEY (`entity_id`,`deleted`,`delta`,`langcode`),
  KEY `bundle` (`bundle`),
  KEY `revision_id` (`revision_id`)
) ENGINE=InnoDB DEFAULT CHARSET=utf8mb4 COLLATE=utf8mb4_general_ci COMMENT='Data storage for user field field_phone_number.';

--
-- Dumping data for table `user__field_phone_number`
--

set autocommit=0;
INSERT INTO `user__field_phone_number` VALUES ('user',0,4,4,'en',0,'(205) 749-9979'),('user',0,9,9,'en',0,'7575551212'),('user',0,35,35,'en',0,'!!#1234');
commit;

--
-- Table structure for table `user__field_products`
--

CREATE TABLE `user__field_products` (
  `bundle` varchar(128) CHARACTER SET ascii COLLATE ascii_general_ci NOT NULL DEFAULT '' COMMENT 'The field instance bundle to which this row belongs, used when deleting a field instance',
  `deleted` tinyint(4) NOT NULL DEFAULT 0 COMMENT 'A boolean indicating whether this data item has been deleted',
  `entity_id` int(10) unsigned NOT NULL COMMENT 'The entity id this data is attached to',
  `revision_id` int(10) unsigned NOT NULL COMMENT 'The entity revision id this data is attached to, which for an unversioned entity type is the same as the entity id',
  `langcode` varchar(32) CHARACTER SET ascii COLLATE ascii_general_ci NOT NULL DEFAULT '' COMMENT 'The language code for this data item.',
  `delta` int(10) unsigned NOT NULL COMMENT 'The sequence number for this data item, used for multi-value fields',
  `field_products_target_id` int(10) unsigned NOT NULL COMMENT 'The ID of the target entity.',
  PRIMARY KEY (`entity_id`,`deleted`,`delta`,`langcode`),
  KEY `bundle` (`bundle`),
  KEY `revision_id` (`revision_id`),
  KEY `field_products_target_id` (`field_products_target_id`)
) ENGINE=InnoDB DEFAULT CHARSET=utf8mb4 COLLATE=utf8mb4_general_ci COMMENT='Data storage for user field field_products.';

--
-- Dumping data for table `user__field_products`
--

set autocommit=0;
INSERT INTO `user__field_products` VALUES ('user',0,1,1,'en',0,12),('user',0,1,1,'en',1,9),('user',0,1,1,'en',2,14),('user',0,4,4,'en',0,10),('user',0,5,5,'en',0,12),('user',0,5,5,'en',1,11),('user',0,5,5,'en',2,10),('user',0,5,5,'en',3,9),('user',0,5,5,'en',4,14),('user',0,5,5,'en',5,13),('user',0,17,17,'en',0,12),('user',0,17,17,'en',1,11),('user',0,17,17,'en',2,14),('user',0,17,17,'en',3,10),('user',0,20,20,'en',0,10),('user',0,20,20,'en',1,11);
commit;

--
-- Table structure for table `user__roles`
--

CREATE TABLE `user__roles` (
  `bundle` varchar(128) CHARACTER SET ascii COLLATE ascii_general_ci NOT NULL DEFAULT '' COMMENT 'The field instance bundle to which this row belongs, used when deleting a field instance',
  `deleted` tinyint(4) NOT NULL DEFAULT 0 COMMENT 'A boolean indicating whether this data item has been deleted',
  `entity_id` int(10) unsigned NOT NULL COMMENT 'The entity id this data is attached to',
  `revision_id` int(10) unsigned NOT NULL COMMENT 'The entity revision id this data is attached to, which for an unversioned entity type is the same as the entity id',
  `langcode` varchar(32) CHARACTER SET ascii COLLATE ascii_general_ci NOT NULL DEFAULT '' COMMENT 'The language code for this data item.',
  `delta` int(10) unsigned NOT NULL COMMENT 'The sequence number for this data item, used for multi-value fields',
  `roles_target_id` varchar(255) CHARACTER SET ascii COLLATE ascii_general_ci NOT NULL COMMENT 'The ID of the target entity.',
  PRIMARY KEY (`entity_id`,`deleted`,`delta`,`langcode`),
  KEY `bundle` (`bundle`),
  KEY `revision_id` (`revision_id`),
  KEY `roles_target_id` (`roles_target_id`)
) ENGINE=InnoDB DEFAULT CHARSET=utf8mb4 COLLATE=utf8mb4_general_ci COMMENT='Data storage for user field roles.';

--
-- Dumping data for table `user__roles`
--

set autocommit=0;
INSERT INTO `user__roles` VALUES ('user',0,1,1,'en',0,'administrator'),('user',0,2,2,'en',0,'administrator'),('user',0,3,3,'en',0,'administrator'),('user',0,5,5,'en',0,'administrator'),('user',0,7,7,'en',0,'administrator'),('user',0,8,8,'en',0,'content_editor'),('user',0,8,8,'en',1,'administrator'),('user',0,17,17,'en',0,'administrator'),('user',0,18,18,'en',0,'administrator'),('user',0,22,22,'en',0,'compliance_champion'),('user',0,24,24,'en',0,'group_admin'),('user',0,25,25,'en',0,'compliance_champion'),('user',0,26,26,'en',0,'group_admin'),('user',0,34,34,'en',0,'content_editor'),('user',0,34,34,'en',1,'administrator'),('user',0,35,35,'en',0,'administrator');
commit;

--
-- Table structure for table `user__user_picture`
--

CREATE TABLE `user__user_picture` (
  `bundle` varchar(128) CHARACTER SET ascii COLLATE ascii_general_ci NOT NULL DEFAULT '' COMMENT 'The field instance bundle to which this row belongs, used when deleting a field instance',
  `deleted` tinyint(4) NOT NULL DEFAULT 0 COMMENT 'A boolean indicating whether this data item has been deleted',
  `entity_id` int(10) unsigned NOT NULL COMMENT 'The entity id this data is attached to',
  `revision_id` int(10) unsigned NOT NULL COMMENT 'The entity revision id this data is attached to, which for an unversioned entity type is the same as the entity id',
  `langcode` varchar(32) CHARACTER SET ascii COLLATE ascii_general_ci NOT NULL DEFAULT '' COMMENT 'The language code for this data item.',
  `delta` int(10) unsigned NOT NULL COMMENT 'The sequence number for this data item, used for multi-value fields',
  `user_picture_target_id` int(10) unsigned NOT NULL COMMENT 'The ID of the file entity.',
  `user_picture_alt` varchar(512) DEFAULT NULL COMMENT 'Alternative image text, for the image''s ''alt'' attribute.',
  `user_picture_title` varchar(1024) DEFAULT NULL COMMENT 'Image title text, for the image''s ''title'' attribute.',
  `user_picture_width` int(10) unsigned DEFAULT NULL COMMENT 'The width of the image in pixels.',
  `user_picture_height` int(10) unsigned DEFAULT NULL COMMENT 'The height of the image in pixels.',
  PRIMARY KEY (`entity_id`,`deleted`,`delta`,`langcode`),
  KEY `bundle` (`bundle`),
  KEY `revision_id` (`revision_id`),
  KEY `user_picture_target_id` (`user_picture_target_id`)
) ENGINE=InnoDB DEFAULT CHARSET=utf8mb4 COLLATE=utf8mb4_general_ci COMMENT='Data storage for user field user_picture.';

--
-- Dumping data for table `user__user_picture`
--

set autocommit=0;
INSERT INTO `user__user_picture` VALUES ('user',0,4,4,'en',0,3,'','',512,512),('user',0,18,18,'en',0,16,'','',612,612);
commit;

--
-- Table structure for table `users`
--

CREATE TABLE `users` (
  `uid` int(10) unsigned NOT NULL AUTO_INCREMENT,
  `uuid` varchar(128) CHARACTER SET ascii COLLATE ascii_general_ci NOT NULL,
  `langcode` varchar(12) CHARACTER SET ascii COLLATE ascii_general_ci NOT NULL,
  PRIMARY KEY (`uid`),
  UNIQUE KEY `user_field__uuid__value` (`uuid`)
) ENGINE=InnoDB AUTO_INCREMENT=36 DEFAULT CHARSET=utf8mb4 COLLATE=utf8mb4_general_ci COMMENT='The base table for user entities.';

--
-- Dumping data for table `users`
--

set autocommit=0;
INSERT INTO `users` VALUES (0,'3f7598ff-8697-43c0-8e84-728d6ce28aad','en'),(1,'fbf02bb1-8140-4bbb-928f-f9fc2fe78091','en'),(2,'61f5932b-95d5-46f8-b88f-e8c0ab0dddde','en'),(3,'91ea3b89-bab0-4d16-8108-ca3a6df7983b','en'),(4,'356d6775-e4f9-4356-b009-df65e8e443c6','en'),(5,'79b7e7e4-71e2-46a2-956e-b64ce49f2073','en'),(6,'40fb2d14-8d7a-4587-924c-e5b14cb58a11','en'),(7,'ef0c1b8b-79c9-4ff9-b7b3-65c6dc05c927','en'),(8,'144ce1f9-ab6e-4aca-ab84-ebd7a2f560d4','en'),(9,'f628b60c-da5d-4ce8-ba90-92b1dd1d67e8','en'),(10,'c86a103f-8a35-45ff-a3c5-a7d76795bb9f','en'),(11,'502876e5-479d-4b65-9297-12e175db65f3','en'),(12,'fc700249-de38-4e07-aed8-285cdb907cca','en'),(13,'f449e985-17af-4e84-a259-ed3e5c59b5bd','en'),(14,'77d36f37-a35c-4218-9408-d2d954520a38','en'),(15,'c74dc282-769c-4818-af81-e30d70303c8b','en'),(16,'1dde15fd-9848-4760-af8d-aaf640ae4f86','en'),(17,'40313132-2265-4a20-96d8-260f063dbcce','en'),(18,'08142eff-2a58-40e9-a779-e7bccce08579','en'),(20,'8c9bf277-7ebc-4ef9-a5c4-fe83f8f66d5b','en'),(22,'9e33422e-3d4a-4d63-b700-45f53c646c28','en'),(24,'4dec4204-d583-4245-a876-1a954c3d258c','en'),(25,'68e911c6-5fca-4926-9406-89402ed9cf82','en'),(26,'3a62ea2b-3260-4e26-9995-0ff29613047c','en'),(27,'e310af03-0ed0-42f4-aaf3-e7cb4739ad8e','en'),(28,'e95133a7-79ba-4462-b519-283208a9ed72','en'),(29,'9eb3e04a-34d9-419a-a4bb-ae95d6be0709','en'),(30,'f315f763-8532-470e-98b7-ccf3a293f52c','en'),(31,'552aa0c0-4327-4676-b242-e1a28f4a45b7','en'),(32,'fff159e8-d71f-4ba8-afd9-21ea83be8fff','en'),(33,'9ac6655a-89cb-4a77-8040-bc98655a28ad','en'),(34,'88217126-d7df-4ebb-a4ed-dfb937eef362','en'),(35,'23555684-4d15-4024-81b6-b1084c7cc5a0','en');
commit;

--
-- Table structure for table `users_data`
--

CREATE TABLE `users_data` (
  `uid` int(10) unsigned NOT NULL DEFAULT 0 COMMENT 'The "users".uid this record affects.',
  `module` varchar(50) CHARACTER SET ascii COLLATE ascii_general_ci NOT NULL DEFAULT '' COMMENT 'The name of the module declaring the variable.',
  `name` varchar(128) CHARACTER SET ascii COLLATE ascii_general_ci NOT NULL DEFAULT '' COMMENT 'The identifier of the data.',
  `value` longblob DEFAULT NULL COMMENT 'The value.',
  `serialized` tinyint(3) unsigned DEFAULT 0 COMMENT 'Whether value is serialized.',
  PRIMARY KEY (`uid`,`module`,`name`),
  KEY `module` (`module`),
  KEY `name` (`name`)
) ENGINE=InnoDB DEFAULT CHARSET=utf8mb4 COLLATE=utf8mb4_general_ci COMMENT='Stores module data as key/value pairs per user.';

--
-- Dumping data for table `users_data`
--

set autocommit=0;
INSERT INTO `users_data` VALUES (1,'contact','enabled','1',0),(2,'contact','enabled','1',0),(3,'contact','enabled','1',0),(4,'contact','enabled','1',0),(5,'contact','enabled','1',0),(6,'contact','enabled','1',0),(7,'contact','enabled','1',0),(8,'contact','enabled','1',0),(9,'contact','enabled','1',0),(10,'contact','enabled','1',0),(11,'contact','enabled','1',0),(12,'contact','enabled','1',0),(13,'contact','enabled','1',0),(14,'contact','enabled','1',0),(15,'contact','enabled','1',0),(16,'contact','enabled','1',0),(17,'contact','enabled','1',0),(18,'contact','enabled','0',0),(20,'contact','enabled','0',0),(22,'contact','enabled','0',0),(24,'contact','enabled','0',0),(25,'contact','enabled','0',0),(26,'contact','enabled','0',0),(28,'contact','enabled','0',0),(33,'contact','enabled','0',0),(34,'contact','enabled','0',0),(34,'openid_connect','oidc_name','bradw@sync-stream.com',0),(35,'contact','enabled','0',0);
commit;

--
-- Table structure for table `users_field_data`
--

CREATE TABLE `users_field_data` (
  `uid` int(10) unsigned NOT NULL,
  `langcode` varchar(12) CHARACTER SET ascii COLLATE ascii_general_ci NOT NULL,
  `preferred_langcode` varchar(12) CHARACTER SET ascii COLLATE ascii_general_ci DEFAULT NULL,
  `preferred_admin_langcode` varchar(12) CHARACTER SET ascii COLLATE ascii_general_ci DEFAULT NULL,
  `name` varchar(60) NOT NULL,
  `pass` varchar(255) DEFAULT NULL,
  `mail` varchar(254) DEFAULT NULL,
  `timezone` varchar(32) DEFAULT NULL,
  `status` tinyint(4) DEFAULT NULL,
  `created` int(11) NOT NULL,
  `changed` int(11) DEFAULT NULL,
  `access` int(11) NOT NULL,
  `login` int(11) DEFAULT NULL,
  `init` varchar(254) DEFAULT NULL,
  `default_langcode` tinyint(4) NOT NULL,
  PRIMARY KEY (`uid`,`langcode`),
  UNIQUE KEY `user__name` (`name`,`langcode`),
  KEY `user__id__default_langcode__langcode` (`uid`,`default_langcode`,`langcode`),
  KEY `user_field__mail` (`mail`(191)),
  KEY `user_field__created` (`created`),
  KEY `user_field__access` (`access`)
) ENGINE=InnoDB DEFAULT CHARSET=utf8mb4 COLLATE=utf8mb4_general_ci COMMENT='The data table for user entities.';

--
-- Dumping data for table `users_field_data`
--

set autocommit=0;
INSERT INTO `users_field_data` VALUES (0,'en','en',NULL,'',NULL,NULL,'America/New_York',0,1676998780,1676998780,0,0,NULL,1),(1,'en','en',NULL,'camyoung','$2y$10$flvMS.7zXnbREX0tNCiB7.qZq1061.XLIRCJnK2g4t6LZ1ZkPfOiK','cam@unemploymenttracker.com','America/New_York',1,1676998780,1684245890,1685627446,1685563099,'cam@unemploymenttracker.com',1),(2,'en','en','en','wrollins','$S$El2vUD9jvKJG8YV1AA9o/XAeCzEwnnZhEondbs5eVMWpoSG8spzZ','wrollins@oncentive.com','',1,1676998925,1676998925,0,0,'wrollins@oncentive.com',1),(3,'en','en','en','bradw','$S$Eu9BqqOQS6UW7Tn3sP/br7NRBcQ3UjtahiK3v51hbWPYDBhlKPln','bradw+2@sync-stream.com','America/New_York',1,1676998985,1681752347,1683201848,1682433162,'bradw@sync-stream.com',1),(4,'en','en','en','groves@trak-services.com','$2y$10$3CkG1NnfzP5YgRhLi8ervO1Qu6E08pvsFR6FeFj4X9JvBfZchZfB2','groves@trak-services.com','America/Chicago',1,1677090794,1684620163,1684620150,1684620150,'groves@trak-services.com',1),(5,'en','en','en','kell','$2y$10$o5Q8Ke4SMOLLwMLqw9Ldb.ah7vI6K5CaqsDSP6GrpBMbXCGSNIPhG','kelly@trak-services.com','America/Chicago',1,1677520989,1684156510,1685632649,1685632649,'kelly@trak-services.com',1),(6,'en','en','en','tim','$S$ETwjJ6mMJCTbnnr9pMbfJi5HqPLOkgBtqf33CuttI0ZwQK3g7lVu','tim@trak-services.com','America/New_York',1,1678124627,1680040026,1680097819,1680040009,'tim@trak-services.com',1),(7,'en','en','en','ERCTest','$S$E6SGt7Hha5DNK6Os669jskF1Tjn7v50kEzNv7YwuhBXy/D82aGWG','ivan+test1@trak-services.com','America/New_York',1,1678803222,1679082365,1679082406,1679082406,'ivan+test1@trak-services.com',1),(8,'en','en','en','ERC2','$S$EF/GtckEZz5eV3vxIgcOQFdZhMQvJxDCX6sW/HgtJFgo6ZXXnQyZ','bradw+1@sync-stream.com','America/New_York',1,1679079951,1679079951,1679082310,1679082117,'bradw+1@sync-stream.com',1),(9,'en','en','en','testing_testerosa','$S$EMcHa1uOW40UivKNi/ap8NTsazuq1ZBsmivkD/VonFxGRgLrRs9Z','testing@testerosa.com','America/New_York',1,1679342577,1679936609,1680039625,1679953383,'testing@testerosa.com',1),(10,'en','en','en','group_test_1','$S$E7GeGwCnljhp5Z9T/DDNiEn2u8w4qgVensq9MN0KLJeOBheTZtou','test@test.test','America/New_York',1,1679490302,1679490302,0,0,'test@test.test',1),(11,'en','en','en','group_test_2','$S$E9iHcYSh9jPBKbcEBM2GjBjBBlLJPkv4gYJllcf44NtXxn2O09Xp','test1@test.test','America/New_York',1,1679490375,1679490375,0,0,'test1@test.test',1),(12,'en','en','en','group_test_3','$S$ETghjNofcvF7pCJx6lhzN1tbjEKwx5/4fAWsdtSibZTIrW2zdieX','test2@test.test','America/New_York',1,1679490602,1679490602,0,0,'test2@test.test',1),(13,'en','en','en','group_admin_test_1','$S$E4/3tUGD3HrWb5TCdDN4x90ul3tokicagE3zve8CrA4mecEgM8GF','test3@test.test','America/New_York',1,1679491016,1679491016,1680268076,1680267859,'test3@test.test',1),(14,'en','en','en','group_admin_test_2','$S$EoDAw2ZEPtS8EmcHTuiM13m3qiJiBsMdLvHAPoja0AN9U/5aYJTc','test4@test.test','America/New_York',1,1679491044,1679491044,0,0,'test4@test.test',1),(15,'en','en','en','group_admin_test_3','$S$EbinOPwhhUSH/fcrUfG0Xk1x2YmnLyD5DNNiD.3VQsERTzwFDJYH','test5@test.test','America/New_York',1,1679491067,1679491067,0,0,'test5@test.test',1),(16,'en','en','en','intruder.io','$S$EZr2U4sFv9iPCUzWsc3bBwwanD0GVflisfd94mbkE3YNlvJhqoNR','groves+intruder@trak-services.com','America/Chicago',1,1679543220,1679543306,1679544680,1679544680,'groves+intruder@gmail.com',1),(17,'en','en','en','morgan','$2y$10$hc9bx1MamSo5OP9KBWfBoOLXA4.GVmSYjrvBJRlqYysPohqg9sDuq','mrollins@oncentive.com','America/New_York',1,1679672860,1683826208,1685474385,1685474385,'mrollins@oncentive.com',1),(18,'en','en','en','StandardUser','$S$EtlzRljpMwMwhHIo2gCSyEbfA5d6ArHh8MLfoq9kXCzvT96TX8Y.','noemail@donotuse.com','America/New_York',1,1679673383,1682006842,1682006825,1682006825,'noemail@donotuse.com',1),(20,'en','en','en','ChrisDemo','$2y$10$syda2Bf4u6Dl4bLAzALQE.fmWD9Iwou8wGCpoEYOXm0PDbe7eYC.W','groves+1@trak-services.com','America/New_York',1,1680192513,1683665058,1684959291,1684887635,'groves+1@trak-services.com',1),(22,'en','en','en','marollins','$2y$10$YalWU7AWQAj0hAx1aV7vPexNXu754.l0N.RFG8qxP5.0y2SSe67mC','marollins@mac.com','America/New_York',1,1680283435,1684232000,1684839295,1684839295,'marollins@mac.com',1),(24,'en','en','en','morganTest2','$2y$10$CD2hzsLK9JtJIbjiBUppz.QvBSsKSphYeFVty47bQ5cINd7jVf3Y6','marollins@icloud.com','America/New_York',1,1680290117,1683816854,1685619004,1684840574,'marollins@icloud.com',1),(25,'en','en','en','test23432','$S$Ec24FkGeVO88oF5MITBgbU4cvAc2blQbbl.PwN0RwiTVXu7N3biy','test23432@test.test','America/New_York',1,1680291639,1680291639,1680291755,1680291755,'test23432@test.test',1),(26,'en','en','en','asdfsdafasdfsadfioif','$S$Ev35QgQOy/vzCammbciSeEIgKu8/Dn8asJzphAfnTEwKaqFbPGk0','asdfsdafasdfsadfioif@test.test','America/New_York',1,1680291847,1680291972,1680291933,1680291933,'asdfsdafasdfsadfioif@test.test',1),(27,'en','en','en','morgan.a.rollins','$S$E2lxfRGYXpRAQVTwsBenl8/8M5wPZAd54nLLoLyvYbFhAfwH.atN','morgan.a.rollins@gmail.com','America/New_York',1,1680536567,1680536673,1680540968,1680540796,'morgan.a.rollins@gmail.com',1),(28,'en','en','en','MorganExistDrupalMember','$2y$10$Z28u72FRD5i3WLGYtPUGh.I7c4YdtqHzMvTYucVNnagDfCKfRCBwq','mrollins+@oncentive.com','America/New_York',1,1680537607,1684412442,1684486031,1684486031,'mrollins+@oncentive.com',1),(29,'en','en','en','marollins_1','$S$EPrY/TZd33OcbXCV2J98zjZiYhAdVMNY4kXmpFPkAoq5WdmwQLqJ','marollins+@mac.com','America/New_York',1,1680541696,1680541712,1680541706,1680541706,'marollins+@mac.com',1),(30,'en','en','en','morgan.a.rollins_1','$S$Ec3ECI/JFl3KdriLNYtv7GeCasrMbI8GlUhYfBxcIno3cL/yfTPC','morgan.a.rollins+@gmail.com','America/New_York',1,1680541829,1680541892,1680541847,1680541847,'morgan.a.rollins+@gmail.com',1),(31,'en','en','en','morganarollins','$S$ETrYA/dPz07f1V//QFB8nLvwg8.BSSwp8koQr3N9nFPfrmjaEgwj','morganarollins@gmail.com','America/New_York',1,1680541971,1680541989,1680541983,1680541983,'morganarollins@gmail.com',1),(32,'en','en','en','t.r.e.g.o.n.i.a.n','$S$EAteDsKE48W8yK1lGaxKRpAANsMQDi9bnbaO4HqI5XSjAy0Ug1RC','t.r.e.g.o.n.i.a.n+@gmail.com','America/New_York',1,1680543079,1680543079,1680552379,1680543091,'t.r.e.g.o.n.i.a.n+@gmail.com',1),(33,'en','en','en','InvitedExistingUser','$S$EWxC7wiehfLdzPrZVFbpPhLvP79S3rG32JbOcKCUTC3jck1qdNmH','m.a.r.o.l.l.i.n.s@mac.com','America/New_York',1,1680556455,1680556455,1680556600,1680556600,'m.a.r.o.l.l.i.n.s@mac.com',1),(34,'en','en',NULL,'bradw@sync-stream.com',NULL,'bradw@sync-stream.com','America/New_York',1,1681752464,1681752527,1681761201,1681761201,'bradw@sync-stream.com',1),(35,'en','en','en','dmitry.berezin','$2y$10$po13y9R7Ll6OsnG5eGrbXOcrM6FIMUlOxRRG3tH6UHLbmYMRUkRwu','dmitry.berezin@trak-services.com','America/New_York',1,1683743620,1684487299,1684840491,1684840491,'dmitry.berezin@trak-services.com',1);
commit;

--
-- Table structure for table `watchdog`
--

CREATE TABLE `watchdog` (
  `wid` bigint(20) NOT NULL AUTO_INCREMENT COMMENT 'Primary Key: Unique watchdog event ID.',
  `uid` int(10) unsigned NOT NULL DEFAULT 0 COMMENT 'The "users".uid of the user who triggered the event.',
  `type` varchar(64) CHARACTER SET ascii COLLATE ascii_general_ci NOT NULL DEFAULT '' COMMENT 'Type of log message, for example "user" or "page not found."',
  `message` longtext NOT NULL COMMENT 'Text of log message to be passed into the t() function.',
  `variables` longblob NOT NULL COMMENT 'Serialized array of variables that match the message string and that is passed into the t() function.',
  `severity` tinyint(3) unsigned NOT NULL DEFAULT 0 COMMENT 'The severity level of the event. ranges from 0 (Emergency) to 7 (Debug)',
  `link` text DEFAULT NULL COMMENT 'Link to view the result of the event.',
  `location` text NOT NULL COMMENT 'URL of the origin of the event.',
  `referer` text DEFAULT NULL COMMENT 'URL of referring page.',
  `hostname` varchar(128) CHARACTER SET ascii COLLATE ascii_general_ci NOT NULL DEFAULT '' COMMENT 'Hostname of the user who triggered the event.',
  `timestamp` bigint(20) NOT NULL DEFAULT 0 COMMENT 'Unix timestamp of when event occurred.',
  PRIMARY KEY (`wid`),
  KEY `type` (`type`),
  KEY `uid` (`uid`),
  KEY `severity` (`severity`)
) ENGINE=InnoDB AUTO_INCREMENT=85491 DEFAULT CHARSET=utf8mb4 COLLATE=utf8mb4_general_ci COMMENT='Table that contains logs of all system events.';

--
-- Dumping data for table `watchdog`
--

set autocommit=0;
INSERT INTO `watchdog` VALUES (84481,0,'page not found','@uri','a:1:{s:4:\"@uri\";s:10:\"/outgoing/\";}',4,'','https://drupal.unemploymenttracker.com/outgoing/','','3.67.7.197',1685480554),(84482,0,'page not found','@uri','a:1:{s:4:\"@uri\";s:8:\"/owners/\";}',4,'','https://drupal.unemploymenttracker.com/owners/','','3.67.7.197',1685480554),(84483,0,'page not found','@uri','a:1:{s:4:\"@uri\";s:7:\"/pages/\";}',4,'','https://drupal.unemploymenttracker.com/pages/','','3.67.7.197',1685480554),(84484,0,'page not found','@uri','a:1:{s:4:\"@uri\";s:10:\"/passport/\";}',4,'','https://drupal.unemploymenttracker.com/passport/','','3.67.7.197',1685480554),(84485,0,'page not found','@uri','a:1:{s:4:\"@uri\";s:14:\"/pccsmysqladm/\";}',4,'','https://drupal.unemploymenttracker.com/pccsmysqladm/','','3.67.7.197',1685480554),(84486,0,'page not found','@uri','a:1:{s:4:\"@uri\";s:6:\"/perl/\";}',4,'','https://drupal.unemploymenttracker.com/perl/','','3.67.7.197',1685480554),(84487,0,'page not found','@uri','a:1:{s:4:\"@uri\";s:7:\"/perl5/\";}',4,'','https://drupal.unemploymenttracker.com/perl5/','','3.67.7.197',1685480554),(84488,0,'page not found','@uri','a:1:{s:4:\"@uri\";s:10:\"/personal/\";}',4,'','https://drupal.unemploymenttracker.com/personal/','','3.67.7.197',1685480555),(84489,0,'page not found','@uri','a:1:{s:4:\"@uri\";s:8:\"/pforum/\";}',4,'','https://drupal.unemploymenttracker.com/pforum/','','3.67.7.197',1685480555),(84490,0,'page not found','@uri','a:1:{s:4:\"@uri\";s:8:\"/phorum/\";}',4,'','https://drupal.unemploymenttracker.com/phorum/','','3.67.7.197',1685480555),(84491,0,'page not found','@uri','a:1:{s:4:\"@uri\";s:5:\"/php/\";}',4,'','https://drupal.unemploymenttracker.com/php/','','3.67.7.197',1685480555),(84492,0,'page not found','@uri','a:1:{s:4:\"@uri\";s:7:\"/phpBB/\";}',4,'','https://drupal.unemploymenttracker.com/phpBB/','','3.67.7.197',1685480555),(84493,0,'page not found','@uri','a:1:{s:4:\"@uri\";s:12:\"/phpMyAdmin/\";}',4,'','https://drupal.unemploymenttracker.com/phpMyAdmin/','','3.67.7.197',1685480556),(84494,0,'page not found','@uri','a:1:{s:4:\"@uri\";s:15:\"/phpPhotoAlbum/\";}',4,'','https://drupal.unemploymenttracker.com/phpPhotoAlbum/','','3.67.7.197',1685480556),(84495,0,'page not found','@uri','a:1:{s:4:\"@uri\";s:16:\"/phpSecurePages/\";}',4,'','https://drupal.unemploymenttracker.com/phpSecurePages/','','3.67.7.197',1685480556),(84496,0,'page not found','@uri','a:1:{s:4:\"@uri\";s:13:\"/php_classes/\";}',4,'','https://drupal.unemploymenttracker.com/php_classes/','','3.67.7.197',1685480556),(84497,0,'page not found','@uri','a:1:{s:4:\"@uri\";s:16:\"/phpclassifieds/\";}',4,'','https://drupal.unemploymenttracker.com/phpclassifieds/','','3.67.7.197',1685480556),(84498,0,'page not found','@uri','a:1:{s:4:\"@uri\";s:14:\"/phpimageview/\";}',4,'','https://drupal.unemploymenttracker.com/phpimageview/','','3.67.7.197',1685480556),(84499,0,'page not found','@uri','a:1:{s:4:\"@uri\";s:9:\"/phpnuke/\";}',4,'','https://drupal.unemploymenttracker.com/phpnuke/','','3.67.7.197',1685480556),(84500,0,'page not found','@uri','a:1:{s:4:\"@uri\";s:12:\"/phpprojekt/\";}',4,'','https://drupal.unemploymenttracker.com/phpprojekt/','','3.67.7.197',1685480557),(84501,0,'page not found','@uri','a:1:{s:4:\"@uri\";s:9:\"/piranha/\";}',4,'','https://drupal.unemploymenttracker.com/piranha/','','3.67.7.197',1685480557),(84502,0,'page not found','@uri','a:1:{s:4:\"@uri\";s:5:\"/pls/\";}',4,'','https://drupal.unemploymenttracker.com/pls/','','3.67.7.197',1685480557),(84503,0,'page not found','@uri','a:1:{s:4:\"@uri\";s:6:\"/poll/\";}',4,'','https://drupal.unemploymenttracker.com/poll/','','3.67.7.197',1685480557),(84504,0,'page not found','@uri','a:1:{s:4:\"@uri\";s:7:\"/polls/\";}',4,'','https://drupal.unemploymenttracker.com/polls/','','3.67.7.197',1685480557),(84505,0,'page not found','@uri','a:1:{s:4:\"@uri\";s:10:\"/postgres/\";}',4,'','https://drupal.unemploymenttracker.com/postgres/','','3.67.7.197',1685480557),(84506,0,'page not found','@uri','a:1:{s:4:\"@uri\";s:6:\"/ppwb/\";}',4,'','https://drupal.unemploymenttracker.com/ppwb/','','3.67.7.197',1685480557),(84507,0,'page not found','@uri','a:1:{s:4:\"@uri\";s:10:\"/printers/\";}',4,'','https://drupal.unemploymenttracker.com/printers/','','3.67.7.197',1685480557),(84508,0,'page not found','@uri','a:1:{s:4:\"@uri\";s:6:\"/priv/\";}',4,'','https://drupal.unemploymenttracker.com/priv/','','3.67.7.197',1685480557),(84509,0,'page not found','@uri','a:1:{s:4:\"@uri\";s:9:\"/privado/\";}',4,'','https://drupal.unemploymenttracker.com/privado/','','3.67.7.197',1685480558),(84510,0,'page not found','@uri','a:1:{s:4:\"@uri\";s:6:\"/prod/\";}',4,'','https://drupal.unemploymenttracker.com/prod/','','3.67.7.197',1685480558),(84511,0,'page not found','@uri','a:1:{s:4:\"@uri\";s:8:\"/prueba/\";}',4,'','https://drupal.unemploymenttracker.com/prueba/','','3.67.7.197',1685480558),(84512,0,'page not found','@uri','a:1:{s:4:\"@uri\";s:9:\"/pruebas/\";}',4,'','https://drupal.unemploymenttracker.com/pruebas/','','3.67.7.197',1685480558),(84513,0,'page not found','@uri','a:1:{s:4:\"@uri\";s:5:\"/prv/\";}',4,'','https://drupal.unemploymenttracker.com/prv/','','3.67.7.197',1685480558),(84514,0,'page not found','@uri','a:1:{s:4:\"@uri\";s:5:\"/pub/\";}',4,'','https://drupal.unemploymenttracker.com/pub/','','3.67.7.197',1685480558),(84515,0,'page not found','@uri','a:1:{s:4:\"@uri\";s:8:\"/public/\";}',4,'','https://drupal.unemploymenttracker.com/public/','','3.67.7.197',1685480558),(84516,0,'page not found','@uri','a:1:{s:4:\"@uri\";s:9:\"/publica/\";}',4,'','https://drupal.unemploymenttracker.com/publica/','','3.67.7.197',1685480558),(84517,0,'page not found','@uri','a:1:{s:4:\"@uri\";s:10:\"/publicar/\";}',4,'','https://drupal.unemploymenttracker.com/publicar/','','3.67.7.197',1685480559),(84518,0,'page not found','@uri','a:1:{s:4:\"@uri\";s:9:\"/publico/\";}',4,'','https://drupal.unemploymenttracker.com/publico/','','3.67.7.197',1685480559),(84519,0,'page not found','@uri','a:1:{s:4:\"@uri\";s:9:\"/publish/\";}',4,'','https://drupal.unemploymenttracker.com/publish/','','3.67.7.197',1685480559),(84520,0,'page not found','@uri','a:1:{s:4:\"@uri\";s:10:\"/purchase/\";}',4,'','https://drupal.unemploymenttracker.com/purchase/','','3.67.7.197',1685480559),(84521,0,'page not found','@uri','a:1:{s:4:\"@uri\";s:11:\"/purchases/\";}',4,'','https://drupal.unemploymenttracker.com/purchases/','','3.67.7.197',1685480559),(84522,0,'page not found','@uri','a:1:{s:4:\"@uri\";s:4:\"/pw/\";}',4,'','https://drupal.unemploymenttracker.com/pw/','','3.67.7.197',1685480559),(84523,0,'page not found','@uri','a:1:{s:4:\"@uri\";s:15:\"/random_banner/\";}',4,'','https://drupal.unemploymenttracker.com/random_banner/','','3.67.7.197',1685480559),(84524,0,'page not found','@uri','a:1:{s:4:\"@uri\";s:5:\"/rdp/\";}',4,'','https://drupal.unemploymenttracker.com/rdp/','','3.67.7.197',1685480559),(84525,0,'page not found','@uri','a:1:{s:4:\"@uri\";s:10:\"/register/\";}',4,'','https://drupal.unemploymenttracker.com/register/','','3.67.7.197',1685480560),(84526,0,'page not found','@uri','a:1:{s:4:\"@uri\";s:12:\"/registered/\";}',4,'','https://drupal.unemploymenttracker.com/registered/','','3.67.7.197',1685480560),(84527,0,'page not found','@uri','a:1:{s:4:\"@uri\";s:8:\"/report/\";}',4,'','https://drupal.unemploymenttracker.com/report/','','3.67.7.197',1685480560),(84528,0,'page not found','@uri','a:1:{s:4:\"@uri\";s:9:\"/reports/\";}',4,'','https://drupal.unemploymenttracker.com/reports/','','3.67.7.197',1685480560),(84529,0,'page not found','@uri','a:1:{s:4:\"@uri\";s:10:\"/reseller/\";}',4,'','https://drupal.unemploymenttracker.com/reseller/','','3.67.7.197',1685480560),(84530,0,'page not found','@uri','a:1:{s:4:\"@uri\";s:12:\"/restricted/\";}',4,'','https://drupal.unemploymenttracker.com/restricted/','','3.67.7.197',1685480560),(84531,0,'page not found','@uri','a:1:{s:4:\"@uri\";s:8:\"/retail/\";}',4,'','https://drupal.unemploymenttracker.com/retail/','','3.67.7.197',1685480560),(84532,0,'page not found','@uri','a:1:{s:4:\"@uri\";s:9:\"/reviews/\";}',4,'','https://drupal.unemploymenttracker.com/reviews/','','3.67.7.197',1685480560),(84533,0,'page not found','@uri','a:1:{s:4:\"@uri\";s:6:\"/root/\";}',4,'','https://drupal.unemploymenttracker.com/root/','','3.67.7.197',1685480561),(84534,0,'page not found','@uri','a:1:{s:4:\"@uri\";s:6:\"/rsrc/\";}',4,'','https://drupal.unemploymenttracker.com/rsrc/','','3.67.7.197',1685480561),(84535,0,'page not found','@uri','a:1:{s:4:\"@uri\";s:7:\"/sales/\";}',4,'','https://drupal.unemploymenttracker.com/sales/','','3.67.7.197',1685480561),(84536,0,'page not found','@uri','a:1:{s:4:\"@uri\";s:8:\"/sample/\";}',4,'','https://drupal.unemploymenttracker.com/sample/','','3.67.7.197',1685480561),(84537,0,'page not found','@uri','a:1:{s:4:\"@uri\";s:9:\"/samples/\";}',4,'','https://drupal.unemploymenttracker.com/samples/','','3.67.7.197',1685480561),(84538,0,'page not found','@uri','a:1:{s:4:\"@uri\";s:6:\"/save/\";}',4,'','https://drupal.unemploymenttracker.com/save/','','3.67.7.197',1685480561),(84539,0,'page not found','@uri','a:1:{s:4:\"@uri\";s:8:\"/script/\";}',4,'','https://drupal.unemploymenttracker.com/script/','','3.67.7.197',1685480561),(84540,0,'page not found','@uri','a:1:{s:4:\"@uri\";s:9:\"/scripts/\";}',4,'','https://drupal.unemploymenttracker.com/scripts/','','3.67.7.197',1685480561),(84541,0,'page not found','@uri','a:1:{s:4:\"@uri\";s:11:\"/search-ui/\";}',4,'','https://drupal.unemploymenttracker.com/search-ui/','','3.67.7.197',1685480562),(84542,0,'page not found','@uri','a:1:{s:4:\"@uri\";s:6:\"/sell/\";}',4,'','https://drupal.unemploymenttracker.com/sell/','','3.67.7.197',1685480562),(84543,0,'page not found','@uri','a:1:{s:4:\"@uri\";s:13:\"/server-info/\";}',4,'','https://drupal.unemploymenttracker.com/server-info/','','3.67.7.197',1685480562),(84544,0,'page not found','@uri','a:1:{s:4:\"@uri\";s:15:\"/server-status/\";}',4,'','https://drupal.unemploymenttracker.com/server-status/','','3.67.7.197',1685480562),(84545,0,'page not found','@uri','a:1:{s:4:\"@uri\";s:14:\"/server_stats/\";}',4,'','https://drupal.unemploymenttracker.com/server_stats/','','3.67.7.197',1685480562),(84546,0,'page not found','@uri','a:1:{s:4:\"@uri\";s:9:\"/servers/\";}',4,'','https://drupal.unemploymenttracker.com/servers/','','3.67.7.197',1685480562),(84547,0,'page not found','@uri','a:1:{s:4:\"@uri\";s:13:\"/serverstats/\";}',4,'','https://drupal.unemploymenttracker.com/serverstats/','','3.67.7.197',1685480562),(84548,0,'page not found','@uri','a:1:{s:4:\"@uri\";s:9:\"/service/\";}',4,'','https://drupal.unemploymenttracker.com/service/','','3.67.7.197',1685480563),(84549,0,'page not found','@uri','a:1:{s:4:\"@uri\";s:10:\"/services/\";}',4,'','https://drupal.unemploymenttracker.com/services/','','3.67.7.197',1685480563),(84550,0,'page not found','@uri','a:1:{s:4:\"@uri\";s:10:\"/servicio/\";}',4,'','https://drupal.unemploymenttracker.com/servicio/','','3.67.7.197',1685480563),(84551,0,'page not found','@uri','a:1:{s:4:\"@uri\";s:11:\"/servicios/\";}',4,'','https://drupal.unemploymenttracker.com/servicios/','','3.67.7.197',1685480563),(84552,0,'page not found','@uri','a:1:{s:4:\"@uri\";s:9:\"/servlet/\";}',4,'','https://drupal.unemploymenttracker.com/servlet/','','3.67.7.197',1685480563),(84553,0,'page not found','@uri','a:1:{s:4:\"@uri\";s:10:\"/servlets/\";}',4,'','https://drupal.unemploymenttracker.com/servlets/','','3.67.7.197',1685480563),(84554,0,'page not found','@uri','a:1:{s:4:\"@uri\";s:19:\"/servlets-examples/\";}',4,'','https://drupal.unemploymenttracker.com/servlets-examples/','','3.67.7.197',1685480563),(84555,0,'page not found','@uri','a:1:{s:4:\"@uri\";s:9:\"/session/\";}',4,'','https://drupal.unemploymenttracker.com/session/','','3.67.7.197',1685480563),(84556,0,'page not found','@uri','a:1:{s:4:\"@uri\";s:7:\"/setup/\";}',4,'','https://drupal.unemploymenttracker.com/setup/','','3.67.7.197',1685480563),(84557,0,'page not found','@uri','a:1:{s:4:\"@uri\";s:7:\"/share/\";}',4,'','https://drupal.unemploymenttracker.com/share/','','3.67.7.197',1685480564),(84558,0,'page not found','@uri','a:1:{s:4:\"@uri\";s:8:\"/shared/\";}',4,'','https://drupal.unemploymenttracker.com/shared/','','3.67.7.197',1685480564),(84559,0,'page not found','@uri','a:1:{s:4:\"@uri\";s:11:\"/shell-cgi/\";}',4,'','https://drupal.unemploymenttracker.com/shell-cgi/','','3.67.7.197',1685480564),(84560,0,'page not found','@uri','a:1:{s:4:\"@uri\";s:10:\"/shipping/\";}',4,'','https://drupal.unemploymenttracker.com/shipping/','','3.67.7.197',1685480564),(84561,0,'page not found','@uri','a:1:{s:4:\"@uri\";s:6:\"/shop/\";}',4,'','https://drupal.unemploymenttracker.com/shop/','','3.67.7.197',1685480564),(84562,0,'page not found','@uri','a:1:{s:4:\"@uri\";s:9:\"/shopper/\";}',4,'','https://drupal.unemploymenttracker.com/shopper/','','3.67.7.197',1685480564),(84563,0,'page not found','@uri','a:1:{s:4:\"@uri\";s:6:\"/site/\";}',4,'','https://drupal.unemploymenttracker.com/site/','','3.67.7.197',1685480564),(84564,0,'page not found','@uri','a:1:{s:4:\"@uri\";s:9:\"/sitemgr/\";}',4,'','https://drupal.unemploymenttracker.com/sitemgr/','','3.67.7.197',1685480564),(84565,0,'page not found','@uri','a:1:{s:4:\"@uri\";s:12:\"/siteminder/\";}',4,'','https://drupal.unemploymenttracker.com/siteminder/','','3.67.7.197',1685480565),(84566,0,'page not found','@uri','a:1:{s:4:\"@uri\";s:17:\"/siteminderagent/\";}',4,'','https://drupal.unemploymenttracker.com/siteminderagent/','','3.67.7.197',1685480565),(84567,0,'page not found','@uri','a:1:{s:4:\"@uri\";s:12:\"/siteserver/\";}',4,'','https://drupal.unemploymenttracker.com/siteserver/','','3.67.7.197',1685480565),(84568,0,'page not found','@uri','a:1:{s:4:\"@uri\";s:11:\"/sitestats/\";}',4,'','https://drupal.unemploymenttracker.com/sitestats/','','3.67.7.197',1685480565),(84569,0,'page not found','@uri','a:1:{s:4:\"@uri\";s:12:\"/siteupdate/\";}',4,'','https://drupal.unemploymenttracker.com/siteupdate/','','3.67.7.197',1685480565),(84570,0,'page not found','@uri','a:1:{s:4:\"@uri\";s:11:\"/smreports/\";}',4,'','https://drupal.unemploymenttracker.com/smreports/','','3.67.7.197',1685480565),(84571,0,'page not found','@uri','a:1:{s:4:\"@uri\";s:17:\"/smreportsviewer/\";}',4,'','https://drupal.unemploymenttracker.com/smreportsviewer/','','3.67.7.197',1685480565),(84572,0,'page not found','@uri','a:1:{s:4:\"@uri\";s:6:\"/soap/\";}',4,'','https://drupal.unemploymenttracker.com/soap/','','3.67.7.197',1685480565),(84573,0,'page not found','@uri','a:1:{s:4:\"@uri\";s:10:\"/soapdocs/\";}',4,'','https://drupal.unemploymenttracker.com/soapdocs/','','3.67.7.197',1685480566),(84574,0,'page not found','@uri','a:1:{s:4:\"@uri\";s:10:\"/software/\";}',4,'','https://drupal.unemploymenttracker.com/software/','','3.67.7.197',1685480566),(84575,0,'page not found','@uri','a:1:{s:4:\"@uri\";s:9:\"/solaris/\";}',4,'','https://drupal.unemploymenttracker.com/solaris/','','3.67.7.197',1685480566),(84576,0,'page not found','@uri','a:1:{s:4:\"@uri\";s:8:\"/source/\";}',4,'','https://drupal.unemploymenttracker.com/source/','','3.67.7.197',1685480566),(84577,0,'page not found','@uri','a:1:{s:4:\"@uri\";s:5:\"/sql/\";}',4,'','https://drupal.unemploymenttracker.com/sql/','','3.67.7.197',1685480566),(84578,0,'page not found','@uri','a:1:{s:4:\"@uri\";s:7:\"/squid/\";}',4,'','https://drupal.unemploymenttracker.com/squid/','','3.67.7.197',1685480566),(84579,0,'page not found','@uri','a:1:{s:4:\"@uri\";s:5:\"/src/\";}',4,'','https://drupal.unemploymenttracker.com/src/','','3.67.7.197',1685480566),(84580,0,'page not found','@uri','a:1:{s:4:\"@uri\";s:9:\"/srchadm/\";}',4,'','https://drupal.unemploymenttracker.com/srchadm/','','3.67.7.197',1685480566),(84581,0,'page not found','@uri','a:1:{s:4:\"@uri\";s:7:\"/staff/\";}',4,'','https://drupal.unemploymenttracker.com/staff/','','3.67.7.197',1685480567),(84582,0,'page not found','@uri','a:1:{s:4:\"@uri\";s:13:\"/stats-bin-p/\";}',4,'','https://drupal.unemploymenttracker.com/stats-bin-p/','','3.67.7.197',1685480567),(84583,0,'page not found','@uri','a:1:{s:4:\"@uri\";s:8:\"/status/\";}',4,'','https://drupal.unemploymenttracker.com/status/','','3.67.7.197',1685480567),(84584,0,'page not found','@uri','a:1:{s:4:\"@uri\";s:9:\"/storage/\";}',4,'','https://drupal.unemploymenttracker.com/storage/','','3.67.7.197',1685480567),(84585,0,'page not found','@uri','a:1:{s:4:\"@uri\";s:7:\"/store/\";}',4,'','https://drupal.unemploymenttracker.com/store/','','3.67.7.197',1685480567),(84586,0,'page not found','@uri','a:1:{s:4:\"@uri\";s:10:\"/storemgr/\";}',4,'','https://drupal.unemploymenttracker.com/storemgr/','','3.67.7.197',1685480567),(84587,0,'page not found','@uri','a:1:{s:4:\"@uri\";s:17:\"/stronghold-info/\";}',4,'','https://drupal.unemploymenttracker.com/stronghold-info/','','3.67.7.197',1685480567),(84588,0,'page not found','@uri','a:1:{s:4:\"@uri\";s:19:\"/stronghold-status/\";}',4,'','https://drupal.unemploymenttracker.com/stronghold-status/','','3.67.7.197',1685480567),(84589,0,'page not found','@uri','a:1:{s:4:\"@uri\";s:7:\"/stuff/\";}',4,'','https://drupal.unemploymenttracker.com/stuff/','','3.67.7.197',1685480568),(84590,0,'page not found','@uri','a:1:{s:4:\"@uri\";s:7:\"/style/\";}',4,'','https://drupal.unemploymenttracker.com/style/','','3.67.7.197',1685480568),(84591,0,'page not found','@uri','a:1:{s:4:\"@uri\";s:8:\"/styles/\";}',4,'','https://drupal.unemploymenttracker.com/styles/','','3.67.7.197',1685480568),(84592,0,'page not found','@uri','a:1:{s:4:\"@uri\";s:12:\"/stylesheet/\";}',4,'','https://drupal.unemploymenttracker.com/stylesheet/','','3.67.7.197',1685480568),(84593,0,'page not found','@uri','a:1:{s:4:\"@uri\";s:13:\"/stylesheets/\";}',4,'','https://drupal.unemploymenttracker.com/stylesheets/','','3.67.7.197',1685480568),(84594,0,'page not found','@uri','a:1:{s:4:\"@uri\";s:7:\"/subir/\";}',4,'','https://drupal.unemploymenttracker.com/subir/','','3.67.7.197',1685480569),(84595,0,'page not found','@uri','a:1:{s:4:\"@uri\";s:5:\"/sun/\";}',4,'','https://drupal.unemploymenttracker.com/sun/','','3.67.7.197',1685480569),(84596,0,'page not found','@uri','a:1:{s:4:\"@uri\";s:13:\"/super_stats/\";}',4,'','https://drupal.unemploymenttracker.com/super_stats/','','3.67.7.197',1685480569),(84597,0,'page not found','@uri','a:1:{s:4:\"@uri\";s:9:\"/support/\";}',4,'','https://drupal.unemploymenttracker.com/support/','','3.67.7.197',1685480569),(84598,0,'page not found','@uri','a:1:{s:4:\"@uri\";s:11:\"/supporter/\";}',4,'','https://drupal.unemploymenttracker.com/supporter/','','3.67.7.197',1685480569),(84599,0,'page not found','@uri','a:1:{s:4:\"@uri\";s:8:\"/system/\";}',4,'','https://drupal.unemploymenttracker.com/system/','','3.67.7.197',1685480569),(84600,0,'page not found','@uri','a:1:{s:4:\"@uri\";s:5:\"/tar/\";}',4,'','https://drupal.unemploymenttracker.com/tar/','','3.67.7.197',1685480569),(84601,0,'page not found','@uri','a:1:{s:4:\"@uri\";s:10:\"/tarjetas/\";}',4,'','https://drupal.unemploymenttracker.com/tarjetas/','','3.67.7.197',1685480569),(84602,0,'page not found','@uri','a:1:{s:4:\"@uri\";s:9:\"/te_html/\";}',4,'','https://drupal.unemploymenttracker.com/te_html/','','3.67.7.197',1685480570),(84603,0,'page not found','@uri','a:1:{s:4:\"@uri\";s:6:\"/tech/\";}',4,'','https://drupal.unemploymenttracker.com/tech/','','3.67.7.197',1685480570),(84604,0,'page not found','@uri','a:1:{s:4:\"@uri\";s:10:\"/technote/\";}',4,'','https://drupal.unemploymenttracker.com/technote/','','3.67.7.197',1685480570),(84605,0,'page not found','@uri','a:1:{s:4:\"@uri\";s:6:\"/temp/\";}',4,'','https://drupal.unemploymenttracker.com/temp/','','3.67.7.197',1685480570),(84606,0,'page not found','@uri','a:1:{s:4:\"@uri\";s:10:\"/template/\";}',4,'','https://drupal.unemploymenttracker.com/template/','','3.67.7.197',1685480570),(84607,0,'page not found','@uri','a:1:{s:4:\"@uri\";s:11:\"/templates/\";}',4,'','https://drupal.unemploymenttracker.com/templates/','','3.67.7.197',1685480570),(84608,0,'page not found','@uri','a:1:{s:4:\"@uri\";s:10:\"/temporal/\";}',4,'','https://drupal.unemploymenttracker.com/temporal/','','3.67.7.197',1685480570),(84609,0,'page not found','@uri','a:1:{s:4:\"@uri\";s:10:\"/test-cgi/\";}',4,'','https://drupal.unemploymenttracker.com/test-cgi/','','3.67.7.197',1685480570),(84610,0,'page not found','@uri','a:1:{s:4:\"@uri\";s:9:\"/testweb/\";}',4,'','https://drupal.unemploymenttracker.com/testweb/','','3.67.7.197',1685480571),(84611,0,'page not found','@uri','a:1:{s:4:\"@uri\";s:8:\"/ticket/\";}',4,'','https://drupal.unemploymenttracker.com/ticket/','','3.67.7.197',1685480571),(84612,0,'page not found','@uri','a:1:{s:4:\"@uri\";s:9:\"/tickets/\";}',4,'','https://drupal.unemploymenttracker.com/tickets/','','3.67.7.197',1685480571),(84613,0,'page not found','@uri','a:1:{s:4:\"@uri\";s:7:\"/tools/\";}',4,'','https://drupal.unemploymenttracker.com/tools/','','3.67.7.197',1685480571),(84614,0,'page not found','@uri','a:1:{s:4:\"@uri\";s:5:\"/tpv/\";}',4,'','https://drupal.unemploymenttracker.com/tpv/','','3.67.7.197',1685480571),(84615,0,'page not found','@uri','a:1:{s:4:\"@uri\";s:9:\"/trabajo/\";}',4,'','https://drupal.unemploymenttracker.com/trabajo/','','3.67.7.197',1685480571),(84616,0,'page not found','@uri','a:1:{s:4:\"@uri\";s:10:\"/transito/\";}',4,'','https://drupal.unemploymenttracker.com/transito/','','3.67.7.197',1685480571),(84617,0,'page not found','@uri','a:1:{s:4:\"@uri\";s:12:\"/transpolar/\";}',4,'','https://drupal.unemploymenttracker.com/transpolar/','','3.67.7.197',1685480571),(84618,0,'page not found','@uri','a:1:{s:4:\"@uri\";s:6:\"/tree/\";}',4,'','https://drupal.unemploymenttracker.com/tree/','','3.67.7.197',1685480571),(84619,0,'page not found','@uri','a:1:{s:4:\"@uri\";s:7:\"/trees/\";}',4,'','https://drupal.unemploymenttracker.com/trees/','','3.67.7.197',1685480572),(84620,0,'page not found','@uri','a:1:{s:4:\"@uri\";s:9:\"/updates/\";}',4,'','https://drupal.unemploymenttracker.com/updates/','','3.67.7.197',1685480572),(84621,0,'page not found','@uri','a:1:{s:4:\"@uri\";s:8:\"/upload/\";}',4,'','https://drupal.unemploymenttracker.com/upload/','','3.67.7.197',1685480572),(84622,0,'page not found','@uri','a:1:{s:4:\"@uri\";s:9:\"/uploads/\";}',4,'','https://drupal.unemploymenttracker.com/uploads/','','3.67.7.197',1685480572),(84623,0,'page not found','@uri','a:1:{s:4:\"@uri\";s:4:\"/us/\";}',4,'','https://drupal.unemploymenttracker.com/us/','','3.67.7.197',1685480572),(84624,0,'page not found','@uri','a:1:{s:4:\"@uri\";s:7:\"/usage/\";}',4,'','https://drupal.unemploymenttracker.com/usage/','','3.67.7.197',1685480572),(84625,0,'page not found','@uri','a:1:{s:4:\"@uri\";s:5:\"/usr/\";}',4,'','https://drupal.unemploymenttracker.com/usr/','','3.67.7.197',1685480572),(84626,0,'page not found','@uri','a:1:{s:4:\"@uri\";s:9:\"/usuario/\";}',4,'','https://drupal.unemploymenttracker.com/usuario/','','3.67.7.197',1685480573),(84627,0,'page not found','@uri','a:1:{s:4:\"@uri\";s:10:\"/usuarios/\";}',4,'','https://drupal.unemploymenttracker.com/usuarios/','','3.67.7.197',1685480573),(84628,0,'page not found','@uri','a:1:{s:4:\"@uri\";s:6:\"/util/\";}',4,'','https://drupal.unemploymenttracker.com/util/','','3.67.7.197',1685480573),(84629,0,'page not found','@uri','a:1:{s:4:\"@uri\";s:7:\"/utils/\";}',4,'','https://drupal.unemploymenttracker.com/utils/','','3.67.7.197',1685480573),(84630,0,'page not found','@uri','a:1:{s:4:\"@uri\";s:5:\"/vfs/\";}',4,'','https://drupal.unemploymenttracker.com/vfs/','','3.67.7.197',1685480573),(84631,0,'page not found','@uri','a:1:{s:4:\"@uri\";s:9:\"/w-agora/\";}',4,'','https://drupal.unemploymenttracker.com/w-agora/','','3.67.7.197',1685480573),(84632,0,'page not found','@uri','a:1:{s:4:\"@uri\";s:8:\"/w3perl/\";}',4,'','https://drupal.unemploymenttracker.com/w3perl/','','3.67.7.197',1685480573),(84633,0,'page not found','@uri','a:1:{s:4:\"@uri\";s:11:\"/way-board/\";}',4,'','https://drupal.unemploymenttracker.com/way-board/','','3.67.7.197',1685480573),(84634,0,'page not found','@uri','a:1:{s:4:\"@uri\";s:5:\"/web/\";}',4,'','https://drupal.unemploymenttracker.com/web/','','3.67.7.197',1685480574),(84635,0,'page not found','@uri','a:1:{s:4:\"@uri\";s:10:\"/web800fo/\";}',4,'','https://drupal.unemploymenttracker.com/web800fo/','','3.67.7.197',1685480574),(84636,0,'page not found','@uri','a:1:{s:4:\"@uri\";s:16:\"/webMathematica/\";}',4,'','https://drupal.unemploymenttracker.com/webMathematica/','','3.67.7.197',1685480574),(84637,0,'page not found','@uri','a:1:{s:4:\"@uri\";s:9:\"/webapps/\";}',4,'','https://drupal.unemploymenttracker.com/webapps/','','3.67.7.197',1685480574),(84638,0,'page not found','@uri','a:1:{s:4:\"@uri\";s:10:\"/webboard/\";}',4,'','https://drupal.unemploymenttracker.com/webboard/','','3.67.7.197',1685480574),(84639,0,'page not found','@uri','a:1:{s:4:\"@uri\";s:9:\"/webcart/\";}',4,'','https://drupal.unemploymenttracker.com/webcart/','','3.67.7.197',1685480574),(84640,0,'page not found','@uri','a:1:{s:4:\"@uri\";s:14:\"/webcart-lite/\";}',4,'','https://drupal.unemploymenttracker.com/webcart-lite/','','3.67.7.197',1685480574),(84641,0,'page not found','@uri','a:1:{s:4:\"@uri\";s:9:\"/webdata/\";}',4,'','https://drupal.unemploymenttracker.com/webdata/','','3.67.7.197',1685480574),(84642,0,'page not found','@uri','a:1:{s:4:\"@uri\";s:7:\"/webdb/\";}',4,'','https://drupal.unemploymenttracker.com/webdb/','','3.67.7.197',1685480575),(84643,0,'page not found','@uri','a:1:{s:4:\"@uri\";s:11:\"/webimages/\";}',4,'','https://drupal.unemploymenttracker.com/webimages/','','3.67.7.197',1685480575),(84644,0,'page not found','@uri','a:1:{s:4:\"@uri\";s:12:\"/webimages2/\";}',4,'','https://drupal.unemploymenttracker.com/webimages2/','','3.67.7.197',1685480575),(84645,0,'page not found','@uri','a:1:{s:4:\"@uri\";s:8:\"/weblog/\";}',4,'','https://drupal.unemploymenttracker.com/weblog/','','3.67.7.197',1685480575),(84646,0,'page not found','@uri','a:1:{s:4:\"@uri\";s:9:\"/weblogs/\";}',4,'','https://drupal.unemploymenttracker.com/weblogs/','','3.67.7.197',1685480575),(84647,0,'page not found','@uri','a:1:{s:4:\"@uri\";s:11:\"/webmaster/\";}',4,'','https://drupal.unemploymenttracker.com/webmaster/','','3.67.7.197',1685480575),(84648,0,'page not found','@uri','a:1:{s:4:\"@uri\";s:16:\"/webmaster_logs/\";}',4,'','https://drupal.unemploymenttracker.com/webmaster_logs/','','3.67.7.197',1685480575),(84649,0,'page not found','@uri','a:1:{s:4:\"@uri\";s:8:\"/webpub/\";}',4,'','https://drupal.unemploymenttracker.com/webpub/','','3.67.7.197',1685480575),(84650,0,'page not found','@uri','a:1:{s:4:\"@uri\";s:11:\"/webpub-ui/\";}',4,'','https://drupal.unemploymenttracker.com/webpub-ui/','','3.67.7.197',1685480576),(84651,0,'page not found','@uri','a:1:{s:4:\"@uri\";s:12:\"/webreports/\";}',4,'','https://drupal.unemploymenttracker.com/webreports/','','3.67.7.197',1685480576),(84652,0,'page not found','@uri','a:1:{s:4:\"@uri\";s:9:\"/webreps/\";}',4,'','https://drupal.unemploymenttracker.com/webreps/','','3.67.7.197',1685480576),(84653,0,'page not found','@uri','a:1:{s:4:\"@uri\";s:10:\"/webshare/\";}',4,'','https://drupal.unemploymenttracker.com/webshare/','','3.67.7.197',1685480576),(84654,0,'page not found','@uri','a:1:{s:4:\"@uri\";s:9:\"/website/\";}',4,'','https://drupal.unemploymenttracker.com/website/','','3.67.7.197',1685480576),(84655,0,'page not found','@uri','a:1:{s:4:\"@uri\";s:10:\"/webtrace/\";}',4,'','https://drupal.unemploymenttracker.com/webtrace/','','3.67.7.197',1685480576),(84656,0,'page not found','@uri','a:1:{s:4:\"@uri\";s:9:\"/windows/\";}',4,'','https://drupal.unemploymenttracker.com/windows/','','3.67.7.197',1685480576),(84657,0,'page not found','@uri','a:1:{s:4:\"@uri\";s:6:\"/word/\";}',4,'','https://drupal.unemploymenttracker.com/word/','','3.67.7.197',1685480576),(84658,0,'page not found','@uri','a:1:{s:4:\"@uri\";s:6:\"/work/\";}',4,'','https://drupal.unemploymenttracker.com/work/','','3.67.7.197',1685480576),(84659,0,'page not found','@uri','a:1:{s:4:\"@uri\";s:8:\"/wsdocs/\";}',4,'','https://drupal.unemploymenttracker.com/wsdocs/','','3.67.7.197',1685480577),(84660,0,'page not found','@uri','a:1:{s:4:\"@uri\";s:5:\"/www/\";}',4,'','https://drupal.unemploymenttracker.com/www/','','3.67.7.197',1685480577),(84661,0,'page not found','@uri','a:1:{s:4:\"@uri\";s:9:\"/www-sql/\";}',4,'','https://drupal.unemploymenttracker.com/www-sql/','','3.67.7.197',1685480577),(84662,0,'page not found','@uri','a:1:{s:4:\"@uri\";s:9:\"/wwwjoin/\";}',4,'','https://drupal.unemploymenttracker.com/wwwjoin/','','3.67.7.197',1685480577),(84663,0,'page not found','@uri','a:1:{s:4:\"@uri\";s:5:\"/xGB/\";}',4,'','https://drupal.unemploymenttracker.com/xGB/','','3.67.7.197',1685480577),(84664,0,'page not found','@uri','a:1:{s:4:\"@uri\";s:5:\"/xml/\";}',4,'','https://drupal.unemploymenttracker.com/xml/','','3.67.7.197',1685480577),(84665,0,'page not found','@uri','a:1:{s:4:\"@uri\";s:7:\"/xtemp/\";}',4,'','https://drupal.unemploymenttracker.com/xtemp/','','3.67.7.197',1685480577),(84666,0,'page not found','@uri','a:1:{s:4:\"@uri\";s:6:\"/zb41/\";}',4,'','https://drupal.unemploymenttracker.com/zb41/','','3.67.7.197',1685480577),(84667,0,'page not found','@uri','a:1:{s:4:\"@uri\";s:10:\"/zipfiles/\";}',4,'','https://drupal.unemploymenttracker.com/zipfiles/','','3.67.7.197',1685480578),(84668,0,'page not found','@uri','a:1:{s:4:\"@uri\";s:4:\"/~1/\";}',4,'','https://drupal.unemploymenttracker.com/~1/','','3.67.7.197',1685480578),(84669,0,'page not found','@uri','a:1:{s:4:\"@uri\";s:6:\"/~log/\";}',4,'','https://drupal.unemploymenttracker.com/~log/','','3.67.7.197',1685480578),(84670,0,'page not found','@uri','a:1:{s:4:\"@uri\";s:7:\"/~root/\";}',4,'','https://drupal.unemploymenttracker.com/~root/','','3.67.7.197',1685480578),(84671,0,'page not found','@uri','a:1:{s:4:\"@uri\";s:9:\"/~wsdocs/\";}',4,'','https://drupal.unemploymenttracker.com/~wsdocs/','','3.67.7.197',1685480578),(84672,0,'page not found','@uri','a:1:{s:4:\"@uri\";s:7:\"/track/\";}',4,'','https://drupal.unemploymenttracker.com/track/','','3.67.7.197',1685480578),(84673,0,'page not found','@uri','a:1:{s:4:\"@uri\";s:10:\"/tracking/\";}',4,'','https://drupal.unemploymenttracker.com/tracking/','','3.67.7.197',1685480578),(84674,0,'page not found','@uri','a:1:{s:4:\"@uri\";s:17:\"/BizTalkTracking/\";}',4,'','https://drupal.unemploymenttracker.com/BizTalkTracking/','','3.67.7.197',1685480578),(84675,0,'page not found','@uri','a:1:{s:4:\"@uri\";s:19:\"/BizTalkServerDocs/\";}',4,'','https://drupal.unemploymenttracker.com/BizTalkServerDocs/','','3.67.7.197',1685480579),(84676,0,'page not found','@uri','a:1:{s:4:\"@uri\";s:25:\"/BizTalkServerRepository/\";}',4,'','https://drupal.unemploymenttracker.com/BizTalkServerRepository/','','3.67.7.197',1685480579),(84677,0,'page not found','@uri','a:1:{s:4:\"@uri\";s:18:\"/MessagingManager/\";}',4,'','https://drupal.unemploymenttracker.com/MessagingManager/','','3.67.7.197',1685480579),(84678,0,'page not found','@uri','a:1:{s:4:\"@uri\";s:12:\"/iisprotect/\";}',4,'','https://drupal.unemploymenttracker.com/iisprotect/','','3.67.7.197',1685480579),(84679,0,'page not found','@uri','a:1:{s:4:\"@uri\";s:6:\"/acid/\";}',4,'','https://drupal.unemploymenttracker.com/acid/','','3.67.7.197',1685480579),(84680,0,'page not found','@uri','a:1:{s:4:\"@uri\";s:6:\"/chat/\";}',4,'','https://drupal.unemploymenttracker.com/chat/','','3.67.7.197',1685480579),(84681,0,'page not found','@uri','a:1:{s:4:\"@uri\";s:10:\"/eManager/\";}',4,'','https://drupal.unemploymenttracker.com/eManager/','','3.67.7.197',1685480579),(84682,0,'page not found','@uri','a:1:{s:4:\"@uri\";s:11:\"/keyserver/\";}',4,'','https://drupal.unemploymenttracker.com/keyserver/','','3.67.7.197',1685480579),(84683,0,'page not found','@uri','a:1:{s:4:\"@uri\";s:10:\"/search97/\";}',4,'','https://drupal.unemploymenttracker.com/search97/','','3.67.7.197',1685480580),(84684,0,'page not found','@uri','a:1:{s:4:\"@uri\";s:12:\"/tarantella/\";}',4,'','https://drupal.unemploymenttracker.com/tarantella/','','3.67.7.197',1685480580),(84685,0,'page not found','@uri','a:1:{s:4:\"@uri\";s:9:\"/webmail/\";}',4,'','https://drupal.unemploymenttracker.com/webmail/','','3.67.7.197',1685480580),(84686,0,'page not found','@uri','a:1:{s:4:\"@uri\";s:11:\"/flexcube@/\";}',4,'','https://drupal.unemploymenttracker.com/flexcube@/','','3.67.7.197',1685480580),(84687,0,'page not found','@uri','a:1:{s:4:\"@uri\";s:12:\"/flexcubeat/\";}',4,'','https://drupal.unemploymenttracker.com/flexcubeat/','','3.67.7.197',1685480580),(84688,0,'page not found','@uri','a:1:{s:4:\"@uri\";s:9:\"/ganglia/\";}',4,'','https://drupal.unemploymenttracker.com/ganglia/','','3.67.7.197',1685480580),(84689,0,'page not found','@uri','a:1:{s:4:\"@uri\";s:20:\"/sitebuildercontent/\";}',4,'','https://drupal.unemploymenttracker.com/sitebuildercontent/','','3.67.7.197',1685480581),(84690,0,'page not found','@uri','a:1:{s:4:\"@uri\";s:18:\"/sitebuilderfiles/\";}',4,'','https://drupal.unemploymenttracker.com/sitebuilderfiles/','','3.67.7.197',1685480581),(84691,0,'page not found','@uri','a:1:{s:4:\"@uri\";s:21:\"/sitebuilderpictures/\";}',4,'','https://drupal.unemploymenttracker.com/sitebuilderpictures/','','3.67.7.197',1685480581),(84692,0,'page not found','@uri','a:1:{s:4:\"@uri\";s:11:\"/WSsamples/\";}',4,'','https://drupal.unemploymenttracker.com/WSsamples/','','3.67.7.197',1685480581),(84693,0,'page not found','@uri','a:1:{s:4:\"@uri\";s:14:\"/mercuryboard/\";}',4,'','https://drupal.unemploymenttracker.com/mercuryboard/','','3.67.7.197',1685480581),(84694,0,'page not found','@uri','a:1:{s:4:\"@uri\";s:7:\"/tdbin/\";}',4,'','https://drupal.unemploymenttracker.com/tdbin/','','3.67.7.197',1685480581),(84695,0,'page not found','@uri','a:1:{s:4:\"@uri\";s:11:\"/AlbumArt_/\";}',4,'','https://drupal.unemploymenttracker.com/AlbumArt_/','','3.67.7.197',1685480581),(84696,0,'page not found','@uri','a:1:{s:4:\"@uri\";s:5:\"/faq/\";}',4,'','https://drupal.unemploymenttracker.com/faq/','','3.67.7.197',1685480582),(84697,0,'page not found','@uri','a:1:{s:4:\"@uri\";s:5:\"/ref/\";}',4,'','https://drupal.unemploymenttracker.com/ref/','','3.67.7.197',1685480582),(84698,0,'page not found','@uri','a:1:{s:4:\"@uri\";s:5:\"/cmp/\";}',4,'','https://drupal.unemploymenttracker.com/cmp/','','3.67.7.197',1685480582),(84699,0,'page not found','@uri','a:1:{s:4:\"@uri\";s:9:\"/cgi-bim/\";}',4,'','https://drupal.unemploymenttracker.com/cgi-bim/','','3.67.7.197',1685480582),(84700,0,'page not found','@uri','a:1:{s:4:\"@uri\";s:11:\"/cgi-isapi/\";}',4,'','https://drupal.unemploymenttracker.com/cgi-isapi/','','3.67.7.197',1685480582),(84701,0,'page not found','@uri','a:1:{s:4:\"@uri\";s:21:\"/wavemaster.internal/\";}',4,'','https://drupal.unemploymenttracker.com/wavemaster.internal/','','3.67.7.197',1685480582),(84702,0,'page not found','@uri','a:1:{s:4:\"@uri\";s:8:\"/urchin/\";}',4,'','https://drupal.unemploymenttracker.com/urchin/','','3.67.7.197',1685480582),(84703,0,'page not found','@uri','a:1:{s:4:\"@uri\";s:9:\"/urchin3/\";}',4,'','https://drupal.unemploymenttracker.com/urchin3/','','3.67.7.197',1685480582),(84704,0,'page not found','@uri','a:1:{s:4:\"@uri\";s:9:\"/urchin5/\";}',4,'','https://drupal.unemploymenttracker.com/urchin5/','','3.67.7.197',1685480583),(84705,0,'page not found','@uri','a:1:{s:4:\"@uri\";s:11:\"/publisher/\";}',4,'','https://drupal.unemploymenttracker.com/publisher/','','3.67.7.197',1685480583),(84706,0,'page not found','@uri','a:1:{s:4:\"@uri\";s:4:\"/en/\";}',4,'','https://drupal.unemploymenttracker.com/en/','','3.67.7.197',1685480583),(84707,0,'page not found','@uri','a:1:{s:4:\"@uri\";s:7:\"/en-US/\";}',4,'','https://drupal.unemploymenttracker.com/en-US/','','3.67.7.197',1685480583),(84708,0,'page not found','@uri','a:1:{s:4:\"@uri\";s:4:\"/fr/\";}',4,'','https://drupal.unemploymenttracker.com/fr/','','3.67.7.197',1685480583),(84709,0,'page not found','@uri','a:1:{s:4:\"@uri\";s:6:\"/intl/\";}',4,'','https://drupal.unemploymenttracker.com/intl/','','3.67.7.197',1685480583),(84710,0,'page not found','@uri','a:1:{s:4:\"@uri\";s:7:\"/about/\";}',4,'','https://drupal.unemploymenttracker.com/about/','','3.67.7.197',1685480583),(84711,0,'page not found','@uri','a:1:{s:4:\"@uri\";s:6:\"/aspx/\";}',4,'','https://drupal.unemploymenttracker.com/aspx/','','3.67.7.197',1685480583),(84712,0,'page not found','@uri','a:1:{s:4:\"@uri\";s:11:\"/Boutiques/\";}',4,'','https://drupal.unemploymenttracker.com/Boutiques/','','3.67.7.197',1685480584),(84713,0,'page not found','@uri','a:1:{s:4:\"@uri\";s:10:\"/business/\";}',4,'','https://drupal.unemploymenttracker.com/business/','','3.67.7.197',1685480584),(84714,0,'page not found','@uri','a:1:{s:4:\"@uri\";s:9:\"/content/\";}',4,'','https://drupal.unemploymenttracker.com/content/','','3.67.7.197',1685480584),(84715,0,'page not found','@uri','a:1:{s:4:\"@uri\";s:11:\"/Corporate/\";}',4,'','https://drupal.unemploymenttracker.com/Corporate/','','3.67.7.197',1685480584),(84716,0,'page not found','@uri','a:1:{s:4:\"@uri\";s:9:\"/company/\";}',4,'','https://drupal.unemploymenttracker.com/company/','','3.67.7.197',1685480584),(84717,0,'page not found','@uri','a:1:{s:4:\"@uri\";s:8:\"/client/\";}',4,'','https://drupal.unemploymenttracker.com/client/','','3.67.7.197',1685480584),(84718,0,'page not found','@uri','a:1:{s:4:\"@uri\";s:8:\"/DB4Web/\";}',4,'','https://drupal.unemploymenttracker.com/DB4Web/','','3.67.7.197',1685480584),(84719,0,'page not found','@uri','a:1:{s:4:\"@uri\";s:5:\"/dll/\";}',4,'','https://drupal.unemploymenttracker.com/dll/','','3.67.7.197',1685480584),(84720,0,'page not found','@uri','a:1:{s:4:\"@uri\";s:10:\"/frameset/\";}',4,'','https://drupal.unemploymenttracker.com/frameset/','','3.67.7.197',1685480585),(84721,0,'page not found','@uri','a:1:{s:4:\"@uri\";s:7:\"/howto/\";}',4,'','https://drupal.unemploymenttracker.com/howto/','','3.67.7.197',1685480585),(84722,0,'page not found','@uri','a:1:{s:4:\"@uri\";s:7:\"/legal/\";}',4,'','https://drupal.unemploymenttracker.com/legal/','','3.67.7.197',1685480585),(84723,0,'page not found','@uri','a:1:{s:4:\"@uri\";s:8:\"/member/\";}',4,'','https://drupal.unemploymenttracker.com/member/','','3.67.7.197',1685480585),(84724,0,'page not found','@uri','a:1:{s:4:\"@uri\";s:11:\"/myaccount/\";}',4,'','https://drupal.unemploymenttracker.com/myaccount/','','3.67.7.197',1685480585),(84725,0,'page not found','@uri','a:1:{s:4:\"@uri\";s:5:\"/obj/\";}',4,'','https://drupal.unemploymenttracker.com/obj/','','3.67.7.197',1685480585),(84726,0,'page not found','@uri','a:1:{s:4:\"@uri\";s:8:\"/offers/\";}',4,'','https://drupal.unemploymenttracker.com/offers/','','3.67.7.197',1685480585),(84727,0,'page not found','@uri','a:1:{s:4:\"@uri\";s:16:\"/personal_pages/\";}',4,'','https://drupal.unemploymenttracker.com/personal_pages/','','3.67.7.197',1685480585),(84728,0,'page not found','@uri','a:1:{s:4:\"@uri\";s:5:\"/rem/\";}',4,'','https://drupal.unemploymenttracker.com/rem/','','3.67.7.197',1685480586),(84729,0,'page not found','@uri','a:1:{s:4:\"@uri\";s:8:\"/Remote/\";}',4,'','https://drupal.unemploymenttracker.com/Remote/','','3.67.7.197',1685480586),(84730,0,'page not found','@uri','a:1:{s:4:\"@uri\";s:7:\"/serve/\";}',4,'','https://drupal.unemploymenttracker.com/serve/','','3.67.7.197',1685480586),(84731,0,'page not found','@uri','a:1:{s:4:\"@uri\";s:10:\"/shopping/\";}',4,'','https://drupal.unemploymenttracker.com/shopping/','','3.67.7.197',1685480586),(84732,0,'page not found','@uri','a:1:{s:4:\"@uri\";s:7:\"/slide/\";}',4,'','https://drupal.unemploymenttracker.com/slide/','','3.67.7.197',1685480586),(84733,0,'page not found','@uri','a:1:{s:4:\"@uri\";s:11:\"/solutions/\";}',4,'','https://drupal.unemploymenttracker.com/solutions/','','3.67.7.197',1685480586),(84734,0,'page not found','@uri','a:1:{s:4:\"@uri\";s:4:\"/v4/\";}',4,'','https://drupal.unemploymenttracker.com/v4/','','3.67.7.197',1685480586),(84735,0,'page not found','@uri','a:1:{s:4:\"@uri\";s:5:\"/wws/\";}',4,'','https://drupal.unemploymenttracker.com/wws/','','3.67.7.197',1685480586),(84736,0,'page not found','@uri','a:1:{s:4:\"@uri\";s:14:\"/squirrelmail/\";}',4,'','https://drupal.unemploymenttracker.com/squirrelmail/','','3.67.7.197',1685480587),(84737,0,'page not found','@uri','a:1:{s:4:\"@uri\";s:7:\"/dspam/\";}',4,'','https://drupal.unemploymenttracker.com/dspam/','','3.67.7.197',1685480587),(84738,0,'page not found','@uri','a:1:{s:4:\"@uri\";s:7:\"/cacti/\";}',4,'','https://drupal.unemploymenttracker.com/cacti/','','3.67.7.197',1685480587),(84739,0,'page not found','@uri','a:1:{s:4:\"@uri\";s:8:\"/themes/\";}',4,'','https://drupal.unemploymenttracker.com/themes/','','3.67.7.197',1685480587),(84740,0,'page not found','@uri','a:1:{s:4:\"@uri\";s:7:\"/xampp/\";}',4,'','https://drupal.unemploymenttracker.com/xampp/','','3.67.7.197',1685480587),(84741,0,'page not found','@uri','a:1:{s:4:\"@uri\";s:9:\"/manager/\";}',4,'','https://drupal.unemploymenttracker.com/manager/','','3.67.7.197',1685480587),(84742,0,'page not found','@uri','a:1:{s:4:\"@uri\";s:10:\"/balancer/\";}',4,'','https://drupal.unemploymenttracker.com/balancer/','','3.67.7.197',1685480587),(84743,0,'page not found','@uri','a:1:{s:4:\"@uri\";s:15:\"/awstatstotals/\";}',4,'','https://drupal.unemploymenttracker.com/awstatstotals/','','3.67.7.197',1685480587),(84744,0,'page not found','@uri','a:1:{s:4:\"@uri\";s:8:\"/aspnet/\";}',4,'','https://drupal.unemploymenttracker.com/aspnet/','','3.67.7.197',1685480587),(84745,0,'page not found','@uri','a:1:{s:4:\"@uri\";s:11:\"/bugzilla3/\";}',4,'','https://drupal.unemploymenttracker.com/bugzilla3/','','3.67.7.197',1685480588),(84746,0,'page not found','@uri','a:1:{s:4:\"@uri\";s:7:\"/lampp/\";}',4,'','https://drupal.unemploymenttracker.com/lampp/','','3.67.7.197',1685480588),(84747,0,'page not found','@uri','a:1:{s:4:\"@uri\";s:5:\"/tor/\";}',4,'','https://drupal.unemploymenttracker.com/tor/','','3.67.7.197',1685480588),(84748,0,'page not found','@uri','a:1:{s:4:\"@uri\";s:5:\"/bbs/\";}',4,'','https://drupal.unemploymenttracker.com/bbs/','','3.67.7.197',1685480588),(84749,0,'page not found','@uri','a:1:{s:4:\"@uri\";s:9:\"/4images/\";}',4,'','https://drupal.unemploymenttracker.com/4images/','','3.67.7.197',1685480588),(84750,0,'page not found','@uri','a:1:{s:4:\"@uri\";s:12:\"/99articles/\";}',4,'','https://drupal.unemploymenttracker.com/99articles/','','3.67.7.197',1685480588),(84751,0,'page not found','@uri','a:1:{s:4:\"@uri\";s:15:\"/DigitalScribe/\";}',4,'','https://drupal.unemploymenttracker.com/DigitalScribe/','','3.67.7.197',1685480588),(84752,0,'page not found','@uri','a:1:{s:4:\"@uri\";s:14:\"/EZPhotoSales/\";}',4,'','https://drupal.unemploymenttracker.com/EZPhotoSales/','','3.67.7.197',1685480588),(84753,0,'page not found','@uri','a:1:{s:4:\"@uri\";s:12:\"/GWextranet/\";}',4,'','https://drupal.unemploymenttracker.com/GWextranet/','','3.67.7.197',1685480589),(84754,0,'page not found','@uri','a:1:{s:4:\"@uri\";s:9:\"/Gallery/\";}',4,'','https://drupal.unemploymenttracker.com/Gallery/','','3.67.7.197',1685480589),(84755,0,'page not found','@uri','a:1:{s:4:\"@uri\";s:11:\"/IlohaMail/\";}',4,'','https://drupal.unemploymenttracker.com/IlohaMail/','','3.67.7.197',1685480589),(84756,0,'page not found','@uri','a:1:{s:4:\"@uri\";s:10:\"/ImageVue/\";}',4,'','https://drupal.unemploymenttracker.com/ImageVue/','','3.67.7.197',1685480589),(84757,0,'page not found','@uri','a:1:{s:4:\"@uri\";s:6:\"/NOCC/\";}',4,'','https://drupal.unemploymenttracker.com/NOCC/','','3.67.7.197',1685480589),(84758,0,'page not found','@uri','a:1:{s:4:\"@uri\";s:15:\"/OnlineViewing/\";}',4,'','https://drupal.unemploymenttracker.com/OnlineViewing/','','3.67.7.197',1685480589),(84759,0,'page not found','@uri','a:1:{s:4:\"@uri\";s:7:\"/OvCgi/\";}',4,'','https://drupal.unemploymenttracker.com/OvCgi/','','3.67.7.197',1685480589),(84760,0,'page not found','@uri','a:1:{s:4:\"@uri\";s:15:\"/PhpDocumentor/\";}',4,'','https://drupal.unemploymenttracker.com/PhpDocumentor/','','3.67.7.197',1685480589),(84761,0,'page not found','@uri','a:1:{s:4:\"@uri\";s:13:\"/SpamConsole/\";}',4,'','https://drupal.unemploymenttracker.com/SpamConsole/','','3.67.7.197',1685480590),(84762,0,'page not found','@uri','a:1:{s:4:\"@uri\";s:10:\"/SugarCRM/\";}',4,'','https://drupal.unemploymenttracker.com/SugarCRM/','','3.67.7.197',1685480590),(84763,0,'page not found','@uri','a:1:{s:4:\"@uri\";s:14:\"/TXWebService/\";}',4,'','https://drupal.unemploymenttracker.com/TXWebService/','','3.67.7.197',1685480590),(84764,0,'page not found','@uri','a:1:{s:4:\"@uri\";s:6:\"/Wiki/\";}',4,'','https://drupal.unemploymenttracker.com/Wiki/','','3.67.7.197',1685480590),(84765,0,'page not found','@uri','a:1:{s:4:\"@uri\";s:20:\"/XeroxCentreWareWeb/\";}',4,'','https://drupal.unemploymenttracker.com/XeroxCentreWareWeb/','','3.67.7.197',1685480590),(84766,0,'page not found','@uri','a:1:{s:4:\"@uri\";s:8:\"/_bsLib/\";}',4,'','https://drupal.unemploymenttracker.com/_bsLib/','','3.67.7.197',1685480590),(84767,0,'page not found','@uri','a:1:{s:4:\"@uri\";s:8:\"/_bslib/\";}',4,'','https://drupal.unemploymenttracker.com/_bslib/','','3.67.7.197',1685480590),(84768,0,'page not found','@uri','a:1:{s:4:\"@uri\";s:18:\"/aardvarktopsites/\";}',4,'','https://drupal.unemploymenttracker.com/aardvarktopsites/','','3.67.7.197',1685480590),(84769,0,'page not found','@uri','a:1:{s:4:\"@uri\";s:6:\"/acal/\";}',4,'','https://drupal.unemploymenttracker.com/acal/','','3.67.7.197',1685480591),(84770,0,'page not found','@uri','a:1:{s:4:\"@uri\";s:16:\"/actualanalyzer/\";}',4,'','https://drupal.unemploymenttracker.com/actualanalyzer/','','3.67.7.197',1685480591),(84771,0,'page not found','@uri','a:1:{s:4:\"@uri\";s:9:\"/admbook/\";}',4,'','https://drupal.unemploymenttracker.com/admbook/','','3.67.7.197',1685480591),(84772,0,'page not found','@uri','a:1:{s:4:\"@uri\";s:5:\"/ads/\";}',4,'','https://drupal.unemploymenttracker.com/ads/','','3.67.7.197',1685480591),(84773,0,'page not found','@uri','a:1:{s:4:\"@uri\";s:10:\"/adserver/\";}',4,'','https://drupal.unemploymenttracker.com/adserver/','','3.67.7.197',1685480591),(84774,0,'page not found','@uri','a:1:{s:4:\"@uri\";s:8:\"/agenda/\";}',4,'','https://drupal.unemploymenttracker.com/agenda/','','3.67.7.197',1685480591),(84775,0,'page not found','@uri','a:1:{s:4:\"@uri\";s:7:\"/agora/\";}',4,'','https://drupal.unemploymenttracker.com/agora/','','3.67.7.197',1685480591),(84776,0,'page not found','@uri','a:1:{s:4:\"@uri\";s:7:\"/album/\";}',4,'','https://drupal.unemploymenttracker.com/album/','','3.67.7.197',1685480591),(84777,0,'page not found','@uri','a:1:{s:4:\"@uri\";s:8:\"/albums/\";}',4,'','https://drupal.unemploymenttracker.com/albums/','','3.67.7.197',1685480591),(84778,0,'page not found','@uri','a:1:{s:4:\"@uri\";s:8:\"/amazon/\";}',4,'','https://drupal.unemploymenttracker.com/amazon/','','3.67.7.197',1685480592),(84779,0,'page not found','@uri','a:1:{s:4:\"@uri\";s:9:\"/amember/\";}',4,'','https://drupal.unemploymenttracker.com/amember/','','3.67.7.197',1685480592),(84780,0,'page not found','@uri','a:1:{s:4:\"@uri\";s:10:\"/amserver/\";}',4,'','https://drupal.unemploymenttracker.com/amserver/','','3.67.7.197',1685480592),(84781,0,'page not found','@uri','a:1:{s:4:\"@uri\";s:10:\"/angeline/\";}',4,'','https://drupal.unemploymenttracker.com/angeline/','','3.67.7.197',1685480592),(84782,0,'page not found','@uri','a:1:{s:4:\"@uri\";s:10:\"/articles/\";}',4,'','https://drupal.unemploymenttracker.com/articles/','','3.67.7.197',1685480592),(84783,0,'page not found','@uri','a:1:{s:4:\"@uri\";s:11:\"/asteridex/\";}',4,'','https://drupal.unemploymenttracker.com/asteridex/','','3.67.7.197',1685480592),(84784,0,'page not found','@uri','a:1:{s:4:\"@uri\";s:9:\"/auction/\";}',4,'','https://drupal.unemploymenttracker.com/auction/','','3.67.7.197',1685480592),(84785,0,'page not found','@uri','a:1:{s:4:\"@uri\";s:9:\"/auktion/\";}',4,'','https://drupal.unemploymenttracker.com/auktion/','','3.67.7.197',1685480592),(84786,0,'page not found','@uri','a:1:{s:4:\"@uri\";s:9:\"/awstats/\";}',4,'','https://drupal.unemploymenttracker.com/awstats/','','3.67.7.197',1685480593),(84787,0,'page not found','@uri','a:1:{s:4:\"@uri\";s:13:\"/awstats-cgi/\";}',4,'','https://drupal.unemploymenttracker.com/awstats-cgi/','','3.67.7.197',1685480593),(84788,0,'page not found','@uri','a:1:{s:4:\"@uri\";s:17:\"/awstats/cgi-bin/\";}',4,'','https://drupal.unemploymenttracker.com/awstats/cgi-bin/','','3.67.7.197',1685480593),(84789,0,'page not found','@uri','a:1:{s:4:\"@uri\";s:16:\"/bannerexchange/\";}',4,'','https://drupal.unemploymenttracker.com/bannerexchange/','','3.67.7.197',1685480593),(84790,0,'page not found','@uri','a:1:{s:4:\"@uri\";s:6:\"/base/\";}',4,'','https://drupal.unemploymenttracker.com/base/','','3.67.7.197',1685480593),(84791,0,'page not found','@uri','a:1:{s:4:\"@uri\";s:9:\"/basilix/\";}',4,'','https://drupal.unemploymenttracker.com/basilix/','','3.67.7.197',1685480594),(84792,0,'page not found','@uri','a:1:{s:4:\"@uri\";s:11:\"/bitweaver/\";}',4,'','https://drupal.unemploymenttracker.com/bitweaver/','','3.67.7.197',1685480594),(84793,0,'page not found','@uri','a:1:{s:4:\"@uri\";s:6:\"/blob/\";}',4,'','https://drupal.unemploymenttracker.com/blob/','','3.67.7.197',1685480594),(84794,0,'page not found','@uri','a:1:{s:4:\"@uri\";s:6:\"/blog/\";}',4,'','https://drupal.unemploymenttracker.com/blog/','','3.67.7.197',1685480594),(84795,0,'page not found','@uri','a:1:{s:4:\"@uri\";s:7:\"/blogs/\";}',4,'','https://drupal.unemploymenttracker.com/blogs/','','3.67.7.197',1685480594),(84796,0,'page not found','@uri','a:1:{s:4:\"@uri\";s:10:\"/bmachine/\";}',4,'','https://drupal.unemploymenttracker.com/bmachine/','','3.67.7.197',1685480594),(84797,0,'page not found','@uri','a:1:{s:4:\"@uri\";s:7:\"/board/\";}',4,'','https://drupal.unemploymenttracker.com/board/','','3.67.7.197',1685480594),(84798,0,'page not found','@uri','a:1:{s:4:\"@uri\";s:14:\"/boastmachine/\";}',4,'','https://drupal.unemploymenttracker.com/boastmachine/','','3.67.7.197',1685480594),(84799,0,'page not found','@uri','a:1:{s:4:\"@uri\";s:8:\"/boonex/\";}',4,'','https://drupal.unemploymenttracker.com/boonex/','','3.67.7.197',1685480595),(84800,0,'page not found','@uri','a:1:{s:4:\"@uri\";s:5:\"/cal/\";}',4,'','https://drupal.unemploymenttracker.com/cal/','','3.67.7.197',1685480595),(84801,0,'page not found','@uri','a:1:{s:4:\"@uri\";s:10:\"/calendar/\";}',4,'','https://drupal.unemploymenttracker.com/calendar/','','3.67.7.197',1685480595),(84802,0,'page not found','@uri','a:1:{s:4:\"@uri\";s:17:\"/calendarexpress/\";}',4,'','https://drupal.unemploymenttracker.com/calendarexpress/','','3.67.7.197',1685480595),(84803,0,'page not found','@uri','a:1:{s:4:\"@uri\";s:12:\"/calendarix/\";}',4,'','https://drupal.unemploymenttracker.com/calendarix/','','3.67.7.197',1685480595),(84804,0,'page not found','@uri','a:1:{s:4:\"@uri\";s:12:\"/candypress/\";}',4,'','https://drupal.unemploymenttracker.com/candypress/','','3.67.7.197',1685480595),(84805,0,'page not found','@uri','a:1:{s:4:\"@uri\";s:10:\"/centreon/\";}',4,'','https://drupal.unemploymenttracker.com/centreon/','','3.67.7.197',1685480595),(84806,0,'page not found','@uri','a:1:{s:4:\"@uri\";s:10:\"/cerberus/\";}',4,'','https://drupal.unemploymenttracker.com/cerberus/','','3.67.7.197',1685480595),(84807,0,'page not found','@uri','a:1:{s:4:\"@uri\";s:14:\"/cerberus-gui/\";}',4,'','https://drupal.unemploymenttracker.com/cerberus-gui/','','3.67.7.197',1685480596),(84808,0,'page not found','@uri','a:1:{s:4:\"@uri\";s:14:\"/cgi-bin/dada/\";}',4,'','https://drupal.unemploymenttracker.com/cgi-bin/dada/','','3.67.7.197',1685480596),(84809,0,'page not found','@uri','a:1:{s:4:\"@uri\";s:12:\"/cgi-bin/mt/\";}',4,'','https://drupal.unemploymenttracker.com/cgi-bin/mt/','','3.67.7.197',1685480596),(84810,0,'page not found','@uri','a:1:{s:4:\"@uri\";s:21:\"/cgi-bin/openwebmail/\";}',4,'','https://drupal.unemploymenttracker.com/cgi-bin/openwebmail/','','3.67.7.197',1685480596),(84811,0,'page not found','@uri','a:1:{s:4:\"@uri\";s:17:\"/cgi-bin/sysinfo/\";}',4,'','https://drupal.unemploymenttracker.com/cgi-bin/sysinfo/','','3.67.7.197',1685480596),(84812,0,'page not found','@uri','a:1:{s:4:\"@uri\";s:15:\"/cgi-bin/twiki/\";}',4,'','https://drupal.unemploymenttracker.com/cgi-bin/twiki/','','3.67.7.197',1685480596),(84813,0,'page not found','@uri','a:1:{s:4:\"@uri\";s:20:\"/cgi-bin/viewvc.cgi/\";}',4,'','https://drupal.unemploymenttracker.com/cgi-bin/viewvc.cgi/','','3.67.7.197',1685480596),(84814,0,'page not found','@uri','a:1:{s:4:\"@uri\";s:12:\"/cgi-public/\";}',4,'','https://drupal.unemploymenttracker.com/cgi-public/','','3.67.7.197',1685480596),(84815,0,'page not found','@uri','a:1:{s:4:\"@uri\";s:7:\"/chora/\";}',4,'','https://drupal.unemploymenttracker.com/chora/','','3.67.7.197',1685480597),(84816,0,'page not found','@uri','a:1:{s:4:\"@uri\";s:6:\"/clan/\";}',4,'','https://drupal.unemploymenttracker.com/clan/','','3.67.7.197',1685480597),(84817,0,'page not found','@uri','a:1:{s:4:\"@uri\";s:10:\"/clan-nic/\";}',4,'','https://drupal.unemploymenttracker.com/clan-nic/','','3.67.7.197',1685480597),(84818,0,'page not found','@uri','a:1:{s:4:\"@uri\";s:11:\"/claroline/\";}',4,'','https://drupal.unemploymenttracker.com/claroline/','','3.67.7.197',1685480597),(84819,0,'page not found','@uri','a:1:{s:4:\"@uri\";s:12:\"/classified/\";}',4,'','https://drupal.unemploymenttracker.com/classified/','','3.67.7.197',1685480597),(84820,0,'page not found','@uri','a:1:{s:4:\"@uri\";s:13:\"/classifieds/\";}',4,'','https://drupal.unemploymenttracker.com/classifieds/','','3.67.7.197',1685480597),(84821,0,'page not found','@uri','a:1:{s:4:\"@uri\";s:5:\"/cms/\";}',4,'','https://drupal.unemploymenttracker.com/cms/','','3.67.7.197',1685480597),(84822,0,'page not found','@uri','a:1:{s:4:\"@uri\";s:8:\"/cms400/\";}',4,'','https://drupal.unemploymenttracker.com/cms400/','','3.67.7.197',1685480597),(84823,0,'page not found','@uri','a:1:{s:4:\"@uri\";s:12:\"/cms400.net/\";}',4,'','https://drupal.unemploymenttracker.com/cms400.net/','','3.67.7.197',1685480598),(84824,0,'page not found','@uri','a:1:{s:4:\"@uri\";s:15:\"/cmsmadesimple/\";}',4,'','https://drupal.unemploymenttracker.com/cmsmadesimple/','','3.67.7.197',1685480598),(84825,0,'page not found','@uri','a:1:{s:4:\"@uri\";s:7:\"/cmsms/\";}',4,'','https://drupal.unemploymenttracker.com/cmsms/','','3.67.7.197',1685480598),(84826,0,'page not found','@uri','a:1:{s:4:\"@uri\";s:10:\"/comersus/\";}',4,'','https://drupal.unemploymenttracker.com/comersus/','','3.67.7.197',1685480598),(84827,0,'page not found','@uri','a:1:{s:4:\"@uri\";s:11:\"/community/\";}',4,'','https://drupal.unemploymenttracker.com/community/','','3.67.7.197',1685480598),(84828,0,'page not found','@uri','a:1:{s:4:\"@uri\";s:11:\"/contenido/\";}',4,'','https://drupal.unemploymenttracker.com/contenido/','','3.67.7.197',1685480598),(84829,0,'page not found','@uri','a:1:{s:4:\"@uri\";s:12:\"/coppermine/\";}',4,'','https://drupal.unemploymenttracker.com/coppermine/','','3.67.7.197',1685480598),(84830,0,'page not found','@uri','a:1:{s:4:\"@uri\";s:5:\"/cpg/\";}',4,'','https://drupal.unemploymenttracker.com/cpg/','','3.67.7.197',1685480598),(84831,0,'page not found','@uri','a:1:{s:4:\"@uri\";s:5:\"/crm/\";}',4,'','https://drupal.unemploymenttracker.com/crm/','','3.67.7.197',1685480599),(84832,0,'page not found','@uri','a:1:{s:4:\"@uri\";s:11:\"/currently/\";}',4,'','https://drupal.unemploymenttracker.com/currently/','','3.67.7.197',1685480599),(84833,0,'page not found','@uri','a:1:{s:4:\"@uri\";s:6:\"/cute/\";}',4,'','https://drupal.unemploymenttracker.com/cute/','','3.67.7.197',1685480599),(84834,0,'page not found','@uri','a:1:{s:4:\"@uri\";s:10:\"/cutenews/\";}',4,'','https://drupal.unemploymenttracker.com/cutenews/','','3.67.7.197',1685480599),(84835,0,'page not found','@uri','a:1:{s:4:\"@uri\";s:9:\"/cvstrac/\";}',4,'','https://drupal.unemploymenttracker.com/cvstrac/','','3.67.7.197',1685480599),(84836,0,'page not found','@uri','a:1:{s:4:\"@uri\";s:12:\"/daloradius/\";}',4,'','https://drupal.unemploymenttracker.com/daloradius/','','3.67.7.197',1685480599),(84837,0,'page not found','@uri','a:1:{s:4:\"@uri\";s:13:\"/dana/fb/smb/\";}',4,'','https://drupal.unemploymenttracker.com/dana/fb/smb/','','3.67.7.197',1685480599),(84838,0,'page not found','@uri','a:1:{s:4:\"@uri\";s:8:\"/discuz/\";}',4,'','https://drupal.unemploymenttracker.com/discuz/','','3.67.7.197',1685480599),(84839,0,'page not found','@uri','a:1:{s:4:\"@uri\";s:11:\"/doceboCms/\";}',4,'','https://drupal.unemploymenttracker.com/doceboCms/','','3.67.7.197',1685480600),(84840,0,'page not found','@uri','a:1:{s:4:\"@uri\";s:12:\"/doceboCore/\";}',4,'','https://drupal.unemploymenttracker.com/doceboCore/','','3.67.7.197',1685480600),(84841,0,'page not found','@uri','a:1:{s:4:\"@uri\";s:11:\"/doceboKms/\";}',4,'','https://drupal.unemploymenttracker.com/doceboKms/','','3.67.7.197',1685480600),(84842,0,'page not found','@uri','a:1:{s:4:\"@uri\";s:11:\"/doceboLms/\";}',4,'','https://drupal.unemploymenttracker.com/doceboLms/','','3.67.7.197',1685480600),(84843,0,'page not found','@uri','a:1:{s:4:\"@uri\";s:15:\"/documentation/\";}',4,'','https://drupal.unemploymenttracker.com/documentation/','','3.67.7.197',1685480600),(84844,0,'page not found','@uri','a:1:{s:4:\"@uri\";s:11:\"/docushare/\";}',4,'','https://drupal.unemploymenttracker.com/docushare/','','3.67.7.197',1685480600),(84845,0,'page not found','@uri','a:1:{s:4:\"@uri\";s:8:\"/dokeos/\";}',4,'','https://drupal.unemploymenttracker.com/dokeos/','','3.67.7.197',1685480600),(84846,0,'page not found','@uri','a:1:{s:4:\"@uri\";s:6:\"/doku/\";}',4,'','https://drupal.unemploymenttracker.com/doku/','','3.67.7.197',1685480600),(84847,0,'page not found','@uri','a:1:{s:4:\"@uri\";s:10:\"/dokuwiki/\";}',4,'','https://drupal.unemploymenttracker.com/dokuwiki/','','3.67.7.197',1685480601),(84848,0,'page not found','@uri','a:1:{s:4:\"@uri\";s:9:\"/dolphin/\";}',4,'','https://drupal.unemploymenttracker.com/dolphin/','','3.67.7.197',1685480601),(84849,0,'page not found','@uri','a:1:{s:4:\"@uri\";s:12:\"/dotProject/\";}',4,'','https://drupal.unemploymenttracker.com/dotProject/','','3.67.7.197',1685480601),(84850,0,'page not found','@uri','a:1:{s:4:\"@uri\";s:8:\"/dotcms/\";}',4,'','https://drupal.unemploymenttracker.com/dotcms/','','3.67.7.197',1685480601),(84851,0,'page not found','@uri','a:1:{s:4:\"@uri\";s:12:\"/dotnetnuke/\";}',4,'','https://drupal.unemploymenttracker.com/dotnetnuke/','','3.67.7.197',1685480601),(84852,0,'page not found','@uri','a:1:{s:4:\"@uri\";s:12:\"/dotproject/\";}',4,'','https://drupal.unemploymenttracker.com/dotproject/','','3.67.7.197',1685480601),(84853,0,'page not found','@uri','a:1:{s:4:\"@uri\";s:8:\"/drupal/\";}',4,'','https://drupal.unemploymenttracker.com/drupal/','','3.67.7.197',1685480601),(84854,0,'page not found','@uri','a:1:{s:4:\"@uri\";s:6:\"/dsdn/\";}',4,'','https://drupal.unemploymenttracker.com/dsdn/','','3.67.7.197',1685480601),(84855,0,'page not found','@uri','a:1:{s:4:\"@uri\";s:6:\"/e107/\";}',4,'','https://drupal.unemploymenttracker.com/e107/','','3.67.7.197',1685480601),(84856,0,'page not found','@uri','a:1:{s:4:\"@uri\";s:14:\"/eAccelerator/\";}',4,'','https://drupal.unemploymenttracker.com/eAccelerator/','','3.67.7.197',1685480602),(84857,0,'page not found','@uri','a:1:{s:4:\"@uri\";s:10:\"/eFiction/\";}',4,'','https://drupal.unemploymenttracker.com/eFiction/','','3.67.7.197',1685480602),(84858,0,'page not found','@uri','a:1:{s:4:\"@uri\";s:14:\"/eaccelerator/\";}',4,'','https://drupal.unemploymenttracker.com/eaccelerator/','','3.67.7.197',1685480602),(84859,0,'page not found','@uri','a:1:{s:4:\"@uri\";s:14:\"/easydownload/\";}',4,'','https://drupal.unemploymenttracker.com/easydownload/','','3.67.7.197',1685480602),(84860,0,'page not found','@uri','a:1:{s:4:\"@uri\";s:7:\"/ecard/\";}',4,'','https://drupal.unemploymenttracker.com/ecard/','','3.67.7.197',1685480602),(84861,0,'page not found','@uri','a:1:{s:4:\"@uri\";s:9:\"/ecartis/\";}',4,'','https://drupal.unemploymenttracker.com/ecartis/','','3.67.7.197',1685480602),(84862,0,'page not found','@uri','a:1:{s:4:\"@uri\";s:4:\"/ee/\";}',4,'','https://drupal.unemploymenttracker.com/ee/','','3.67.7.197',1685480602),(84863,0,'page not found','@uri','a:1:{s:4:\"@uri\";s:10:\"/efiction/\";}',4,'','https://drupal.unemploymenttracker.com/efiction/','','3.67.7.197',1685480602),(84864,0,'page not found','@uri','a:1:{s:4:\"@uri\";s:9:\"/eggblog/\";}',4,'','https://drupal.unemploymenttracker.com/eggblog/','','3.67.7.197',1685480603),(84865,0,'page not found','@uri','a:1:{s:4:\"@uri\";s:5:\"/egs/\";}',4,'','https://drupal.unemploymenttracker.com/egs/','','3.67.7.197',1685480603),(84866,0,'page not found','@uri','a:1:{s:4:\"@uri\";s:6:\"/elog/\";}',4,'','https://drupal.unemploymenttracker.com/elog/','','3.67.7.197',1685480603),(84867,0,'page not found','@uri','a:1:{s:4:\"@uri\";s:10:\"/esupport/\";}',4,'','https://drupal.unemploymenttracker.com/esupport/','','3.67.7.197',1685480603),(84868,0,'page not found','@uri','a:1:{s:4:\"@uri\";s:9:\"/etomite/\";}',4,'','https://drupal.unemploymenttracker.com/etomite/','','3.67.7.197',1685480603),(84869,0,'page not found','@uri','a:1:{s:4:\"@uri\";s:8:\"/events/\";}',4,'','https://drupal.unemploymenttracker.com/events/','','3.67.7.197',1685480603),(84870,0,'page not found','@uri','a:1:{s:4:\"@uri\";s:9:\"/exhibit/\";}',4,'','https://drupal.unemploymenttracker.com/exhibit/','','3.67.7.197',1685480603),(84871,0,'page not found','@uri','a:1:{s:4:\"@uri\";s:15:\"/exhibitengine/\";}',4,'','https://drupal.unemploymenttracker.com/exhibitengine/','','3.67.7.197',1685480603),(84872,0,'page not found','@uri','a:1:{s:4:\"@uri\";s:9:\"/exodesk/\";}',4,'','https://drupal.unemploymenttracker.com/exodesk/','','3.67.7.197',1685480604),(84873,0,'page not found','@uri','a:1:{s:4:\"@uri\";s:8:\"/exoops/\";}',4,'','https://drupal.unemploymenttracker.com/exoops/','','3.67.7.197',1685480604),(84874,0,'page not found','@uri','a:1:{s:4:\"@uri\";s:12:\"/exophpdesk/\";}',4,'','https://drupal.unemploymenttracker.com/exophpdesk/','','3.67.7.197',1685480604),(84875,0,'page not found','@uri','a:1:{s:4:\"@uri\";s:10:\"/exponent/\";}',4,'','https://drupal.unemploymenttracker.com/exponent/','','3.67.7.197',1685480604),(84876,0,'page not found','@uri','a:1:{s:4:\"@uri\";s:12:\"/fanfiction/\";}',4,'','https://drupal.unemploymenttracker.com/fanfiction/','','3.67.7.197',1685480604),(84877,0,'page not found','@uri','a:1:{s:4:\"@uri\";s:11:\"/fckeditor/\";}',4,'','https://drupal.unemploymenttracker.com/fckeditor/','','3.67.7.197',1685480604),(84878,0,'page not found','@uri','a:1:{s:4:\"@uri\";s:7:\"/feeds/\";}',4,'','https://drupal.unemploymenttracker.com/feeds/','','3.67.7.197',1685480604),(84879,0,'page not found','@uri','a:1:{s:4:\"@uri\";s:14:\"/feedsplitter/\";}',4,'','https://drupal.unemploymenttracker.com/feedsplitter/','','3.67.7.197',1685480604),(84880,0,'page not found','@uri','a:1:{s:4:\"@uri\";s:9:\"/filemgr/\";}',4,'','https://drupal.unemploymenttracker.com/filemgr/','','3.67.7.197',1685480605),(84881,0,'page not found','@uri','a:1:{s:4:\"@uri\";s:10:\"/flatnuke/\";}',4,'','https://drupal.unemploymenttracker.com/flatnuke/','','3.67.7.197',1685480605),(84882,0,'page not found','@uri','a:1:{s:4:\"@uri\";s:9:\"/flexcms/\";}',4,'','https://drupal.unemploymenttracker.com/flexcms/','','3.67.7.197',1685480605),(84883,0,'page not found','@uri','a:1:{s:4:\"@uri\";s:10:\"/flyspeck/\";}',4,'','https://drupal.unemploymenttracker.com/flyspeck/','','3.67.7.197',1685480605),(84884,0,'page not found','@uri','a:1:{s:4:\"@uri\";s:10:\"/flyspray/\";}',4,'','https://drupal.unemploymenttracker.com/flyspray/','','3.67.7.197',1685480605),(84885,0,'page not found','@uri','a:1:{s:4:\"@uri\";s:13:\"/forum/forum/\";}',4,'','https://drupal.unemploymenttracker.com/forum/forum/','','3.67.7.197',1685480605),(84886,0,'page not found','@uri','a:1:{s:4:\"@uri\";s:14:\"/forums/forum/\";}',4,'','https://drupal.unemploymenttracker.com/forums/forum/','','3.67.7.197',1685480605),(84887,0,'page not found','@uri','a:1:{s:4:\"@uri\";s:15:\"/fusetalk/blog/\";}',4,'','https://drupal.unemploymenttracker.com/fusetalk/blog/','','3.67.7.197',1685480605),(84888,0,'page not found','@uri','a:1:{s:4:\"@uri\";s:16:\"/fusetalk/forum/\";}',4,'','https://drupal.unemploymenttracker.com/fusetalk/forum/','','3.67.7.197',1685480606),(84889,0,'page not found','@uri','a:1:{s:4:\"@uri\";s:8:\"/fusion/\";}',4,'','https://drupal.unemploymenttracker.com/fusion/','','3.67.7.197',1685480606),(84890,0,'page not found','@uri','a:1:{s:4:\"@uri\";s:11:\"/fuzzylime/\";}',4,'','https://drupal.unemploymenttracker.com/fuzzylime/','','3.67.7.197',1685480606),(84891,0,'page not found','@uri','a:1:{s:4:\"@uri\";s:9:\"/gallery/\";}',4,'','https://drupal.unemploymenttracker.com/gallery/','','3.67.7.197',1685480606),(84892,0,'page not found','@uri','a:1:{s:4:\"@uri\";s:4:\"/gb/\";}',4,'','https://drupal.unemploymenttracker.com/gb/','','3.67.7.197',1685480606),(84893,0,'page not found','@uri','a:1:{s:4:\"@uri\";s:7:\"/gbook/\";}',4,'','https://drupal.unemploymenttracker.com/gbook/','','3.67.7.197',1685480606),(84894,0,'page not found','@uri','a:1:{s:4:\"@uri\";s:5:\"/gbs/\";}',4,'','https://drupal.unemploymenttracker.com/gbs/','','3.67.7.197',1685480607),(84895,0,'page not found','@uri','a:1:{s:4:\"@uri\";s:8:\"/gcards/\";}',4,'','https://drupal.unemploymenttracker.com/gcards/','','3.67.7.197',1685480607),(84896,0,'page not found','@uri','a:1:{s:4:\"@uri\";s:9:\"/geeklog/\";}',4,'','https://drupal.unemploymenttracker.com/geeklog/','','3.67.7.197',1685480607),(84897,0,'page not found','@uri','a:1:{s:4:\"@uri\";s:8:\"/getid3/\";}',4,'','https://drupal.unemploymenttracker.com/getid3/','','3.67.7.197',1685480607),(84898,0,'page not found','@uri','a:1:{s:4:\"@uri\";s:4:\"/gf/\";}',4,'','https://drupal.unemploymenttracker.com/gf/','','3.67.7.197',1685480607),(84899,0,'page not found','@uri','a:1:{s:4:\"@uri\";s:8:\"/gforge/\";}',4,'','https://drupal.unemploymenttracker.com/gforge/','','3.67.7.197',1685480607),(84900,0,'page not found','@uri','a:1:{s:4:\"@uri\";s:11:\"/gregarius/\";}',4,'','https://drupal.unemploymenttracker.com/gregarius/','','3.67.7.197',1685480607),(84901,0,'page not found','@uri','a:1:{s:4:\"@uri\";s:12:\"/greymatter/\";}',4,'','https://drupal.unemploymenttracker.com/greymatter/','','3.67.7.197',1685480607),(84902,0,'page not found','@uri','a:1:{s:4:\"@uri\";s:7:\"/guppy/\";}',4,'','https://drupal.unemploymenttracker.com/guppy/','','3.67.7.197',1685480608),(84903,0,'page not found','@uri','a:1:{s:4:\"@uri\";s:6:\"/gust/\";}',4,'','https://drupal.unemploymenttracker.com/gust/','','3.67.7.197',1685480608),(84904,0,'page not found','@uri','a:1:{s:4:\"@uri\";s:4:\"/hc/\";}',4,'','https://drupal.unemploymenttracker.com/hc/','','3.67.7.197',1685480608),(84905,0,'page not found','@uri','a:1:{s:4:\"@uri\";s:5:\"/hcl/\";}',4,'','https://drupal.unemploymenttracker.com/hcl/','','3.67.7.197',1685480608),(84906,0,'page not found','@uri','a:1:{s:4:\"@uri\";s:10:\"/helpDesk/\";}',4,'','https://drupal.unemploymenttracker.com/helpDesk/','','3.67.7.197',1685480608),(84907,0,'page not found','@uri','a:1:{s:4:\"@uri\";s:12:\"/helpcenter/\";}',4,'','https://drupal.unemploymenttracker.com/helpcenter/','','3.67.7.197',1685480608),(84908,0,'page not found','@uri','a:1:{s:4:\"@uri\";s:16:\"/helpcenterlive/\";}',4,'','https://drupal.unemploymenttracker.com/helpcenterlive/','','3.67.7.197',1685480608),(84909,0,'page not found','@uri','a:1:{s:4:\"@uri\";s:7:\"/horde/\";}',4,'','https://drupal.unemploymenttracker.com/horde/','','3.67.7.197',1685480608),(84910,0,'page not found','@uri','a:1:{s:4:\"@uri\";s:20:\"/hosting_controller/\";}',4,'','https://drupal.unemploymenttracker.com/hosting_controller/','','3.67.7.197',1685480609),(84911,0,'page not found','@uri','a:1:{s:4:\"@uri\";s:6:\"/ical/\";}',4,'','https://drupal.unemploymenttracker.com/ical/','','3.67.7.197',1685480609),(84912,0,'page not found','@uri','a:1:{s:4:\"@uri\";s:11:\"/icalendar/\";}',4,'','https://drupal.unemploymenttracker.com/icalendar/','','3.67.7.197',1685480609),(84913,0,'page not found','@uri','a:1:{s:4:\"@uri\";s:9:\"/idealbb/\";}',4,'','https://drupal.unemploymenttracker.com/idealbb/','','3.67.7.197',1685480609),(84914,0,'page not found','@uri','a:1:{s:4:\"@uri\";s:5:\"/idm/\";}',4,'','https://drupal.unemploymenttracker.com/idm/','','3.67.7.197',1685480609),(84915,0,'page not found','@uri','a:1:{s:4:\"@uri\";s:11:\"/ilohamail/\";}',4,'','https://drupal.unemploymenttracker.com/ilohamail/','','3.67.7.197',1685480609),(84916,0,'page not found','@uri','a:1:{s:4:\"@uri\";s:10:\"/imageVue/\";}',4,'','https://drupal.unemploymenttracker.com/imageVue/','','3.67.7.197',1685480609),(84917,0,'page not found','@uri','a:1:{s:4:\"@uri\";s:10:\"/imagevue/\";}',4,'','https://drupal.unemploymenttracker.com/imagevue/','','3.67.7.197',1685480609),(84918,0,'page not found','@uri','a:1:{s:4:\"@uri\";s:6:\"/imap/\";}',4,'','https://drupal.unemploymenttracker.com/imap/','','3.67.7.197',1685480610),(84919,0,'page not found','@uri','a:1:{s:4:\"@uri\";s:10:\"/includer/\";}',4,'','https://drupal.unemploymenttracker.com/includer/','','3.67.7.197',1685480610),(84920,0,'page not found','@uri','a:1:{s:4:\"@uri\";s:6:\"/ingo/\";}',4,'','https://drupal.unemploymenttracker.com/ingo/','','3.67.7.197',1685480610),(84921,0,'page not found','@uri','a:1:{s:4:\"@uri\";s:13:\"/interchange/\";}',4,'','https://drupal.unemploymenttracker.com/interchange/','','3.67.7.197',1685480610),(84922,0,'page not found','@uri','a:1:{s:4:\"@uri\";s:14:\"/introbuilder/\";}',4,'','https://drupal.unemploymenttracker.com/introbuilder/','','3.67.7.197',1685480610),(84923,0,'page not found','@uri','a:1:{s:4:\"@uri\";s:10:\"/invision/\";}',4,'','https://drupal.unemploymenttracker.com/invision/','','3.67.7.197',1685480610),(84924,0,'page not found','@uri','a:1:{s:4:\"@uri\";s:5:\"/ipb/\";}',4,'','https://drupal.unemploymenttracker.com/ipb/','','3.67.7.197',1685480610),(84925,0,'page not found','@uri','a:1:{s:4:\"@uri\";s:8:\"/ixmail/\";}',4,'','https://drupal.unemploymenttracker.com/ixmail/','','3.67.7.197',1685480610),(84926,0,'page not found','@uri','a:1:{s:4:\"@uri\";s:12:\"/jackrabbit/\";}',4,'','https://drupal.unemploymenttracker.com/jackrabbit/','','3.67.7.197',1685480610),(84927,0,'page not found','@uri','a:1:{s:4:\"@uri\";s:8:\"/jffnms/\";}',4,'','https://drupal.unemploymenttracker.com/jffnms/','','3.67.7.197',1685480611),(84928,0,'page not found','@uri','a:1:{s:4:\"@uri\";s:9:\"/jinzora/\";}',4,'','https://drupal.unemploymenttracker.com/jinzora/','','3.67.7.197',1685480611),(84929,0,'page not found','@uri','a:1:{s:4:\"@uri\";s:6:\"/jira/\";}',4,'','https://drupal.unemploymenttracker.com/jira/','','3.67.7.197',1685480611),(84930,0,'page not found','@uri','a:1:{s:4:\"@uri\";s:8:\"/joomla/\";}',4,'','https://drupal.unemploymenttracker.com/joomla/','','3.67.7.197',1685480611),(84931,0,'page not found','@uri','a:1:{s:4:\"@uri\";s:9:\"/journal/\";}',4,'','https://drupal.unemploymenttracker.com/journal/','','3.67.7.197',1685480611),(84932,0,'page not found','@uri','a:1:{s:4:\"@uri\";s:9:\"/jukebox/\";}',4,'','https://drupal.unemploymenttracker.com/jukebox/','','3.67.7.197',1685480611),(84933,0,'page not found','@uri','a:1:{s:4:\"@uri\";s:8:\"/kayako/\";}',4,'','https://drupal.unemploymenttracker.com/kayako/','','3.67.7.197',1685480611),(84934,0,'page not found','@uri','a:1:{s:4:\"@uri\";s:6:\"/klan/\";}',4,'','https://drupal.unemploymenttracker.com/klan/','','3.67.7.197',1685480611),(84935,0,'page not found','@uri','a:1:{s:4:\"@uri\";s:8:\"/ledger/\";}',4,'','https://drupal.unemploymenttracker.com/ledger/','','3.67.7.197',1685480612),(84936,0,'page not found','@uri','a:1:{s:4:\"@uri\";s:12:\"/ledger-smb/\";}',4,'','https://drupal.unemploymenttracker.com/ledger-smb/','','3.67.7.197',1685480612),(84937,0,'page not found','@uri','a:1:{s:4:\"@uri\";s:11:\"/ledgersmb/\";}',4,'','https://drupal.unemploymenttracker.com/ledgersmb/','','3.67.7.197',1685480612),(84938,0,'page not found','@uri','a:1:{s:4:\"@uri\";s:10:\"/lifetype/\";}',4,'','https://drupal.unemploymenttracker.com/lifetype/','','3.67.7.197',1685480612),(84939,0,'page not found','@uri','a:1:{s:4:\"@uri\";s:7:\"/limbo/\";}',4,'','https://drupal.unemploymenttracker.com/limbo/','','3.67.7.197',1685480612),(84940,0,'page not found','@uri','a:1:{s:4:\"@uri\";s:12:\"/limesurvey/\";}',4,'','https://drupal.unemploymenttracker.com/limesurvey/','','3.67.7.197',1685480612),(84941,0,'page not found','@uri','a:1:{s:4:\"@uri\";s:8:\"/linpha/\";}',4,'','https://drupal.unemploymenttracker.com/linpha/','','3.67.7.197',1685480612),(84942,0,'page not found','@uri','a:1:{s:4:\"@uri\";s:7:\"/lists/\";}',4,'','https://drupal.unemploymenttracker.com/lists/','','3.67.7.197',1685480612),(84943,0,'page not found','@uri','a:1:{s:4:\"@uri\";s:6:\"/live/\";}',4,'','https://drupal.unemploymenttracker.com/live/','','3.67.7.197',1685480613),(84944,0,'page not found','@uri','a:1:{s:4:\"@uri\";s:10:\"/livehelp/\";}',4,'','https://drupal.unemploymenttracker.com/livehelp/','','3.67.7.197',1685480613),(84945,0,'page not found','@uri','a:1:{s:4:\"@uri\";s:10:\"/logrover/\";}',4,'','https://drupal.unemploymenttracker.com/logrover/','','3.67.7.197',1685480613),(84946,0,'page not found','@uri','a:1:{s:4:\"@uri\";s:10:\"/loudblog/\";}',4,'','https://drupal.unemploymenttracker.com/loudblog/','','3.67.7.197',1685480613),(84947,0,'page not found','@uri','a:1:{s:4:\"@uri\";s:6:\"/maia/\";}',4,'','https://drupal.unemploymenttracker.com/maia/','','3.67.7.197',1685480613),(84948,0,'page not found','@uri','a:1:{s:4:\"@uri\";s:11:\"/mailguard/\";}',4,'','https://drupal.unemploymenttracker.com/mailguard/','','3.67.7.197',1685480613),(84949,0,'page not found','@uri','a:1:{s:4:\"@uri\";s:10:\"/mailgust/\";}',4,'','https://drupal.unemploymenttracker.com/mailgust/','','3.67.7.197',1685480613),(84950,0,'page not found','@uri','a:1:{s:4:\"@uri\";s:10:\"/maillist/\";}',4,'','https://drupal.unemploymenttracker.com/maillist/','','3.67.7.197',1685480613),(84951,0,'page not found','@uri','a:1:{s:4:\"@uri\";s:13:\"/mailscanner/\";}',4,'','https://drupal.unemploymenttracker.com/mailscanner/','','3.67.7.197',1685480614),(84952,0,'page not found','@uri','a:1:{s:4:\"@uri\";s:12:\"/mailserver/\";}',4,'','https://drupal.unemploymenttracker.com/mailserver/','','3.67.7.197',1685480614),(84953,0,'page not found','@uri','a:1:{s:4:\"@uri\";s:11:\"/mailwatch/\";}',4,'','https://drupal.unemploymenttracker.com/mailwatch/','','3.67.7.197',1685480614),(84954,0,'page not found','@uri','a:1:{s:4:\"@uri\";s:7:\"/mambo/\";}',4,'','https://drupal.unemploymenttracker.com/mambo/','','3.67.7.197',1685480614),(84955,0,'page not found','@uri','a:1:{s:4:\"@uri\";s:8:\"/mantis/\";}',4,'','https://drupal.unemploymenttracker.com/mantis/','','3.67.7.197',1685480614),(84956,0,'page not found','@uri','a:1:{s:4:\"@uri\";s:7:\"/mdpro/\";}',4,'','https://drupal.unemploymenttracker.com/mdpro/','','3.67.7.197',1685480614),(84957,0,'page not found','@uri','a:1:{s:4:\"@uri\";s:11:\"/mediawiki/\";}',4,'','https://drupal.unemploymenttracker.com/mediawiki/','','3.67.7.197',1685480614),(84958,0,'page not found','@uri','a:1:{s:4:\"@uri\";s:6:\"/mini/\";}',4,'','https://drupal.unemploymenttracker.com/mini/','','3.67.7.197',1685480614),(84959,0,'page not found','@uri','a:1:{s:4:\"@uri\";s:8:\"/minibb/\";}',4,'','https://drupal.unemploymenttracker.com/minibb/','','3.67.7.197',1685480615),(84960,0,'page not found','@uri','a:1:{s:4:\"@uri\";s:7:\"/mnemo/\";}',4,'','https://drupal.unemploymenttracker.com/mnemo/','','3.67.7.197',1685480615),(84961,0,'page not found','@uri','a:1:{s:4:\"@uri\";s:15:\"/modules/forum/\";}',4,'','https://drupal.unemploymenttracker.com/modules/forum/','','3.67.7.197',1685480615),(84962,0,'page not found','@uri','a:1:{s:4:\"@uri\";s:6:\"/modx/\";}',4,'','https://drupal.unemploymenttracker.com/modx/','','3.67.7.197',1685480615),(84963,0,'page not found','@uri','a:1:{s:4:\"@uri\";s:10:\"/moinmoin/\";}',4,'','https://drupal.unemploymenttracker.com/moinmoin/','','3.67.7.197',1685480615),(84964,0,'page not found','@uri','a:1:{s:4:\"@uri\";s:8:\"/moodle/\";}',4,'','https://drupal.unemploymenttracker.com/moodle/','','3.67.7.197',1685480615),(84965,0,'page not found','@uri','a:1:{s:4:\"@uri\";s:6:\"/mrbs/\";}',4,'','https://drupal.unemploymenttracker.com/mrbs/','','3.67.7.197',1685480615),(84966,0,'page not found','@uri','a:1:{s:4:\"@uri\";s:4:\"/mt/\";}',4,'','https://drupal.unemploymenttracker.com/mt/','','3.67.7.197',1685480615),(84967,0,'page not found','@uri','a:1:{s:4:\"@uri\";s:10:\"/mvnforum/\";}',4,'','https://drupal.unemploymenttracker.com/mvnforum/','','3.67.7.197',1685480615),(84968,0,'page not found','@uri','a:1:{s:4:\"@uri\";s:6:\"/mybb/\";}',4,'','https://drupal.unemploymenttracker.com/mybb/','','3.67.7.197',1685480616),(84969,0,'page not found','@uri','a:1:{s:4:\"@uri\";s:10:\"/myreview/\";}',4,'','https://drupal.unemploymenttracker.com/myreview/','','3.67.7.197',1685480616),(84970,0,'page not found','@uri','a:1:{s:4:\"@uri\";s:5:\"/nag/\";}',4,'','https://drupal.unemploymenttracker.com/nag/','','3.67.7.197',1685480616),(84971,0,'page not found','@uri','a:1:{s:4:\"@uri\";s:11:\"/netoffice/\";}',4,'','https://drupal.unemploymenttracker.com/netoffice/','','3.67.7.197',1685480616),(84972,0,'page not found','@uri','a:1:{s:4:\"@uri\";s:16:\"/netofficedwins/\";}',4,'','https://drupal.unemploymenttracker.com/netofficedwins/','','3.67.7.197',1685480616),(84973,0,'page not found','@uri','a:1:{s:4:\"@uri\";s:11:\"/newsfeeds/\";}',4,'','https://drupal.unemploymenttracker.com/newsfeeds/','','3.67.7.197',1685480616),(84974,0,'page not found','@uri','a:1:{s:4:\"@uri\";s:18:\"/noahsclassifieds/\";}',4,'','https://drupal.unemploymenttracker.com/noahsclassifieds/','','3.67.7.197',1685480616),(84975,0,'page not found','@uri','a:1:{s:4:\"@uri\";s:6:\"/nocc/\";}',4,'','https://drupal.unemploymenttracker.com/nocc/','','3.67.7.197',1685480616),(84976,0,'page not found','@uri','a:1:{s:4:\"@uri\";s:9:\"/nucleus/\";}',4,'','https://drupal.unemploymenttracker.com/nucleus/','','3.67.7.197',1685480617),(84977,0,'page not found','@uri','a:1:{s:4:\"@uri\";s:12:\"/nuked-clan/\";}',4,'','https://drupal.unemploymenttracker.com/nuked-clan/','','3.67.7.197',1685480617),(84978,0,'page not found','@uri','a:1:{s:4:\"@uri\";s:9:\"/nukedit/\";}',4,'','https://drupal.unemploymenttracker.com/nukedit/','','3.67.7.197',1685480617),(84979,0,'page not found','@uri','a:1:{s:4:\"@uri\";s:10:\"/observer/\";}',4,'','https://drupal.unemploymenttracker.com/observer/','','3.67.7.197',1685480617),(84980,0,'page not found','@uri','a:1:{s:4:\"@uri\";s:5:\"/ocs/\";}',4,'','https://drupal.unemploymenttracker.com/ocs/','','3.67.7.197',1685480617),(84981,0,'page not found','@uri','a:1:{s:4:\"@uri\";s:8:\"/oempro/\";}',4,'','https://drupal.unemploymenttracker.com/oempro/','','3.67.7.197',1685480617),(84982,0,'page not found','@uri','a:1:{s:4:\"@uri\";s:11:\"/oneorzero/\";}',4,'','https://drupal.unemploymenttracker.com/oneorzero/','','3.67.7.197',1685480617),(84983,0,'page not found','@uri','a:1:{s:4:\"@uri\";s:15:\"/onlineviewing/\";}',4,'','https://drupal.unemploymenttracker.com/onlineviewing/','','3.67.7.197',1685480617),(84984,0,'page not found','@uri','a:1:{s:4:\"@uri\";s:5:\"/ooz/\";}',4,'','https://drupal.unemploymenttracker.com/ooz/','','3.67.7.197',1685480618),(84985,0,'page not found','@uri','a:1:{s:4:\"@uri\";s:9:\"/openads/\";}',4,'','https://drupal.unemploymenttracker.com/openads/','','3.67.7.197',1685480618),(84986,0,'page not found','@uri','a:1:{s:4:\"@uri\";s:8:\"/openbb/\";}',4,'','https://drupal.unemploymenttracker.com/openbb/','','3.67.7.197',1685480618),(84987,0,'page not found','@uri','a:1:{s:4:\"@uri\";s:12:\"/openbiblio/\";}',4,'','https://drupal.unemploymenttracker.com/openbiblio/','','3.67.7.197',1685480618),(84988,0,'page not found','@uri','a:1:{s:4:\"@uri\";s:10:\"/opencart/\";}',4,'','https://drupal.unemploymenttracker.com/opencart/','','3.67.7.197',1685480618),(84989,0,'page not found','@uri','a:1:{s:4:\"@uri\";s:9:\"/openemr/\";}',4,'','https://drupal.unemploymenttracker.com/openemr/','','3.67.7.197',1685480619),(84990,0,'page not found','@uri','a:1:{s:4:\"@uri\";s:9:\"/opennms/\";}',4,'','https://drupal.unemploymenttracker.com/opennms/','','3.67.7.197',1685480619),(84991,0,'page not found','@uri','a:1:{s:4:\"@uri\";s:9:\"/opensso/\";}',4,'','https://drupal.unemploymenttracker.com/opensso/','','3.67.7.197',1685480619),(84992,0,'page not found','@uri','a:1:{s:4:\"@uri\";s:17:\"/openwebmail-cgi/\";}',4,'','https://drupal.unemploymenttracker.com/openwebmail-cgi/','','3.67.7.197',1685480619),(84993,0,'page not found','@uri','a:1:{s:4:\"@uri\";s:7:\"/openx/\";}',4,'','https://drupal.unemploymenttracker.com/openx/','','3.67.7.197',1685480619),(84994,0,'page not found','@uri','a:1:{s:4:\"@uri\";s:8:\"/oramon/\";}',4,'','https://drupal.unemploymenttracker.com/oramon/','','3.67.7.197',1685480619),(84995,0,'page not found','@uri','a:1:{s:4:\"@uri\";s:11:\"/orangehrm/\";}',4,'','https://drupal.unemploymenttracker.com/orangehrm/','','3.67.7.197',1685480619),(84996,0,'page not found','@uri','a:1:{s:4:\"@uri\";s:12:\"/orangehrm2/\";}',4,'','https://drupal.unemploymenttracker.com/orangehrm2/','','3.67.7.197',1685480619),(84997,0,'page not found','@uri','a:1:{s:4:\"@uri\";s:7:\"/oreon/\";}',4,'','https://drupal.unemploymenttracker.com/oreon/','','3.67.7.197',1685480619),(84998,0,'page not found','@uri','a:1:{s:4:\"@uri\";s:10:\"/original/\";}',4,'','https://drupal.unemploymenttracker.com/original/','','3.67.7.197',1685480620),(84999,0,'page not found','@uri','a:1:{s:4:\"@uri\";s:12:\"/oscommerce/\";}',4,'','https://drupal.unemploymenttracker.com/oscommerce/','','3.67.7.197',1685480620),(85000,0,'page not found','@uri','a:1:{s:4:\"@uri\";s:7:\"/ossim/\";}',4,'','https://drupal.unemploymenttracker.com/ossim/','','3.67.7.197',1685480620),(85001,0,'page not found','@uri','a:1:{s:4:\"@uri\";s:6:\"/otrs/\";}',4,'','https://drupal.unemploymenttracker.com/otrs/','','3.67.7.197',1685480620),(85002,0,'page not found','@uri','a:1:{s:4:\"@uri\";s:5:\"/owl/\";}',4,'','https://drupal.unemploymenttracker.com/owl/','','3.67.7.197',1685480620),(85003,0,'page not found','@uri','a:1:{s:4:\"@uri\";s:10:\"/pafiledb/\";}',4,'','https://drupal.unemploymenttracker.com/pafiledb/','','3.67.7.197',1685480620),(85004,0,'page not found','@uri','a:1:{s:4:\"@uri\";s:7:\"/pajax/\";}',4,'','https://drupal.unemploymenttracker.com/pajax/','','3.67.7.197',1685480620),(85005,0,'page not found','@uri','a:1:{s:4:\"@uri\";s:8:\"/panews/\";}',4,'','https://drupal.unemploymenttracker.com/panews/','','3.67.7.197',1685480620),(85006,0,'page not found','@uri','a:1:{s:4:\"@uri\";s:8:\"/pblang/\";}',4,'','https://drupal.unemploymenttracker.com/pblang/','','3.67.7.197',1685480621),(85007,0,'page not found','@uri','a:1:{s:4:\"@uri\";s:13:\"/perl-status/\";}',4,'','https://drupal.unemploymenttracker.com/perl-status/','','3.67.7.197',1685480621),(85008,0,'page not found','@uri','a:1:{s:4:\"@uri\";s:11:\"/philboard/\";}',4,'','https://drupal.unemploymenttracker.com/philboard/','','3.67.7.197',1685480621),(85009,0,'page not found','@uri','a:1:{s:4:\"@uri\";s:7:\"/photo/\";}',4,'','https://drupal.unemploymenttracker.com/photo/','','3.67.7.197',1685480621),(85010,0,'page not found','@uri','a:1:{s:4:\"@uri\";s:12:\"/photoalbum/\";}',4,'','https://drupal.unemploymenttracker.com/photoalbum/','','3.67.7.197',1685480621),(85011,0,'page not found','@uri','a:1:{s:4:\"@uri\";s:8:\"/photos/\";}',4,'','https://drupal.unemploymenttracker.com/photos/','','3.67.7.197',1685480621),(85012,0,'page not found','@uri','a:1:{s:4:\"@uri\";s:13:\"/php-blogger/\";}',4,'','https://drupal.unemploymenttracker.com/php-blogger/','','3.67.7.197',1685480621),(85013,0,'page not found','@uri','a:1:{s:4:\"@uri\";s:11:\"/php-files/\";}',4,'','https://drupal.unemploymenttracker.com/php-files/','','3.67.7.197',1685480621),(85014,0,'page not found','@uri','a:1:{s:4:\"@uri\";s:8:\"/phpATM/\";}',4,'','https://drupal.unemploymenttracker.com/phpATM/','','3.67.7.197',1685480622),(85015,0,'page not found','@uri','a:1:{s:4:\"@uri\";s:10:\"/phpAlbum/\";}',4,'','https://drupal.unemploymenttracker.com/phpAlbum/','','3.67.7.197',1685480622),(85016,0,'page not found','@uri','a:1:{s:4:\"@uri\";s:8:\"/phpBB2/\";}',4,'','https://drupal.unemploymenttracker.com/phpBB2/','','3.67.7.197',1685480622),(85017,0,'page not found','@uri','a:1:{s:4:\"@uri\";s:12:\"/phpGedView/\";}',4,'','https://drupal.unemploymenttracker.com/phpGedView/','','3.67.7.197',1685480622),(85018,0,'page not found','@uri','a:1:{s:4:\"@uri\";s:18:\"/phpMyConferences/\";}',4,'','https://drupal.unemploymenttracker.com/phpMyConferences/','','3.67.7.197',1685480622),(85019,0,'page not found','@uri','a:1:{s:4:\"@uri\";s:12:\"/phpSysInfo/\";}',4,'','https://drupal.unemploymenttracker.com/phpSysInfo/','','3.67.7.197',1685480622),(85020,0,'page not found','@uri','a:1:{s:4:\"@uri\";s:10:\"/phpalbum/\";}',4,'','https://drupal.unemploymenttracker.com/phpalbum/','','3.67.7.197',1685480622),(85021,0,'page not found','@uri','a:1:{s:4:\"@uri\";s:8:\"/phpatm/\";}',4,'','https://drupal.unemploymenttracker.com/phpatm/','','3.67.7.197',1685480622),(85022,0,'page not found','@uri','a:1:{s:4:\"@uri\";s:12:\"/phpauction/\";}',4,'','https://drupal.unemploymenttracker.com/phpauction/','','3.67.7.197',1685480623),(85023,0,'page not found','@uri','a:1:{s:4:\"@uri\";s:7:\"/phpay/\";}',4,'','https://drupal.unemploymenttracker.com/phpay/','','3.67.7.197',1685480623),(85024,0,'page not found','@uri','a:1:{s:4:\"@uri\";s:7:\"/phpbb/\";}',4,'','https://drupal.unemploymenttracker.com/phpbb/','','3.67.7.197',1685480623),(85025,0,'page not found','@uri','a:1:{s:4:\"@uri\";s:12:\"/phpblogger/\";}',4,'','https://drupal.unemploymenttracker.com/phpblogger/','','3.67.7.197',1685480623),(85026,0,'page not found','@uri','a:1:{s:4:\"@uri\";s:9:\"/phpcoin/\";}',4,'','https://drupal.unemploymenttracker.com/phpcoin/','','3.67.7.197',1685480623),(85027,0,'page not found','@uri','a:1:{s:4:\"@uri\";s:8:\"/phpdoc/\";}',4,'','https://drupal.unemploymenttracker.com/phpdoc/','','3.67.7.197',1685480623),(85028,0,'page not found','@uri','a:1:{s:4:\"@uri\";s:15:\"/phpdocumentor/\";}',4,'','https://drupal.unemploymenttracker.com/phpdocumentor/','','3.67.7.197',1685480623),(85029,0,'page not found','@uri','a:1:{s:4:\"@uri\";s:17:\"/phpeasydownload/\";}',4,'','https://drupal.unemploymenttracker.com/phpeasydownload/','','3.67.7.197',1685480623),(85030,0,'page not found','@uri','a:1:{s:4:\"@uri\";s:7:\"/phpfm/\";}',4,'','https://drupal.unemploymenttracker.com/phpfm/','','3.67.7.197',1685480624),(85031,0,'page not found','@uri','a:1:{s:4:\"@uri\";s:9:\"/phpform/\";}',4,'','https://drupal.unemploymenttracker.com/phpform/','','3.67.7.197',1685480624),(85032,0,'page not found','@uri','a:1:{s:4:\"@uri\";s:18:\"/phpformgenerator/\";}',4,'','https://drupal.unemploymenttracker.com/phpformgenerator/','','3.67.7.197',1685480624),(85033,0,'page not found','@uri','a:1:{s:4:\"@uri\";s:12:\"/phpgedview/\";}',4,'','https://drupal.unemploymenttracker.com/phpgedview/','','3.67.7.197',1685480624),(85034,0,'page not found','@uri','a:1:{s:4:\"@uri\";s:14:\"/phpicalendar/\";}',4,'','https://drupal.unemploymenttracker.com/phpicalendar/','','3.67.7.197',1685480624),(85035,0,'page not found','@uri','a:1:{s:4:\"@uri\";s:8:\"/phpkit/\";}',4,'','https://drupal.unemploymenttracker.com/phpkit/','','3.67.7.197',1685480624),(85036,0,'page not found','@uri','a:1:{s:4:\"@uri\";s:14:\"/phpldapadmin/\";}',4,'','https://drupal.unemploymenttracker.com/phpldapadmin/','','3.67.7.197',1685480624),(85037,0,'page not found','@uri','a:1:{s:4:\"@uri\";s:9:\"/phplist/\";}',4,'','https://drupal.unemploymenttracker.com/phplist/','','3.67.7.197',1685480624),(85038,0,'page not found','@uri','a:1:{s:4:\"@uri\";s:12:\"/phplistpro/\";}',4,'','https://drupal.unemploymenttracker.com/phplistpro/','','3.67.7.197',1685480624),(85039,0,'page not found','@uri','a:1:{s:4:\"@uri\";s:9:\"/phplive/\";}',4,'','https://drupal.unemploymenttracker.com/phplive/','','3.67.7.197',1685480625),(85040,0,'page not found','@uri','a:1:{s:4:\"@uri\";s:15:\"/phplivehelper/\";}',4,'','https://drupal.unemploymenttracker.com/phplivehelper/','','3.67.7.197',1685480625),(85041,0,'page not found','@uri','a:1:{s:4:\"@uri\";s:12:\"/phpmyadmin/\";}',4,'','https://drupal.unemploymenttracker.com/phpmyadmin/','','3.67.7.197',1685480625),(85042,0,'page not found','@uri','a:1:{s:4:\"@uri\";s:13:\"/phpmyagenda/\";}',4,'','https://drupal.unemploymenttracker.com/phpmyagenda/','','3.67.7.197',1685480625),(85043,0,'page not found','@uri','a:1:{s:4:\"@uri\";s:18:\"/phpmyconferences/\";}',4,'','https://drupal.unemploymenttracker.com/phpmyconferences/','','3.67.7.197',1685480625),(85044,0,'page not found','@uri','a:1:{s:4:\"@uri\";s:10:\"/phpmyfaq/\";}',4,'','https://drupal.unemploymenttracker.com/phpmyfaq/','','3.67.7.197',1685480625),(85045,0,'page not found','@uri','a:1:{s:4:\"@uri\";s:9:\"/phpnews/\";}',4,'','https://drupal.unemploymenttracker.com/phpnews/','','3.67.7.197',1685480625),(85046,0,'page not found','@uri','a:1:{s:4:\"@uri\";s:12:\"/phppgadmin/\";}',4,'','https://drupal.unemploymenttracker.com/phppgadmin/','','3.67.7.197',1685480625),(85047,0,'page not found','@uri','a:1:{s:4:\"@uri\";s:11:\"/phprojekt/\";}',4,'','https://drupal.unemploymenttracker.com/phprojekt/','','3.67.7.197',1685480626),(85048,0,'page not found','@uri','a:1:{s:4:\"@uri\";s:9:\"/phproxy/\";}',4,'','https://drupal.unemploymenttracker.com/phproxy/','','3.67.7.197',1685480626),(85049,0,'page not found','@uri','a:1:{s:4:\"@uri\";s:9:\"/phpsane/\";}',4,'','https://drupal.unemploymenttracker.com/phpsane/','','3.67.7.197',1685480626),(85050,0,'page not found','@uri','a:1:{s:4:\"@uri\";s:10:\"/phpslash/\";}',4,'','https://drupal.unemploymenttracker.com/phpslash/','','3.67.7.197',1685480626),(85051,0,'page not found','@uri','a:1:{s:4:\"@uri\";s:19:\"/phpsupporttickets/\";}',4,'','https://drupal.unemploymenttracker.com/phpsupporttickets/','','3.67.7.197',1685480626),(85052,0,'page not found','@uri','a:1:{s:4:\"@uri\";s:13:\"/phpsurveyor/\";}',4,'','https://drupal.unemploymenttracker.com/phpsurveyor/','','3.67.7.197',1685480626),(85053,0,'page not found','@uri','a:1:{s:4:\"@uri\";s:12:\"/phpsysinfo/\";}',4,'','https://drupal.unemploymenttracker.com/phpsysinfo/','','3.67.7.197',1685480626),(85054,0,'page not found','@uri','a:1:{s:4:\"@uri\";s:6:\"/phpu/\";}',4,'','https://drupal.unemploymenttracker.com/phpu/','','3.67.7.197',1685480626),(85055,0,'page not found','@uri','a:1:{s:4:\"@uri\";s:11:\"/phpupdate/\";}',4,'','https://drupal.unemploymenttracker.com/phpupdate/','','3.67.7.197',1685480627),(85056,0,'page not found','@uri','a:1:{s:4:\"@uri\";s:9:\"/phpwcms/\";}',4,'','https://drupal.unemploymenttracker.com/phpwcms/','','3.67.7.197',1685480627),(85057,0,'page not found','@uri','a:1:{s:4:\"@uri\";s:13:\"/phpwebadmin/\";}',4,'','https://drupal.unemploymenttracker.com/phpwebadmin/','','3.67.7.197',1685480627),(85058,0,'page not found','@uri','a:1:{s:4:\"@uri\";s:15:\"/phpwebgallery/\";}',4,'','https://drupal.unemploymenttracker.com/phpwebgallery/','','3.67.7.197',1685480627),(85059,0,'page not found','@uri','a:1:{s:4:\"@uri\";s:12:\"/phpwebsite/\";}',4,'','https://drupal.unemploymenttracker.com/phpwebsite/','','3.67.7.197',1685480627),(85060,0,'page not found','@uri','a:1:{s:4:\"@uri\";s:14:\"/phpwebthings/\";}',4,'','https://drupal.unemploymenttracker.com/phpwebthings/','','3.67.7.197',1685480627),(85061,0,'page not found','@uri','a:1:{s:4:\"@uri\";s:7:\"/phpwt/\";}',4,'','https://drupal.unemploymenttracker.com/phpwt/','','3.67.7.197',1685480627),(85062,0,'page not found','@uri','a:1:{s:4:\"@uri\";s:6:\"/phpx/\";}',4,'','https://drupal.unemploymenttracker.com/phpx/','','3.67.7.197',1685480627),(85063,0,'page not found','@uri','a:1:{s:4:\"@uri\";s:11:\"/pixelpost/\";}',4,'','https://drupal.unemploymenttracker.com/pixelpost/','','3.67.7.197',1685480628),(85064,0,'page not found','@uri','a:1:{s:4:\"@uri\";s:8:\"/piwigo/\";}',4,'','https://drupal.unemploymenttracker.com/piwigo/','','3.67.7.197',1685480628),(85065,0,'page not found','@uri','a:1:{s:4:\"@uri\";s:5:\"/pla/\";}',4,'','https://drupal.unemploymenttracker.com/pla/','','3.67.7.197',1685480628),(85066,0,'page not found','@uri','a:1:{s:4:\"@uri\";s:7:\"/pligg/\";}',4,'','https://drupal.unemploymenttracker.com/pligg/','','3.67.7.197',1685480628),(85067,0,'page not found','@uri','a:1:{s:4:\"@uri\";s:6:\"/plog/\";}',4,'','https://drupal.unemploymenttracker.com/plog/','','3.67.7.197',1685480628),(85068,0,'page not found','@uri','a:1:{s:4:\"@uri\";s:9:\"/plogger/\";}',4,'','https://drupal.unemploymenttracker.com/plogger/','','3.67.7.197',1685480628),(85069,0,'page not found','@uri','a:1:{s:4:\"@uri\";s:7:\"/Plone/\";}',4,'','https://drupal.unemploymenttracker.com/Plone/','','3.67.7.197',1685480628),(85070,0,'page not found','@uri','a:1:{s:4:\"@uri\";s:7:\"/plone/\";}',4,'','https://drupal.unemploymenttracker.com/plone/','','3.67.7.197',1685480628),(85071,0,'page not found','@uri','a:1:{s:4:\"@uri\";s:7:\"/pluck/\";}',4,'','https://drupal.unemploymenttracker.com/pluck/','','3.67.7.197',1685480628),(85072,0,'page not found','@uri','a:1:{s:4:\"@uri\";s:7:\"/plume/\";}',4,'','https://drupal.unemploymenttracker.com/plume/','','3.67.7.197',1685480629),(85073,0,'page not found','@uri','a:1:{s:4:\"@uri\";s:5:\"/pma/\";}',4,'','https://drupal.unemploymenttracker.com/pma/','','3.67.7.197',1685480629),(85074,0,'page not found','@uri','a:1:{s:4:\"@uri\";s:6:\"/pmos/\";}',4,'','https://drupal.unemploymenttracker.com/pmos/','','3.67.7.197',1685480629),(85075,0,'page not found','@uri','a:1:{s:4:\"@uri\";s:8:\"/pmwiki/\";}',4,'','https://drupal.unemploymenttracker.com/pmwiki/','','3.67.7.197',1685480629),(85076,0,'page not found','@uri','a:1:{s:4:\"@uri\";s:9:\"/podcast/\";}',4,'','https://drupal.unemploymenttracker.com/podcast/','','3.67.7.197',1685480629),(85077,0,'page not found','@uri','a:1:{s:4:\"@uri\";s:10:\"/podcasts/\";}',4,'','https://drupal.unemploymenttracker.com/podcasts/','','3.67.7.197',1685480629),(85078,0,'page not found','@uri','a:1:{s:4:\"@uri\";s:9:\"/pollphp/\";}',4,'','https://drupal.unemploymenttracker.com/pollphp/','','3.67.7.197',1685480629),(85079,0,'page not found','@uri','a:1:{s:4:\"@uri\";s:8:\"/portal/\";}',4,'','https://drupal.unemploymenttracker.com/portal/','','3.67.7.197',1685480629),(85080,0,'page not found','@uri','a:1:{s:4:\"@uri\";s:11:\"/portalapp/\";}',4,'','https://drupal.unemploymenttracker.com/portalapp/','','3.67.7.197',1685480630),(85081,0,'page not found','@uri','a:1:{s:4:\"@uri\";s:8:\"/poster/\";}',4,'','https://drupal.unemploymenttracker.com/poster/','','3.67.7.197',1685480630),(85082,0,'page not found','@uri','a:1:{s:4:\"@uri\";s:6:\"/poxy/\";}',4,'','https://drupal.unemploymenttracker.com/poxy/','','3.67.7.197',1685480630),(85083,0,'page not found','@uri','a:1:{s:4:\"@uri\";s:9:\"/project/\";}',4,'','https://drupal.unemploymenttracker.com/project/','','3.67.7.197',1685480630),(85084,0,'page not found','@uri','a:1:{s:4:\"@uri\";s:13:\"/projectpier/\";}',4,'','https://drupal.unemploymenttracker.com/projectpier/','','3.67.7.197',1685480630),(85085,0,'page not found','@uri','a:1:{s:4:\"@uri\";s:10:\"/projects/\";}',4,'','https://drupal.unemploymenttracker.com/projects/','','3.67.7.197',1685480630),(85086,0,'page not found','@uri','a:1:{s:4:\"@uri\";s:8:\"/psynch/\";}',4,'','https://drupal.unemploymenttracker.com/psynch/','','3.67.7.197',1685480630),(85087,0,'page not found','@uri','a:1:{s:4:\"@uri\";s:8:\"/ptnews/\";}',4,'','https://drupal.unemploymenttracker.com/ptnews/','','3.67.7.197',1685480630),(85088,0,'page not found','@uri','a:1:{s:4:\"@uri\";s:11:\"/pubcookie/\";}',4,'','https://drupal.unemploymenttracker.com/pubcookie/','','3.67.7.197',1685480631),(85089,0,'page not found','@uri','a:1:{s:4:\"@uri\";s:13:\"/public_html/\";}',4,'','https://drupal.unemploymenttracker.com/public_html/','','3.67.7.197',1685480631),(85090,0,'page not found','@uri','a:1:{s:4:\"@uri\";s:7:\"/punbb/\";}',4,'','https://drupal.unemploymenttracker.com/punbb/','','3.67.7.197',1685480631),(85091,0,'page not found','@uri','a:1:{s:4:\"@uri\";s:5:\"/pwa/\";}',4,'','https://drupal.unemploymenttracker.com/pwa/','','3.67.7.197',1685480631),(85092,0,'page not found','@uri','a:1:{s:4:\"@uri\";s:4:\"/rc/\";}',4,'','https://drupal.unemploymenttracker.com/rc/','','3.67.7.197',1685480631),(85093,0,'page not found','@uri','a:1:{s:4:\"@uri\";s:8:\"/rcblog/\";}',4,'','https://drupal.unemploymenttracker.com/rcblog/','','3.67.7.197',1685480632),(85094,0,'page not found','@uri','a:1:{s:4:\"@uri\";s:12:\"/recordings/\";}',4,'','https://drupal.unemploymenttracker.com/recordings/','','3.67.7.197',1685480632),(85095,0,'page not found','@uri','a:1:{s:4:\"@uri\";s:8:\"/roller/\";}',4,'','https://drupal.unemploymenttracker.com/roller/','','3.67.7.197',1685480632),(85096,0,'page not found','@uri','a:1:{s:4:\"@uri\";s:11:\"/roundcube/\";}',4,'','https://drupal.unemploymenttracker.com/roundcube/','','3.67.7.197',1685480632),(85097,0,'page not found','@uri','a:1:{s:4:\"@uri\";s:15:\"/roundcubemail/\";}',4,'','https://drupal.unemploymenttracker.com/roundcubemail/','','3.67.7.197',1685480632),(85098,0,'page not found','@uri','a:1:{s:4:\"@uri\";s:5:\"/rth/\";}',4,'','https://drupal.unemploymenttracker.com/rth/','','3.67.7.197',1685480632),(85099,0,'page not found','@uri','a:1:{s:4:\"@uri\";s:8:\"/runcms/\";}',4,'','https://drupal.unemploymenttracker.com/runcms/','','3.67.7.197',1685480632),(85100,0,'page not found','@uri','a:1:{s:4:\"@uri\";s:6:\"/sane/\";}',4,'','https://drupal.unemploymenttracker.com/sane/','','3.67.7.197',1685480632),(85101,0,'page not found','@uri','a:1:{s:4:\"@uri\";s:6:\"/sbbs/\";}',4,'','https://drupal.unemploymenttracker.com/sbbs/','','3.67.7.197',1685480633),(85102,0,'page not found','@uri','a:1:{s:4:\"@uri\";s:7:\"/sblog/\";}',4,'','https://drupal.unemploymenttracker.com/sblog/','','3.67.7.197',1685480633),(85103,0,'page not found','@uri','a:1:{s:4:\"@uri\";s:6:\"/scan/\";}',4,'','https://drupal.unemploymenttracker.com/scan/','','3.67.7.197',1685480633),(85104,0,'page not found','@uri','a:1:{s:4:\"@uri\";s:10:\"/schedule/\";}',4,'','https://drupal.unemploymenttracker.com/schedule/','','3.67.7.197',1685480633),(85105,0,'page not found','@uri','a:1:{s:4:\"@uri\";s:8:\"/scribe/\";}',4,'','https://drupal.unemploymenttracker.com/scribe/','','3.67.7.197',1685480633),(85106,0,'page not found','@uri','a:1:{s:4:\"@uri\";s:9:\"/seditio/\";}',4,'','https://drupal.unemploymenttracker.com/seditio/','','3.67.7.197',1685480633),(85107,0,'page not found','@uri','a:1:{s:4:\"@uri\";s:7:\"/segue/\";}',4,'','https://drupal.unemploymenttracker.com/segue/','','3.67.7.197',1685480633),(85108,0,'page not found','@uri','a:1:{s:4:\"@uri\";s:10:\"/seguecms/\";}',4,'','https://drupal.unemploymenttracker.com/seguecms/','','3.67.7.197',1685480633),(85109,0,'page not found','@uri','a:1:{s:4:\"@uri\";s:16:\"/sessionmanager/\";}',4,'','https://drupal.unemploymenttracker.com/sessionmanager/','','3.67.7.197',1685480633),(85110,0,'page not found','@uri','a:1:{s:4:\"@uri\";s:12:\"/shopscript/\";}',4,'','https://drupal.unemploymenttracker.com/shopscript/','','3.67.7.197',1685480634),(85111,0,'page not found','@uri','a:1:{s:4:\"@uri\";s:13:\"/shr-cgi-bin/\";}',4,'','https://drupal.unemploymenttracker.com/shr-cgi-bin/','','3.67.7.197',1685480634),(85112,0,'page not found','@uri','a:1:{s:4:\"@uri\";s:14:\"/silverstripe/\";}',4,'','https://drupal.unemploymenttracker.com/silverstripe/','','3.67.7.197',1685480634),(85113,0,'page not found','@uri','a:1:{s:4:\"@uri\";s:8:\"/simpgb/\";}',4,'','https://drupal.unemploymenttracker.com/simpgb/','','3.67.7.197',1685480634),(85114,0,'page not found','@uri','a:1:{s:4:\"@uri\";s:11:\"/simplebbs/\";}',4,'','https://drupal.unemploymenttracker.com/simplebbs/','','3.67.7.197',1685480634),(85115,0,'page not found','@uri','a:1:{s:4:\"@uri\";s:9:\"/simplog/\";}',4,'','https://drupal.unemploymenttracker.com/simplog/','','3.67.7.197',1685480634),(85116,0,'page not found','@uri','a:1:{s:4:\"@uri\";s:11:\"/site_sift/\";}',4,'','https://drupal.unemploymenttracker.com/site_sift/','','3.67.7.197',1685480634),(85117,0,'page not found','@uri','a:1:{s:4:\"@uri\";s:13:\"/sitebuilder/\";}',4,'','https://drupal.unemploymenttracker.com/sitebuilder/','','3.67.7.197',1685480634),(85118,0,'page not found','@uri','a:1:{s:4:\"@uri\";s:10:\"/sitesift/\";}',4,'','https://drupal.unemploymenttracker.com/sitesift/','','3.67.7.197',1685480635),(85119,0,'page not found','@uri','a:1:{s:4:\"@uri\";s:4:\"/sm/\";}',4,'','https://drupal.unemploymenttracker.com/sm/','','3.67.7.197',1685480635),(85120,0,'page not found','@uri','a:1:{s:4:\"@uri\";s:13:\"/smartermail/\";}',4,'','https://drupal.unemploymenttracker.com/smartermail/','','3.67.7.197',1685480635),(85121,0,'page not found','@uri','a:1:{s:4:\"@uri\";s:5:\"/smf/\";}',4,'','https://drupal.unemploymenttracker.com/smf/','','3.67.7.197',1685480635),(85122,0,'page not found','@uri','a:1:{s:4:\"@uri\";s:7:\"/snitz/\";}',4,'','https://drupal.unemploymenttracker.com/snitz/','','3.67.7.197',1685480635),(85123,0,'page not found','@uri','a:1:{s:4:\"@uri\";s:10:\"/snmx-cgi/\";}',4,'','https://drupal.unemploymenttracker.com/snmx-cgi/','','3.67.7.197',1685480635),(85124,0,'page not found','@uri','a:1:{s:4:\"@uri\";s:14:\"/socialengine/\";}',4,'','https://drupal.unemploymenttracker.com/socialengine/','','3.67.7.197',1685480635),(85125,0,'page not found','@uri','a:1:{s:4:\"@uri\";s:15:\"/socialnetwork/\";}',4,'','https://drupal.unemploymenttracker.com/socialnetwork/','','3.67.7.197',1685480635),(85126,0,'page not found','@uri','a:1:{s:4:\"@uri\";s:9:\"/sphider/\";}',4,'','https://drupal.unemploymenttracker.com/sphider/','','3.67.7.197',1685480636),(85127,0,'page not found','@uri','a:1:{s:4:\"@uri\";s:10:\"/sphpblog/\";}',4,'','https://drupal.unemploymenttracker.com/sphpblog/','','3.67.7.197',1685480636),(85128,0,'page not found','@uri','a:1:{s:4:\"@uri\";s:6:\"/spip/\";}',4,'','https://drupal.unemploymenttracker.com/spip/','','3.67.7.197',1685480636),(85129,0,'page not found','@uri','a:1:{s:4:\"@uri\";s:5:\"/spt/\";}',4,'','https://drupal.unemploymenttracker.com/spt/','','3.67.7.197',1685480636),(85130,0,'page not found','@uri','a:1:{s:4:\"@uri\";s:12:\"/sql-ledger/\";}',4,'','https://drupal.unemploymenttracker.com/sql-ledger/','','3.67.7.197',1685480636),(85131,0,'page not found','@uri','a:1:{s:4:\"@uri\";s:8:\"/sqlite/\";}',4,'','https://drupal.unemploymenttracker.com/sqlite/','','3.67.7.197',1685480636),(85132,0,'page not found','@uri','a:1:{s:4:\"@uri\";s:15:\"/sqlitemanager/\";}',4,'','https://drupal.unemploymenttracker.com/sqlitemanager/','','3.67.7.197',1685480636),(85133,0,'page not found','@uri','a:1:{s:4:\"@uri\";s:14:\"/squirrelcart/\";}',4,'','https://drupal.unemploymenttracker.com/squirrelcart/','','3.67.7.197',1685480636),(85134,0,'page not found','@uri','a:1:{s:4:\"@uri\";s:7:\"/sugar/\";}',4,'','https://drupal.unemploymenttracker.com/sugar/','','3.67.7.197',1685480637),(85135,0,'page not found','@uri','a:1:{s:4:\"@uri\";s:10:\"/sugarcrm/\";}',4,'','https://drupal.unemploymenttracker.com/sugarcrm/','','3.67.7.197',1685480637),(85136,0,'page not found','@uri','a:1:{s:4:\"@uri\";s:12:\"/sugarsuite/\";}',4,'','https://drupal.unemploymenttracker.com/sugarsuite/','','3.67.7.197',1685480637),(85137,0,'page not found','@uri','a:1:{s:4:\"@uri\";s:16:\"/support-center/\";}',4,'','https://drupal.unemploymenttracker.com/support-center/','','3.67.7.197',1685480637),(85138,0,'page not found','@uri','a:1:{s:4:\"@uri\";s:18:\"/support/helpdesk/\";}',4,'','https://drupal.unemploymenttracker.com/support/helpdesk/','','3.67.7.197',1685480637),(85139,0,'page not found','@uri','a:1:{s:4:\"@uri\";s:14:\"/supportsuite/\";}',4,'','https://drupal.unemploymenttracker.com/supportsuite/','','3.67.7.197',1685480637),(85140,0,'page not found','@uri','a:1:{s:4:\"@uri\";s:8:\"/survey/\";}',4,'','https://drupal.unemploymenttracker.com/survey/','','3.67.7.197',1685480637),(85141,0,'page not found','@uri','a:1:{s:4:\"@uri\";s:9:\"/surveys/\";}',4,'','https://drupal.unemploymenttracker.com/surveys/','','3.67.7.197',1685480637),(85142,0,'page not found','@uri','a:1:{s:4:\"@uri\";s:7:\"/sympa/\";}',4,'','https://drupal.unemploymenttracker.com/sympa/','','3.67.7.197',1685480637),(85143,0,'page not found','@uri','a:1:{s:4:\"@uri\";s:10:\"/symphony/\";}',4,'','https://drupal.unemploymenttracker.com/symphony/','','3.67.7.197',1685480638),(85144,0,'page not found','@uri','a:1:{s:4:\"@uri\";s:9:\"/sysinfo/\";}',4,'','https://drupal.unemploymenttracker.com/sysinfo/','','3.67.7.197',1685480638),(85145,0,'page not found','@uri','a:1:{s:4:\"@uri\";s:9:\"/teaming/\";}',4,'','https://drupal.unemploymenttracker.com/teaming/','','3.67.7.197',1685480638),(85146,0,'page not found','@uri','a:1:{s:4:\"@uri\";s:10:\"/testlink/\";}',4,'','https://drupal.unemploymenttracker.com/testlink/','','3.67.7.197',1685480638),(85147,0,'page not found','@uri','a:1:{s:4:\"@uri\";s:16:\"/testsite/typo3/\";}',4,'','https://drupal.unemploymenttracker.com/testsite/typo3/','','3.67.7.197',1685480638),(85148,0,'page not found','@uri','a:1:{s:4:\"@uri\";s:8:\"/things/\";}',4,'','https://drupal.unemploymenttracker.com/things/','','3.67.7.197',1685480638),(85149,0,'page not found','@uri','a:1:{s:4:\"@uri\";s:7:\"/thyme/\";}',4,'','https://drupal.unemploymenttracker.com/thyme/','','3.67.7.197',1685480638),(85150,0,'page not found','@uri','a:1:{s:4:\"@uri\";s:10:\"/tigercrm/\";}',4,'','https://drupal.unemploymenttracker.com/tigercrm/','','3.67.7.197',1685480638),(85151,0,'page not found','@uri','a:1:{s:4:\"@uri\";s:6:\"/tiki/\";}',4,'','https://drupal.unemploymenttracker.com/tiki/','','3.67.7.197',1685480639),(85152,0,'page not found','@uri','a:1:{s:4:\"@uri\";s:16:\"/tinywebgallery/\";}',4,'','https://drupal.unemploymenttracker.com/tinywebgallery/','','3.67.7.197',1685480639),(85153,0,'page not found','@uri','a:1:{s:4:\"@uri\";s:9:\"/toplist/\";}',4,'','https://drupal.unemploymenttracker.com/toplist/','','3.67.7.197',1685480639),(85154,0,'page not found','@uri','a:1:{s:4:\"@uri\";s:9:\"/topsite/\";}',4,'','https://drupal.unemploymenttracker.com/topsite/','','3.67.7.197',1685480639),(85155,0,'page not found','@uri','a:1:{s:4:\"@uri\";s:10:\"/topsites/\";}',4,'','https://drupal.unemploymenttracker.com/topsites/','','3.67.7.197',1685480639),(85156,0,'page not found','@uri','a:1:{s:4:\"@uri\";s:6:\"/trac/\";}',4,'','https://drupal.unemploymenttracker.com/trac/','','3.67.7.197',1685480639),(85157,0,'page not found','@uri','a:1:{s:4:\"@uri\";s:9:\"/ttforum/\";}',4,'','https://drupal.unemploymenttracker.com/ttforum/','','3.67.7.197',1685480639),(85158,0,'page not found','@uri','a:1:{s:4:\"@uri\";s:7:\"/turba/\";}',4,'','https://drupal.unemploymenttracker.com/turba/','','3.67.7.197',1685480639),(85159,0,'page not found','@uri','a:1:{s:4:\"@uri\";s:5:\"/twg/\";}',4,'','https://drupal.unemploymenttracker.com/twg/','','3.67.7.197',1685480640),(85160,0,'page not found','@uri','a:1:{s:4:\"@uri\";s:11:\"/twiki/bin/\";}',4,'','https://drupal.unemploymenttracker.com/twiki/bin/','','3.67.7.197',1685480640),(85161,0,'page not found','@uri','a:1:{s:4:\"@uri\";s:7:\"/typo3/\";}',4,'','https://drupal.unemploymenttracker.com/typo3/','','3.67.7.197',1685480640),(85162,0,'page not found','@uri','a:1:{s:4:\"@uri\";s:11:\"/typolight/\";}',4,'','https://drupal.unemploymenttracker.com/typolight/','','3.67.7.197',1685480640),(85163,0,'page not found','@uri','a:1:{s:4:\"@uri\";s:12:\"/ubbthreads/\";}',4,'','https://drupal.unemploymenttracker.com/ubbthreads/','','3.67.7.197',1685480640),(85164,0,'page not found','@uri','a:1:{s:4:\"@uri\";s:10:\"/uebimiau/\";}',4,'','https://drupal.unemploymenttracker.com/uebimiau/','','3.67.7.197',1685480640),(85165,0,'page not found','@uri','a:1:{s:4:\"@uri\";s:5:\"/upb/\";}',4,'','https://drupal.unemploymenttracker.com/upb/','','3.67.7.197',1685480640),(85166,0,'page not found','@uri','a:1:{s:4:\"@uri\";s:7:\"/vcard/\";}',4,'','https://drupal.unemploymenttracker.com/vcard/','','3.67.7.197',1685480640),(85167,0,'page not found','@uri','a:1:{s:4:\"@uri\";s:8:\"/vcards/\";}',4,'','https://drupal.unemploymenttracker.com/vcards/','','3.67.7.197',1685480641),(85168,0,'page not found','@uri','a:1:{s:4:\"@uri\";s:7:\"/vhcs2/\";}',4,'','https://drupal.unemploymenttracker.com/vhcs2/','','3.67.7.197',1685480641),(85169,0,'page not found','@uri','a:1:{s:4:\"@uri\";s:10:\"/vicidial/\";}',4,'','https://drupal.unemploymenttracker.com/vicidial/','','3.67.7.197',1685480641),(85170,0,'page not found','@uri','a:1:{s:4:\"@uri\";s:8:\"/viewvc/\";}',4,'','https://drupal.unemploymenttracker.com/viewvc/','','3.67.7.197',1685480641),(85171,0,'page not found','@uri','a:1:{s:4:\"@uri\";s:12:\"/viewvc.cgi/\";}',4,'','https://drupal.unemploymenttracker.com/viewvc.cgi/','','3.67.7.197',1685480641),(85172,0,'page not found','@uri','a:1:{s:4:\"@uri\";s:8:\"/vtiger/\";}',4,'','https://drupal.unemploymenttracker.com/vtiger/','','3.67.7.197',1685480641),(85173,0,'page not found','@uri','a:1:{s:4:\"@uri\";s:4:\"/wb/\";}',4,'','https://drupal.unemploymenttracker.com/wb/','','3.67.7.197',1685480641),(85174,0,'page not found','@uri','a:1:{s:4:\"@uri\";s:9:\"/wbboard/\";}',4,'','https://drupal.unemploymenttracker.com/wbboard/','','3.67.7.197',1685480641),(85175,0,'page not found','@uri','a:1:{s:4:\"@uri\";s:8:\"/webftp/\";}',4,'','https://drupal.unemploymenttracker.com/webftp/','','3.67.7.197',1685480642),(85176,0,'page not found','@uri','a:1:{s:4:\"@uri\";s:12:\"/webgallery/\";}',4,'','https://drupal.unemploymenttracker.com/webgallery/','','3.67.7.197',1685480642),(85177,0,'page not found','@uri','a:1:{s:4:\"@uri\";s:10:\"/webinsta/\";}',4,'','https://drupal.unemploymenttracker.com/webinsta/','','3.67.7.197',1685480642),(85178,0,'page not found','@uri','a:1:{s:4:\"@uri\";s:11:\"/webthings/\";}',4,'','https://drupal.unemploymenttracker.com/webthings/','','3.67.7.197',1685480642),(85179,0,'page not found','@uri','a:1:{s:4:\"@uri\";s:6:\"/wiki/\";}',4,'','https://drupal.unemploymenttracker.com/wiki/','','3.67.7.197',1685480642),(85180,0,'page not found','@uri','a:1:{s:4:\"@uri\";s:10:\"/wiki/bin/\";}',4,'','https://drupal.unemploymenttracker.com/wiki/bin/','','3.67.7.197',1685480642),(85181,0,'page not found','@uri','a:1:{s:4:\"@uri\";s:7:\"/wikka/\";}',4,'','https://drupal.unemploymenttracker.com/wikka/','','3.67.7.197',1685480642),(85182,0,'page not found','@uri','a:1:{s:4:\"@uri\";s:11:\"/wordpress/\";}',4,'','https://drupal.unemploymenttracker.com/wordpress/','','3.67.7.197',1685480642),(85183,0,'page not found','@uri','a:1:{s:4:\"@uri\";s:11:\"/wordtrans/\";}',4,'','https://drupal.unemploymenttracker.com/wordtrans/','','3.67.7.197',1685480643),(85184,0,'page not found','@uri','a:1:{s:4:\"@uri\";s:9:\"/wwsympa/\";}',4,'','https://drupal.unemploymenttracker.com/wwsympa/','','3.67.7.197',1685480643),(85185,0,'page not found','@uri','a:1:{s:4:\"@uri\";s:8:\"/x-news/\";}',4,'','https://drupal.unemploymenttracker.com/x-news/','','3.67.7.197',1685480643),(85186,0,'page not found','@uri','a:1:{s:4:\"@uri\";s:8:\"/x7chat/\";}',4,'','https://drupal.unemploymenttracker.com/x7chat/','','3.67.7.197',1685480643),(85187,0,'page not found','@uri','a:1:{s:4:\"@uri\";s:8:\"/x_news/\";}',4,'','https://drupal.unemploymenttracker.com/x_news/','','3.67.7.197',1685480643),(85188,0,'page not found','@uri','a:1:{s:4:\"@uri\";s:20:\"/xampp/phpldapadmin/\";}',4,'','https://drupal.unemploymenttracker.com/xampp/phpldapadmin/','','3.67.7.197',1685480643),(85189,0,'page not found','@uri','a:1:{s:4:\"@uri\";s:11:\"/xampp/pla/\";}',4,'','https://drupal.unemploymenttracker.com/xampp/pla/','','3.67.7.197',1685480644),(85190,0,'page not found','@uri','a:1:{s:4:\"@uri\";s:8:\"/xaraya/\";}',4,'','https://drupal.unemploymenttracker.com/xaraya/','','3.67.7.197',1685480644),(85191,0,'page not found','@uri','a:1:{s:4:\"@uri\";s:5:\"/xmb/\";}',4,'','https://drupal.unemploymenttracker.com/xmb/','','3.67.7.197',1685480644),(85192,0,'page not found','@uri','a:1:{s:4:\"@uri\";s:7:\"/xnews/\";}',4,'','https://drupal.unemploymenttracker.com/xnews/','','3.67.7.197',1685480644),(85193,0,'page not found','@uri','a:1:{s:4:\"@uri\";s:7:\"/xoops/\";}',4,'','https://drupal.unemploymenttracker.com/xoops/','','3.67.7.197',1685480644),(85194,0,'page not found','@uri','a:1:{s:4:\"@uri\";s:6:\"/yabb/\";}',4,'','https://drupal.unemploymenttracker.com/yabb/','','3.67.7.197',1685480644),(85195,0,'page not found','@uri','a:1:{s:4:\"@uri\";s:7:\"/yabb2/\";}',4,'','https://drupal.unemploymenttracker.com/yabb2/','','3.67.7.197',1685480644),(85196,0,'page not found','@uri','a:1:{s:4:\"@uri\";s:8:\"/yabbse/\";}',4,'','https://drupal.unemploymenttracker.com/yabbse/','','3.67.7.197',1685480644),(85197,0,'page not found','@uri','a:1:{s:4:\"@uri\";s:7:\"/yapig/\";}',4,'','https://drupal.unemploymenttracker.com/yapig/','','3.67.7.197',1685480645),(85198,0,'page not found','@uri','a:1:{s:4:\"@uri\";s:7:\"/yappa/\";}',4,'','https://drupal.unemploymenttracker.com/yappa/','','3.67.7.197',1685480645),(85199,0,'page not found','@uri','a:1:{s:4:\"@uri\";s:10:\"/yappa-ng/\";}',4,'','https://drupal.unemploymenttracker.com/yappa-ng/','','3.67.7.197',1685480645),(85200,0,'page not found','@uri','a:1:{s:4:\"@uri\";s:8:\"/zabbix/\";}',4,'','https://drupal.unemploymenttracker.com/zabbix/','','3.67.7.197',1685480645),(85201,0,'page not found','@uri','a:1:{s:4:\"@uri\";s:8:\"/zboard/\";}',4,'','https://drupal.unemploymenttracker.com/zboard/','','3.67.7.197',1685480645),(85202,0,'page not found','@uri','a:1:{s:4:\"@uri\";s:10:\"/zen-cart/\";}',4,'','https://drupal.unemploymenttracker.com/zen-cart/','','3.67.7.197',1685480645),(85203,0,'page not found','@uri','a:1:{s:4:\"@uri\";s:9:\"/zencart/\";}',4,'','https://drupal.unemploymenttracker.com/zencart/','','3.67.7.197',1685480645),(85204,0,'page not found','@uri','a:1:{s:4:\"@uri\";s:10:\"/zenphoto/\";}',4,'','https://drupal.unemploymenttracker.com/zenphoto/','','3.67.7.197',1685480645),(85205,0,'page not found','@uri','a:1:{s:4:\"@uri\";s:5:\"/zen/\";}',4,'','https://drupal.unemploymenttracker.com/zen/','','3.67.7.197',1685480646),(85206,0,'page not found','@uri','a:1:{s:4:\"@uri\";s:10:\"/zixforum/\";}',4,'','https://drupal.unemploymenttracker.com/zixforum/','','3.67.7.197',1685480646),(85207,0,'page not found','@uri','a:1:{s:4:\"@uri\";s:8:\"/zpanel/\";}',4,'','https://drupal.unemploymenttracker.com/zpanel/','','3.67.7.197',1685480646),(85208,0,'page not found','@uri','a:1:{s:4:\"@uri\";s:11:\"/firestats/\";}',4,'','https://drupal.unemploymenttracker.com/firestats/','','3.67.7.197',1685480646),(85209,0,'page not found','@uri','a:1:{s:4:\"@uri\";s:7:\"/jcart/\";}',4,'','https://drupal.unemploymenttracker.com/jcart/','','3.67.7.197',1685480646),(85210,0,'page not found','@uri','a:1:{s:4:\"@uri\";s:7:\"/axis2/\";}',4,'','https://drupal.unemploymenttracker.com/axis2/','','3.67.7.197',1685480646),(85211,0,'page not found','@uri','a:1:{s:4:\"@uri\";s:10:\"/swsbobje/\";}',4,'','https://drupal.unemploymenttracker.com/swsbobje/','','3.67.7.197',1685480646),(85212,0,'page not found','@uri','a:1:{s:4:\"@uri\";s:7:\"/imcws/\";}',4,'','https://drupal.unemploymenttracker.com/imcws/','','3.67.7.197',1685480646),(85213,0,'page not found','@uri','a:1:{s:4:\"@uri\";s:7:\"/tsweb/\";}',4,'','https://drupal.unemploymenttracker.com/tsweb/','','3.67.7.197',1685480647),(85214,0,'page not found','@uri','a:1:{s:4:\"@uri\";s:7:\"/local/\";}',4,'','https://drupal.unemploymenttracker.com/local/','','3.67.7.197',1685480647),(85215,0,'page not found','@uri','a:1:{s:4:\"@uri\";s:4:\"/de/\";}',4,'','https://drupal.unemploymenttracker.com/de/','','3.67.7.197',1685480647),(85216,0,'page not found','@uri','a:1:{s:4:\"@uri\";s:12:\"/prestashop/\";}',4,'','https://drupal.unemploymenttracker.com/prestashop/','','3.67.7.197',1685480647),(85217,0,'page not found','@uri','a:1:{s:4:\"@uri\";s:17:\"/easy_cms_module/\";}',4,'','https://drupal.unemploymenttracker.com/easy_cms_module/','','3.67.7.197',1685480648),(85218,0,'page not found','@uri','a:1:{s:4:\"@uri\";s:8:\"/addons/\";}',4,'','https://drupal.unemploymenttracker.com/addons/','','3.67.7.197',1685480648),(85219,0,'page not found','@uri','a:1:{s:4:\"@uri\";s:11:\"/galleries/\";}',4,'','https://drupal.unemploymenttracker.com/galleries/','','3.67.7.197',1685480648),(85220,0,'page not found','@uri','a:1:{s:4:\"@uri\";s:11:\"/extension/\";}',4,'','https://drupal.unemploymenttracker.com/extension/','','3.67.7.197',1685480648),(85221,0,'page not found','@uri','a:1:{s:4:\"@uri\";s:13:\"/lists/admin/\";}',4,'','https://drupal.unemploymenttracker.com/lists/admin/','','3.67.7.197',1685480648),(85222,0,'page not found','@uri','a:1:{s:4:\"@uri\";s:14:\"/main/inc/lib/\";}',4,'','https://drupal.unemploymenttracker.com/main/inc/lib/','','3.67.7.197',1685480648),(85223,0,'page not found','@uri','a:1:{s:4:\"@uri\";s:9:\"/JSPWiki/\";}',4,'','https://drupal.unemploymenttracker.com/JSPWiki/','','3.67.7.197',1685480648),(85224,0,'page not found','@uri','a:1:{s:4:\"@uri\";s:10:\"/dolibarr/\";}',4,'','https://drupal.unemploymenttracker.com/dolibarr/','','3.67.7.197',1685480648),(85225,0,'page not found','@uri','a:1:{s:4:\"@uri\";s:9:\"/exchweb/\";}',4,'','https://drupal.unemploymenttracker.com/exchweb/','','3.67.7.197',1685480648),(85226,0,'page not found','@uri','a:1:{s:4:\"@uri\";s:10:\"/core/misc\";}',4,'','https://drupal.unemploymenttracker.com/core/misc','','3.67.7.197',1685480655),(85227,0,'page not found','@uri','a:1:{s:4:\"@uri\";s:5:\"/core\";}',4,'','https://drupal.unemploymenttracker.com/core','','3.67.7.197',1685480656),(85228,0,'page not found','@uri','a:1:{s:4:\"@uri\";s:35:\"/core/modules/system/css/components\";}',4,'','https://drupal.unemploymenttracker.com/core/modules/system/css/components','','3.67.7.197',1685480657),(85229,0,'page not found','@uri','a:1:{s:4:\"@uri\";s:24:\"/core/modules/system/css\";}',4,'','https://drupal.unemploymenttracker.com/core/modules/system/css','','3.67.7.197',1685480658),(85230,0,'page not found','@uri','a:1:{s:4:\"@uri\";s:20:\"/core/modules/system\";}',4,'','https://drupal.unemploymenttracker.com/core/modules/system','','3.67.7.197',1685480658),(85231,0,'page not found','@uri','a:1:{s:4:\"@uri\";s:13:\"/core/modules\";}',4,'','https://drupal.unemploymenttracker.com/core/modules','','3.67.7.197',1685480659),(85232,0,'page not found','@uri','a:1:{s:4:\"@uri\";s:29:\"/themes/custom/ohana/dist/css\";}',4,'','https://drupal.unemploymenttracker.com/themes/custom/ohana/dist/css','','3.67.7.197',1685480671),(85233,0,'page not found','@uri','a:1:{s:4:\"@uri\";s:25:\"/themes/custom/ohana/dist\";}',4,'','https://drupal.unemploymenttracker.com/themes/custom/ohana/dist','','3.67.7.197',1685480671),(85234,0,'page not found','@uri','a:1:{s:4:\"@uri\";s:20:\"/themes/custom/ohana\";}',4,'','https://drupal.unemploymenttracker.com/themes/custom/ohana','','3.67.7.197',1685480672),(85235,0,'page not found','@uri','a:1:{s:4:\"@uri\";s:14:\"/themes/custom\";}',4,'','https://drupal.unemploymenttracker.com/themes/custom','','3.67.7.197',1685480673),(85236,0,'page not found','@uri','a:1:{s:4:\"@uri\";s:7:\"/themes\";}',4,'','https://drupal.unemploymenttracker.com/themes','','3.67.7.197',1685480674),(85237,0,'page not found','@uri','a:1:{s:4:\"@uri\";s:18:\"/CVqi3H_zuyow.html\";}',4,'','https://drupal.unemploymenttracker.com/CVqi3H_zuyow.html','','3.67.7.197',1685480682),(85238,0,'page not found','@uri','a:1:{s:4:\"@uri\";s:19:\"/CVqi3H_zuyow.shtml\";}',4,'','https://drupal.unemploymenttracker.com/CVqi3H_zuyow.shtml','','3.67.7.197',1685480683),(85239,0,'page not found','@uri','a:1:{s:4:\"@uri\";s:18:\"/CVqi3H_zuyow.php3\";}',4,'','https://drupal.unemploymenttracker.com/CVqi3H_zuyow.php3','','3.67.7.197',1685480683),(85240,0,'page not found','@uri','a:1:{s:4:\"@uri\";s:17:\"/CVqi3H_zuyow.cfm\";}',4,'','https://drupal.unemploymenttracker.com/CVqi3H_zuyow.cfm','','3.67.7.197',1685480683),(85241,0,'page not found','@uri','a:1:{s:4:\"@uri\";s:26:\"/cgi-bin/CVqi3H_zuyow.html\";}',4,'','https://drupal.unemploymenttracker.com/cgi-bin/CVqi3H_zuyow.html','','3.67.7.197',1685480683),(85242,0,'page not found','@uri','a:1:{s:4:\"@uri\";s:27:\"/cgi-bin/CVqi3H_zuyow.shtml\";}',4,'','https://drupal.unemploymenttracker.com/cgi-bin/CVqi3H_zuyow.shtml','','3.67.7.197',1685480684),(85243,0,'page not found','@uri','a:1:{s:4:\"@uri\";s:26:\"/cgi-bin/CVqi3H_zuyow.php3\";}',4,'','https://drupal.unemploymenttracker.com/cgi-bin/CVqi3H_zuyow.php3','','3.67.7.197',1685480684),(85244,0,'page not found','@uri','a:1:{s:4:\"@uri\";s:25:\"/cgi-bin/CVqi3H_zuyow.cfm\";}',4,'','https://drupal.unemploymenttracker.com/cgi-bin/CVqi3H_zuyow.cfm','','3.67.7.197',1685480685),(85245,0,'page not found','@uri','a:1:{s:4:\"@uri\";s:26:\"/scripts/CVqi3H_zuyow.html\";}',4,'','https://drupal.unemploymenttracker.com/scripts/CVqi3H_zuyow.html','','3.67.7.197',1685480685),(85246,0,'page not found','@uri','a:1:{s:4:\"@uri\";s:27:\"/scripts/CVqi3H_zuyow.shtml\";}',4,'','https://drupal.unemploymenttracker.com/scripts/CVqi3H_zuyow.shtml','','3.67.7.197',1685480685),(85247,0,'page not found','@uri','a:1:{s:4:\"@uri\";s:26:\"/scripts/CVqi3H_zuyow.php3\";}',4,'','https://drupal.unemploymenttracker.com/scripts/CVqi3H_zuyow.php3','','3.67.7.197',1685480686),(85248,0,'page not found','@uri','a:1:{s:4:\"@uri\";s:25:\"/scripts/CVqi3H_zuyow.cfm\";}',4,'','https://drupal.unemploymenttracker.com/scripts/CVqi3H_zuyow.cfm','','3.67.7.197',1685480686),(85249,0,'page not found','@uri','a:1:{s:4:\"@uri\";s:21:\"/cgi-bin/login.action\";}',4,'','https://drupal.unemploymenttracker.com/cgi-bin/login.action','','3.67.7.197',1685480689),(85250,0,'page not found','@uri','a:1:{s:4:\"@uri\";s:20:\"/cgi-bin/500page.jsp\";}',4,'','https://drupal.unemploymenttracker.com/cgi-bin/500page.jsp','','3.67.7.197',1685480690),(85251,0,'page not found','@uri','a:1:{s:4:\"@uri\";s:36:\"/core/modules/system/css/components/\";}',4,'','https://drupal.unemploymenttracker.com/core/modules/system/css/components/','','3.67.7.197',1685480690),(85252,0,'page not found','@uri','a:1:{s:4:\"@uri\";s:21:\"/scripts/login.action\";}',4,'','https://drupal.unemploymenttracker.com/scripts/login.action','','3.67.7.197',1685480691),(85253,0,'page not found','@uri','a:1:{s:4:\"@uri\";s:20:\"/scripts/500page.jsp\";}',4,'','https://drupal.unemploymenttracker.com/scripts/500page.jsp','','3.67.7.197',1685480691),(85254,0,'page not found','@uri','a:1:{s:4:\"@uri\";s:18:\"/user/login.action\";}',4,'','https://drupal.unemploymenttracker.com/user/login.action','','3.67.7.197',1685480692),(85255,0,'page not found','@uri','a:1:{s:4:\"@uri\";s:17:\"/user/500page.jsp\";}',4,'','https://drupal.unemploymenttracker.com/user/500page.jsp','','3.67.7.197',1685480692),(85256,0,'page not found','@uri','a:1:{s:4:\"@uri\";s:48:\"/core/modules/system/css/components/login.action\";}',4,'','https://drupal.unemploymenttracker.com/core/modules/system/css/components/login.action','','3.67.7.197',1685480693),(85257,0,'page not found','@uri','a:1:{s:4:\"@uri\";s:47:\"/core/modules/system/css/components/500page.jsp\";}',4,'','https://drupal.unemploymenttracker.com/core/modules/system/css/components/500page.jsp','','3.67.7.197',1685480694),(85258,0,'page not found','@uri','a:1:{s:4:\"@uri\";s:13:\"/login.action\";}',4,'','https://drupal.unemploymenttracker.com/login.action','','3.67.7.197',1685480694),(85259,0,'page not found','@uri','a:1:{s:4:\"@uri\";s:12:\"/500page.jsp\";}',4,'','https://drupal.unemploymenttracker.com/500page.jsp','','3.67.7.197',1685480695),(85260,0,'access denied','Path: @uri. %type: @message in %function (line %line of %file).','a:6:{s:5:\"%type\";s:64:\"Symfony\\Component\\HttpKernel\\Exception\\AccessDeniedHttpException\";s:8:\"@message\";s:44:\"The \'access content\' permission is required.\";s:9:\"%function\";s:52:\"Drupal\\Core\\Routing\\AccessAwareRouter->checkAccess()\";s:5:\"%file\";s:70:\"/var/www/drupal/web/core/lib/Drupal/Core/Routing/AccessAwareRouter.php\";s:5:\"%line\";i:115;s:4:\"@uri\";s:1:\"/\";}',4,'','https://100.26.255.193/','','43.130.121.32',1685484999),(85261,0,'page not found','@uri','a:1:{s:4:\"@uri\";s:18:\"/_profiler/phpinfo\";}',4,'','https://100.26.255.193/_profiler/phpinfo','','43.130.121.32',1685484999),(85262,0,'access denied','Path: @uri. %type: @message in %function (line %line of %file).','a:6:{s:5:\"%type\";s:64:\"Symfony\\Component\\HttpKernel\\Exception\\AccessDeniedHttpException\";s:8:\"@message\";s:44:\"The \'access content\' permission is required.\";s:9:\"%function\";s:52:\"Drupal\\Core\\Routing\\AccessAwareRouter->checkAccess()\";s:5:\"%file\";s:70:\"/var/www/drupal/web/core/lib/Drupal/Core/Routing/AccessAwareRouter.php\";s:5:\"%line\";i:115;s:4:\"@uri\";s:1:\"/\";}',4,'','https://100.26.255.193/','','135.125.218.67',1685496624),(85263,0,'cron','Starting execution of @module_cron().','a:1:{s:7:\"@module\";s:7:\"comment\";}',6,'','https://100.26.255.193/','','135.125.218.67',1685496624),(85264,0,'cron','Starting execution of @module_cron(), execution of @module_previous_cron() took @time.','a:3:{s:7:\"@module\";s:5:\"dblog\";s:16:\"@module_previous\";s:7:\"comment\";s:5:\"@time\";s:6:\"1.67ms\";}',6,'','https://100.26.255.193/','','135.125.218.67',1685496624),(85265,0,'cron','Starting execution of @module_cron(), execution of @module_previous_cron() took @time.','a:3:{s:7:\"@module\";s:5:\"field\";s:16:\"@module_previous\";s:5:\"dblog\";s:5:\"@time\";s:7:\"11.86ms\";}',6,'','https://100.26.255.193/','','135.125.218.67',1685496624),(85266,0,'cron','Starting execution of @module_cron(), execution of @module_previous_cron() took @time.','a:3:{s:7:\"@module\";s:4:\"file\";s:16:\"@module_previous\";s:5:\"field\";s:5:\"@time\";s:6:\"0.72ms\";}',6,'','https://100.26.255.193/','','135.125.218.67',1685496624),(85267,0,'cron','Starting execution of @module_cron(), execution of @module_previous_cron() took @time.','a:3:{s:7:\"@module\";s:7:\"ginvite\";s:16:\"@module_previous\";s:4:\"file\";s:5:\"@time\";s:6:\"1.57ms\";}',6,'','https://100.26.255.193/','','135.125.218.67',1685496624),(85268,0,'cron','Starting execution of @module_cron(), execution of @module_previous_cron() took @time.','a:3:{s:7:\"@module\";s:7:\"history\";s:16:\"@module_previous\";s:7:\"ginvite\";s:5:\"@time\";s:5:\"4.3ms\";}',6,'','https://100.26.255.193/','','135.125.218.67',1685496624),(85269,0,'cron','Starting execution of @module_cron(), execution of @module_previous_cron() took @time.','a:3:{s:7:\"@module\";s:4:\"node\";s:16:\"@module_previous\";s:7:\"history\";s:5:\"@time\";s:6:\"0.22ms\";}',6,'','https://100.26.255.193/','','135.125.218.67',1685496624),(85270,0,'cron','Starting execution of @module_cron(), execution of @module_previous_cron() took @time.','a:3:{s:7:\"@module\";s:6:\"search\";s:16:\"@module_previous\";s:4:\"node\";s:5:\"@time\";s:6:\"1.06ms\";}',6,'','https://100.26.255.193/','','135.125.218.67',1685496624),(85271,0,'cron','Starting execution of @module_cron(), execution of @module_previous_cron() took @time.','a:3:{s:7:\"@module\";s:6:\"system\";s:16:\"@module_previous\";s:6:\"search\";s:5:\"@time\";s:6:\"2.03ms\";}',6,'','https://100.26.255.193/','','135.125.218.67',1685496624),(85272,0,'cron','Starting execution of @module_cron(), execution of @module_previous_cron() took @time.','a:3:{s:7:\"@module\";s:6:\"update\";s:16:\"@module_previous\";s:6:\"system\";s:5:\"@time\";s:7:\"82.43ms\";}',6,'','https://100.26.255.193/','','135.125.218.67',1685496624),(85273,0,'cron','Execution of @module_previous_cron() took @time.','a:2:{s:16:\"@module_previous\";s:6:\"update\";s:5:\"@time\";s:8:\"160.39ms\";}',6,'','https://100.26.255.193/','','135.125.218.67',1685496624),(85274,0,'cron','Cron run completed.','a:0:{}',6,'','https://100.26.255.193/','','135.125.218.67',1685496624),(85275,0,'access denied','Path: @uri. %type: @message in %function (line %line of %file).','a:6:{s:5:\"%type\";s:64:\"Symfony\\Component\\HttpKernel\\Exception\\AccessDeniedHttpException\";s:8:\"@message\";s:44:\"The \'access content\' permission is required.\";s:9:\"%function\";s:52:\"Drupal\\Core\\Routing\\AccessAwareRouter->checkAccess()\";s:5:\"%file\";s:70:\"/var/www/drupal/web/core/lib/Drupal/Core/Routing/AccessAwareRouter.php\";s:5:\"%line\";i:115;s:4:\"@uri\";s:1:\"/\";}',4,'','https://100.26.255.193/','','135.125.218.67',1685500840),(85276,0,'page not found','@uri','a:1:{s:4:\"@uri\";s:13:\"/sendgrid.env\";}',4,'','https://100.26.255.193/sendgrid.env','','79.133.51.240',1685502923),(85277,0,'access denied','Path: @uri. %type: @message in %function (line %line of %file).','a:6:{s:5:\"%type\";s:64:\"Symfony\\Component\\HttpKernel\\Exception\\AccessDeniedHttpException\";s:8:\"@message\";s:44:\"The \'access content\' permission is required.\";s:9:\"%function\";s:52:\"Drupal\\Core\\Routing\\AccessAwareRouter->checkAccess()\";s:5:\"%file\";s:70:\"/var/www/drupal/web/core/lib/Drupal/Core/Routing/AccessAwareRouter.php\";s:5:\"%line\";i:115;s:4:\"@uri\";s:1:\"/\";}',4,'','https://100.26.255.193/','','135.125.218.67',1685509720),(85278,0,'cron','Starting execution of @module_cron().','a:1:{s:7:\"@module\";s:7:\"comment\";}',6,'','https://100.26.255.193/','','135.125.218.67',1685509720),(85279,0,'cron','Starting execution of @module_cron(), execution of @module_previous_cron() took @time.','a:3:{s:7:\"@module\";s:5:\"dblog\";s:16:\"@module_previous\";s:7:\"comment\";s:5:\"@time\";s:3:\"1ms\";}',6,'','https://100.26.255.193/','','135.125.218.67',1685509720),(85280,0,'cron','Starting execution of @module_cron(), execution of @module_previous_cron() took @time.','a:3:{s:7:\"@module\";s:5:\"field\";s:16:\"@module_previous\";s:5:\"dblog\";s:5:\"@time\";s:6:\"2.92ms\";}',6,'','https://100.26.255.193/','','135.125.218.67',1685509720),(85281,0,'cron','Starting execution of @module_cron(), execution of @module_previous_cron() took @time.','a:3:{s:7:\"@module\";s:4:\"file\";s:16:\"@module_previous\";s:5:\"field\";s:5:\"@time\";s:6:\"0.68ms\";}',6,'','https://100.26.255.193/','','135.125.218.67',1685509720),(85282,0,'cron','Starting execution of @module_cron(), execution of @module_previous_cron() took @time.','a:3:{s:7:\"@module\";s:7:\"ginvite\";s:16:\"@module_previous\";s:4:\"file\";s:5:\"@time\";s:6:\"1.58ms\";}',6,'','https://100.26.255.193/','','135.125.218.67',1685509720),(85283,0,'cron','Starting execution of @module_cron(), execution of @module_previous_cron() took @time.','a:3:{s:7:\"@module\";s:7:\"history\";s:16:\"@module_previous\";s:7:\"ginvite\";s:5:\"@time\";s:6:\"0.25ms\";}',6,'','https://100.26.255.193/','','135.125.218.67',1685509720),(85284,0,'cron','Starting execution of @module_cron(), execution of @module_previous_cron() took @time.','a:3:{s:7:\"@module\";s:4:\"node\";s:16:\"@module_previous\";s:7:\"history\";s:5:\"@time\";s:6:\"0.23ms\";}',6,'','https://100.26.255.193/','','135.125.218.67',1685509720),(85285,0,'cron','Starting execution of @module_cron(), execution of @module_previous_cron() took @time.','a:3:{s:7:\"@module\";s:6:\"search\";s:16:\"@module_previous\";s:4:\"node\";s:5:\"@time\";s:6:\"1.08ms\";}',6,'','https://100.26.255.193/','','135.125.218.67',1685509720),(85286,0,'cron','Starting execution of @module_cron(), execution of @module_previous_cron() took @time.','a:3:{s:7:\"@module\";s:6:\"system\";s:16:\"@module_previous\";s:6:\"search\";s:5:\"@time\";s:6:\"2.31ms\";}',6,'','https://100.26.255.193/','','135.125.218.67',1685509720),(85287,0,'cron','Starting execution of @module_cron(), execution of @module_previous_cron() took @time.','a:3:{s:7:\"@module\";s:6:\"update\";s:16:\"@module_previous\";s:6:\"system\";s:5:\"@time\";s:7:\"13.41ms\";}',6,'','https://100.26.255.193/','','135.125.218.67',1685509720),(85288,0,'cron','Execution of @module_previous_cron() took @time.','a:2:{s:16:\"@module_previous\";s:6:\"update\";s:5:\"@time\";s:7:\"96.91ms\";}',6,'','https://100.26.255.193/','','135.125.218.67',1685509720),(85289,0,'cron','Cron run completed.','a:0:{}',6,'','https://100.26.255.193/','','135.125.218.67',1685509720),(85290,0,'access denied','Path: @uri. %type: @message in %function (line %line of %file).','a:6:{s:5:\"%type\";s:64:\"Symfony\\Component\\HttpKernel\\Exception\\AccessDeniedHttpException\";s:8:\"@message\";s:44:\"The \'access content\' permission is required.\";s:9:\"%function\";s:52:\"Drupal\\Core\\Routing\\AccessAwareRouter->checkAccess()\";s:5:\"%file\";s:70:\"/var/www/drupal/web/core/lib/Drupal/Core/Routing/AccessAwareRouter.php\";s:5:\"%line\";i:115;s:4:\"@uri\";s:1:\"/\";}',4,'','https://100.26.255.193/','','135.125.218.67',1685524244),(85291,0,'cron','Starting execution of @module_cron().','a:1:{s:7:\"@module\";s:7:\"comment\";}',6,'','https://100.26.255.193/','','135.125.218.67',1685524244),(85292,0,'cron','Starting execution of @module_cron(), execution of @module_previous_cron() took @time.','a:3:{s:7:\"@module\";s:5:\"dblog\";s:16:\"@module_previous\";s:7:\"comment\";s:5:\"@time\";s:6:\"0.89ms\";}',6,'','https://100.26.255.193/','','135.125.218.67',1685524244),(85293,0,'cron','Starting execution of @module_cron(), execution of @module_previous_cron() took @time.','a:3:{s:7:\"@module\";s:5:\"field\";s:16:\"@module_previous\";s:5:\"dblog\";s:5:\"@time\";s:6:\"1.74ms\";}',6,'','https://100.26.255.193/','','135.125.218.67',1685524244),(85294,0,'cron','Starting execution of @module_cron(), execution of @module_previous_cron() took @time.','a:3:{s:7:\"@module\";s:4:\"file\";s:16:\"@module_previous\";s:5:\"field\";s:5:\"@time\";s:6:\"0.68ms\";}',6,'','https://100.26.255.193/','','135.125.218.67',1685524244),(85295,0,'cron','Starting execution of @module_cron(), execution of @module_previous_cron() took @time.','a:3:{s:7:\"@module\";s:7:\"ginvite\";s:16:\"@module_previous\";s:4:\"file\";s:5:\"@time\";s:6:\"1.66ms\";}',6,'','https://100.26.255.193/','','135.125.218.67',1685524244),(85296,0,'cron','Starting execution of @module_cron(), execution of @module_previous_cron() took @time.','a:3:{s:7:\"@module\";s:7:\"history\";s:16:\"@module_previous\";s:7:\"ginvite\";s:5:\"@time\";s:6:\"0.21ms\";}',6,'','https://100.26.255.193/','','135.125.218.67',1685524244),(85297,0,'cron','Starting execution of @module_cron(), execution of @module_previous_cron() took @time.','a:3:{s:7:\"@module\";s:4:\"node\";s:16:\"@module_previous\";s:7:\"history\";s:5:\"@time\";s:6:\"0.22ms\";}',6,'','https://100.26.255.193/','','135.125.218.67',1685524244),(85298,0,'cron','Starting execution of @module_cron(), execution of @module_previous_cron() took @time.','a:3:{s:7:\"@module\";s:6:\"search\";s:16:\"@module_previous\";s:4:\"node\";s:5:\"@time\";s:6:\"1.16ms\";}',6,'','https://100.26.255.193/','','135.125.218.67',1685524244),(85299,0,'cron','Starting execution of @module_cron(), execution of @module_previous_cron() took @time.','a:3:{s:7:\"@module\";s:6:\"system\";s:16:\"@module_previous\";s:6:\"search\";s:5:\"@time\";s:6:\"2.22ms\";}',6,'','https://100.26.255.193/','','135.125.218.67',1685524244),(85300,0,'cron','Starting execution of @module_cron(), execution of @module_previous_cron() took @time.','a:3:{s:7:\"@module\";s:6:\"update\";s:16:\"@module_previous\";s:6:\"system\";s:5:\"@time\";s:7:\"38.55ms\";}',6,'','https://100.26.255.193/','','135.125.218.67',1685524244),(85301,0,'cron','Execution of @module_previous_cron() took @time.','a:2:{s:16:\"@module_previous\";s:6:\"update\";s:5:\"@time\";s:7:\"91.37ms\";}',6,'','https://100.26.255.193/','','135.125.218.67',1685524244),(85302,0,'cron','Cron run completed.','a:0:{}',6,'','https://100.26.255.193/','','135.125.218.67',1685524244),(85303,0,'access denied','Path: @uri. %type: @message in %function (line %line of %file).','a:6:{s:5:\"%type\";s:64:\"Symfony\\Component\\HttpKernel\\Exception\\AccessDeniedHttpException\";s:8:\"@message\";s:44:\"The \'access content\' permission is required.\";s:9:\"%function\";s:52:\"Drupal\\Core\\Routing\\AccessAwareRouter->checkAccess()\";s:5:\"%file\";s:70:\"/var/www/drupal/web/core/lib/Drupal/Core/Routing/AccessAwareRouter.php\";s:5:\"%line\";i:115;s:4:\"@uri\";s:1:\"/\";}',4,'','https://100.26.255.193/','','135.125.218.67',1685527726),(85304,0,'access denied','Path: @uri. %type: @message in %function (line %line of %file).','a:6:{s:5:\"%type\";s:64:\"Symfony\\Component\\HttpKernel\\Exception\\AccessDeniedHttpException\";s:8:\"@message\";s:44:\"The \'access content\' permission is required.\";s:9:\"%function\";s:52:\"Drupal\\Core\\Routing\\AccessAwareRouter->checkAccess()\";s:5:\"%file\";s:70:\"/var/www/drupal/web/core/lib/Drupal/Core/Routing/AccessAwareRouter.php\";s:5:\"%line\";i:115;s:4:\"@uri\";s:1:\"/\";}',4,'','https://100.26.255.193/','','79.183.201.132',1685533020),(85305,0,'cron','Starting execution of @module_cron().','a:1:{s:7:\"@module\";s:7:\"comment\";}',6,'','https://100.26.255.193/owa/auth/x.js','','198.199.92.121',1685535213),(85306,0,'cron','Starting execution of @module_cron(), execution of @module_previous_cron() took @time.','a:3:{s:7:\"@module\";s:5:\"dblog\";s:16:\"@module_previous\";s:7:\"comment\";s:5:\"@time\";s:6:\"0.77ms\";}',6,'','https://100.26.255.193/owa/auth/x.js','','198.199.92.121',1685535213),(85307,0,'cron','Starting execution of @module_cron(), execution of @module_previous_cron() took @time.','a:3:{s:7:\"@module\";s:5:\"field\";s:16:\"@module_previous\";s:5:\"dblog\";s:5:\"@time\";s:5:\"2.4ms\";}',6,'','https://100.26.255.193/owa/auth/x.js','','198.199.92.121',1685535213),(85308,0,'cron','Starting execution of @module_cron(), execution of @module_previous_cron() took @time.','a:3:{s:7:\"@module\";s:4:\"file\";s:16:\"@module_previous\";s:5:\"field\";s:5:\"@time\";s:5:\"0.6ms\";}',6,'','https://100.26.255.193/owa/auth/x.js','','198.199.92.121',1685535213),(85309,0,'cron','Starting execution of @module_cron(), execution of @module_previous_cron() took @time.','a:3:{s:7:\"@module\";s:7:\"ginvite\";s:16:\"@module_previous\";s:4:\"file\";s:5:\"@time\";s:6:\"4.07ms\";}',6,'','https://100.26.255.193/owa/auth/x.js','','198.199.92.121',1685535213),(85310,0,'cron','Starting execution of @module_cron(), execution of @module_previous_cron() took @time.','a:3:{s:7:\"@module\";s:7:\"history\";s:16:\"@module_previous\";s:7:\"ginvite\";s:5:\"@time\";s:6:\"0.18ms\";}',6,'','https://100.26.255.193/owa/auth/x.js','','198.199.92.121',1685535213),(85311,0,'cron','Starting execution of @module_cron(), execution of @module_previous_cron() took @time.','a:3:{s:7:\"@module\";s:4:\"node\";s:16:\"@module_previous\";s:7:\"history\";s:5:\"@time\";s:6:\"0.17ms\";}',6,'','https://100.26.255.193/owa/auth/x.js','','198.199.92.121',1685535213),(85312,0,'cron','Starting execution of @module_cron(), execution of @module_previous_cron() took @time.','a:3:{s:7:\"@module\";s:6:\"search\";s:16:\"@module_previous\";s:4:\"node\";s:5:\"@time\";s:6:\"2.01ms\";}',6,'','https://100.26.255.193/owa/auth/x.js','','198.199.92.121',1685535213),(85313,0,'cron','Starting execution of @module_cron(), execution of @module_previous_cron() took @time.','a:3:{s:7:\"@module\";s:6:\"system\";s:16:\"@module_previous\";s:6:\"search\";s:5:\"@time\";s:6:\"2.24ms\";}',6,'','https://100.26.255.193/owa/auth/x.js','','198.199.92.121',1685535213),(85314,0,'cron','Starting execution of @module_cron(), execution of @module_previous_cron() took @time.','a:3:{s:7:\"@module\";s:6:\"update\";s:16:\"@module_previous\";s:6:\"system\";s:5:\"@time\";s:7:\"11.93ms\";}',6,'','https://100.26.255.193/owa/auth/x.js','','198.199.92.121',1685535213),(85315,0,'cron','Execution of @module_previous_cron() took @time.','a:2:{s:16:\"@module_previous\";s:6:\"update\";s:5:\"@time\";s:7:\"92.72ms\";}',6,'','https://100.26.255.193/owa/auth/x.js','','198.199.92.121',1685535213),(85316,0,'cron','Cron run completed.','a:0:{}',6,'','https://100.26.255.193/owa/auth/x.js','','198.199.92.121',1685535213),(85317,0,'page not found','@uri','a:1:{s:4:\"@uri\";s:20:\"/owa/auth/logon.aspx\";}',4,'','https://100.26.255.193/owa/auth/logon.aspx','','162.243.136.18',1685535278),(85318,0,'page not found','@uri','a:1:{s:4:\"@uri\";s:76:\"/ecp/Current/exporttool/microsoft.exchange.ediscovery.exporttool.application\";}',4,'','https://100.26.255.193/ecp/Current/exporttool/microsoft.exchange.ediscovery.exporttool.application','','192.241.211.44',1685535373),(85319,0,'page not found','@uri','a:1:{s:4:\"@uri\";s:15:\"/geoserver/web/\";}',4,'','https://100.26.255.193/geoserver/web/','','64.62.197.39',1685535685),(85320,0,'access denied','Path: @uri. %type: @message in %function (line %line of %file).','a:6:{s:5:\"%type\";s:64:\"Symfony\\Component\\HttpKernel\\Exception\\AccessDeniedHttpException\";s:8:\"@message\";s:44:\"The \'access content\' permission is required.\";s:9:\"%function\";s:52:\"Drupal\\Core\\Routing\\AccessAwareRouter->checkAccess()\";s:5:\"%file\";s:70:\"/var/www/drupal/web/core/lib/Drupal/Core/Routing/AccessAwareRouter.php\";s:5:\"%line\";i:115;s:4:\"@uri\";s:1:\"/\";}',4,'','https://100.26.255.193/','','135.125.218.67',1685535879),(85321,0,'page not found','@uri','a:1:{s:4:\"@uri\";s:47:\"/autodiscover/autodiscover.json?@zdi/Powershell\";}',4,'','https://100.26.255.193/autodiscover/autodiscover.json?%40zdi%2FPowershell=','','162.243.147.17',1685540130),(85322,0,'page not found','@uri','a:1:{s:4:\"@uri\";s:49:\"/owa/auth/logon.aspx?url=https%3a%2f%2f1%2fecp%2f\";}',4,'','https://100.26.255.193/owa/auth/logon.aspx?url=https%3A%2F%2F1%2Fecp%2F','','198.199.92.229',1685541918),(85323,0,'access denied','Path: @uri. %type: @message in %function (line %line of %file).','a:6:{s:5:\"%type\";s:64:\"Symfony\\Component\\HttpKernel\\Exception\\AccessDeniedHttpException\";s:8:\"@message\";s:44:\"The \'access content\' permission is required.\";s:9:\"%function\";s:52:\"Drupal\\Core\\Routing\\AccessAwareRouter->checkAccess()\";s:5:\"%file\";s:70:\"/var/www/drupal/web/core/lib/Drupal/Core/Routing/AccessAwareRouter.php\";s:5:\"%line\";i:115;s:4:\"@uri\";s:1:\"/\";}',4,'','https://100.26.255.193/','','51.89.5.185',1685551064),(85324,0,'cron','Starting execution of @module_cron().','a:1:{s:7:\"@module\";s:7:\"comment\";}',6,'','https://100.26.255.193/','','51.89.5.185',1685551064),(85325,0,'cron','Starting execution of @module_cron(), execution of @module_previous_cron() took @time.','a:3:{s:7:\"@module\";s:5:\"dblog\";s:16:\"@module_previous\";s:7:\"comment\";s:5:\"@time\";s:6:\"0.82ms\";}',6,'','https://100.26.255.193/','','51.89.5.185',1685551064),(85326,0,'cron','Starting execution of @module_cron(), execution of @module_previous_cron() took @time.','a:3:{s:7:\"@module\";s:5:\"field\";s:16:\"@module_previous\";s:5:\"dblog\";s:5:\"@time\";s:6:\"3.57ms\";}',6,'','https://100.26.255.193/','','51.89.5.185',1685551065),(85327,0,'cron','Starting execution of @module_cron(), execution of @module_previous_cron() took @time.','a:3:{s:7:\"@module\";s:4:\"file\";s:16:\"@module_previous\";s:5:\"field\";s:5:\"@time\";s:6:\"1.03ms\";}',6,'','https://100.26.255.193/','','51.89.5.185',1685551065),(85328,0,'cron','Starting execution of @module_cron(), execution of @module_previous_cron() took @time.','a:3:{s:7:\"@module\";s:7:\"ginvite\";s:16:\"@module_previous\";s:4:\"file\";s:5:\"@time\";s:6:\"2.15ms\";}',6,'','https://100.26.255.193/','','51.89.5.185',1685551065),(85329,0,'cron','Starting execution of @module_cron(), execution of @module_previous_cron() took @time.','a:3:{s:7:\"@module\";s:7:\"history\";s:16:\"@module_previous\";s:7:\"ginvite\";s:5:\"@time\";s:6:\"0.27ms\";}',6,'','https://100.26.255.193/','','51.89.5.185',1685551065),(85330,0,'cron','Starting execution of @module_cron(), execution of @module_previous_cron() took @time.','a:3:{s:7:\"@module\";s:4:\"node\";s:16:\"@module_previous\";s:7:\"history\";s:5:\"@time\";s:6:\"0.26ms\";}',6,'','https://100.26.255.193/','','51.89.5.185',1685551065),(85331,0,'cron','Starting execution of @module_cron(), execution of @module_previous_cron() took @time.','a:3:{s:7:\"@module\";s:6:\"search\";s:16:\"@module_previous\";s:4:\"node\";s:5:\"@time\";s:6:\"1.29ms\";}',6,'','https://100.26.255.193/','','51.89.5.185',1685551065),(85332,0,'cron','Starting execution of @module_cron(), execution of @module_previous_cron() took @time.','a:3:{s:7:\"@module\";s:6:\"system\";s:16:\"@module_previous\";s:6:\"search\";s:5:\"@time\";s:6:\"2.47ms\";}',6,'','https://100.26.255.193/','','51.89.5.185',1685551065),(85333,0,'cron','Starting execution of @module_cron(), execution of @module_previous_cron() took @time.','a:3:{s:7:\"@module\";s:6:\"update\";s:16:\"@module_previous\";s:6:\"system\";s:5:\"@time\";s:7:\"45.36ms\";}',6,'','https://100.26.255.193/','','51.89.5.185',1685551065),(85334,0,'cron','Execution of @module_previous_cron() took @time.','a:2:{s:16:\"@module_previous\";s:6:\"update\";s:5:\"@time\";s:9:\"1182.97ms\";}',6,'','https://100.26.255.193/','','51.89.5.185',1685551066),(85335,0,'cron','Cron run completed.','a:0:{}',6,'','https://100.26.255.193/','','51.89.5.185',1685551066),(85336,0,'access denied','Path: @uri. %type: @message in %function (line %line of %file).','a:6:{s:5:\"%type\";s:64:\"Symfony\\Component\\HttpKernel\\Exception\\AccessDeniedHttpException\";s:8:\"@message\";s:44:\"The \'access content\' permission is required.\";s:9:\"%function\";s:52:\"Drupal\\Core\\Routing\\AccessAwareRouter->checkAccess()\";s:5:\"%file\";s:70:\"/var/www/drupal/web/core/lib/Drupal/Core/Routing/AccessAwareRouter.php\";s:5:\"%line\";i:115;s:4:\"@uri\";s:1:\"/\";}',4,'','https://100.26.255.193/','','51.89.5.185',1685557574),(85337,0,'access denied','Path: @uri. %type: @message in %function (line %line of %file).','a:6:{s:5:\"%type\";s:64:\"Symfony\\Component\\HttpKernel\\Exception\\AccessDeniedHttpException\";s:8:\"@message\";s:44:\"The \'access content\' permission is required.\";s:9:\"%function\";s:52:\"Drupal\\Core\\Routing\\AccessAwareRouter->checkAccess()\";s:5:\"%file\";s:70:\"/var/www/drupal/web/core/lib/Drupal/Core/Routing/AccessAwareRouter.php\";s:5:\"%line\";i:115;s:4:\"@uri\";s:1:\"/\";}',4,'','https://100.26.255.193/','https://www.google.com/','54.201.196.2',1685561749),(85338,1,'user','Session opened for %name.','a:1:{s:5:\"%name\";s:8:\"camyoung\";}',6,'','https://drupal.unemploymenttracker.com/user/reset/1/1685563091/h0X98ENOD4Mj61mG8BmbLEiNeRcMTqT2Ru28w8-pwJg/login','','100.7.117.56',1685563099),(85339,1,'user','User %name used one-time login link at time %timestamp.','a:2:{s:5:\"%name\";s:8:\"camyoung\";s:10:\"%timestamp\";s:10:\"1685563091\";}',6,'','https://drupal.unemploymenttracker.com/user/reset/1/1685563091/h0X98ENOD4Mj61mG8BmbLEiNeRcMTqT2Ru28w8-pwJg/login','','100.7.117.56',1685563099),(85340,0,'cron','Starting execution of @module_cron().','a:1:{s:7:\"@module\";s:7:\"comment\";}',6,'','https://drupal.unemploymenttracker.com/user/reset/1/1685563091/h0X98ENOD4Mj61mG8BmbLEiNeRcMTqT2Ru28w8-pwJg/login','','100.7.117.56',1685563099),(85341,0,'cron','Starting execution of @module_cron(), execution of @module_previous_cron() took @time.','a:3:{s:7:\"@module\";s:5:\"dblog\";s:16:\"@module_previous\";s:7:\"comment\";s:5:\"@time\";s:6:\"0.73ms\";}',6,'','https://drupal.unemploymenttracker.com/user/reset/1/1685563091/h0X98ENOD4Mj61mG8BmbLEiNeRcMTqT2Ru28w8-pwJg/login','','100.7.117.56',1685563099),(85342,0,'cron','Starting execution of @module_cron(), execution of @module_previous_cron() took @time.','a:3:{s:7:\"@module\";s:5:\"field\";s:16:\"@module_previous\";s:5:\"dblog\";s:5:\"@time\";s:6:\"3.16ms\";}',6,'','https://drupal.unemploymenttracker.com/user/reset/1/1685563091/h0X98ENOD4Mj61mG8BmbLEiNeRcMTqT2Ru28w8-pwJg/login','','100.7.117.56',1685563099),(85343,0,'cron','Starting execution of @module_cron(), execution of @module_previous_cron() took @time.','a:3:{s:7:\"@module\";s:4:\"file\";s:16:\"@module_previous\";s:5:\"field\";s:5:\"@time\";s:6:\"0.61ms\";}',6,'','https://drupal.unemploymenttracker.com/user/reset/1/1685563091/h0X98ENOD4Mj61mG8BmbLEiNeRcMTqT2Ru28w8-pwJg/login','','100.7.117.56',1685563099),(85344,0,'cron','Starting execution of @module_cron(), execution of @module_previous_cron() took @time.','a:3:{s:7:\"@module\";s:7:\"ginvite\";s:16:\"@module_previous\";s:4:\"file\";s:5:\"@time\";s:6:\"1.45ms\";}',6,'','https://drupal.unemploymenttracker.com/user/reset/1/1685563091/h0X98ENOD4Mj61mG8BmbLEiNeRcMTqT2Ru28w8-pwJg/login','','100.7.117.56',1685563099),(85345,0,'cron','Starting execution of @module_cron(), execution of @module_previous_cron() took @time.','a:3:{s:7:\"@module\";s:7:\"history\";s:16:\"@module_previous\";s:7:\"ginvite\";s:5:\"@time\";s:6:\"0.19ms\";}',6,'','https://drupal.unemploymenttracker.com/user/reset/1/1685563091/h0X98ENOD4Mj61mG8BmbLEiNeRcMTqT2Ru28w8-pwJg/login','','100.7.117.56',1685563099),(85346,0,'cron','Starting execution of @module_cron(), execution of @module_previous_cron() took @time.','a:3:{s:7:\"@module\";s:4:\"node\";s:16:\"@module_previous\";s:7:\"history\";s:5:\"@time\";s:6:\"0.19ms\";}',6,'','https://drupal.unemploymenttracker.com/user/reset/1/1685563091/h0X98ENOD4Mj61mG8BmbLEiNeRcMTqT2Ru28w8-pwJg/login','','100.7.117.56',1685563099),(85347,0,'cron','Starting execution of @module_cron(), execution of @module_previous_cron() took @time.','a:3:{s:7:\"@module\";s:6:\"search\";s:16:\"@module_previous\";s:4:\"node\";s:5:\"@time\";s:6:\"2.03ms\";}',6,'','https://drupal.unemploymenttracker.com/user/reset/1/1685563091/h0X98ENOD4Mj61mG8BmbLEiNeRcMTqT2Ru28w8-pwJg/login','','100.7.117.56',1685563099),(85348,0,'cron','Starting execution of @module_cron(), execution of @module_previous_cron() took @time.','a:3:{s:7:\"@module\";s:6:\"system\";s:16:\"@module_previous\";s:6:\"search\";s:5:\"@time\";s:6:\"2.15ms\";}',6,'','https://drupal.unemploymenttracker.com/user/reset/1/1685563091/h0X98ENOD4Mj61mG8BmbLEiNeRcMTqT2Ru28w8-pwJg/login','','100.7.117.56',1685563099),(85349,0,'cron','Starting execution of @module_cron(), execution of @module_previous_cron() took @time.','a:3:{s:7:\"@module\";s:6:\"update\";s:16:\"@module_previous\";s:6:\"system\";s:5:\"@time\";s:7:\"14.07ms\";}',6,'','https://drupal.unemploymenttracker.com/user/reset/1/1685563091/h0X98ENOD4Mj61mG8BmbLEiNeRcMTqT2Ru28w8-pwJg/login','','100.7.117.56',1685563099),(85350,0,'cron','Execution of @module_previous_cron() took @time.','a:2:{s:16:\"@module_previous\";s:6:\"update\";s:5:\"@time\";s:7:\"97.31ms\";}',6,'','https://drupal.unemploymenttracker.com/user/reset/1/1685563091/h0X98ENOD4Mj61mG8BmbLEiNeRcMTqT2Ru28w8-pwJg/login','','100.7.117.56',1685563099),(85351,0,'cron','Cron run completed.','a:0:{}',6,'','https://drupal.unemploymenttracker.com/user/reset/1/1685563091/h0X98ENOD4Mj61mG8BmbLEiNeRcMTqT2Ru28w8-pwJg/login','','100.7.117.56',1685563099),(85352,1,'content','@type: updated %title.','a:2:{s:5:\"@type\";s:4:\"page\";s:6:\"%title\";s:19:\"Profile Information\";}',6,'<a href=\"/node/20\" hreflang=\"en\">View</a>','https://drupal.unemploymenttracker.com/node/20/edit?destination=%2Fadmin%2Fcontent','https://drupal.unemploymenttracker.com/node/20/edit?destination=/admin/content','100.7.117.56',1685563171),(85353,1,'content','@type: updated %title.','a:2:{s:5:\"@type\";s:4:\"page\";s:6:\"%title\";s:19:\"Company Information\";}',6,'<a href=\"/settings/company-information\" hreflang=\"en\">View</a>','https://drupal.unemploymenttracker.com/node/19/edit?destination=%2Fadmin%2Fcontent','https://drupal.unemploymenttracker.com/node/19/edit?destination=/admin/content','100.7.117.56',1685563186),(85354,1,'content','@type: updated %title.','a:2:{s:5:\"@type\";s:4:\"page\";s:6:\"%title\";s:12:\"Manage Users\";}',6,'<a href=\"/node/16\" hreflang=\"en\">View</a>','https://drupal.unemploymenttracker.com/node/16/edit?destination=%2Fadmin%2Fcontent','https://drupal.unemploymenttracker.com/node/16/edit?destination=/admin/content','100.7.117.56',1685563199),(85355,1,'content','@type: updated %title.','a:2:{s:5:\"@type\";s:4:\"page\";s:6:\"%title\";s:12:\"Data Schemes\";}',6,'<a href=\"/node/17\" hreflang=\"en\">View</a>','https://drupal.unemploymenttracker.com/node/17/edit?destination=%2Fadmin%2Fcontent','https://drupal.unemploymenttracker.com/node/17/edit?destination=/admin/content','100.7.117.56',1685563209),(85356,1,'menu','Menu %label has been updated.','a:1:{s:6:\"%label\";s:15:\"Main navigation\";}',5,'<a href=\"/admin/structure/menu/manage/main\">Edit</a>','https://drupal.unemploymenttracker.com/admin/structure/menu/manage/main','https://drupal.unemploymenttracker.com/admin/structure/menu/manage/main','100.7.117.56',1685563226),(85357,1,'menu','Menu %label has been updated.','a:1:{s:6:\"%label\";s:15:\"Main navigation\";}',5,'<a href=\"/admin/structure/menu/manage/main\">Edit</a>','https://drupal.unemploymenttracker.com/admin/structure/menu/manage/main','https://drupal.unemploymenttracker.com/admin/structure/menu/manage/main','100.7.117.56',1685563234),(85358,0,'access denied','Path: @uri. %type: @message in %function (line %line of %file).','a:6:{s:5:\"%type\";s:64:\"Symfony\\Component\\HttpKernel\\Exception\\AccessDeniedHttpException\";s:8:\"@message\";s:44:\"The \'access content\' permission is required.\";s:9:\"%function\";s:52:\"Drupal\\Core\\Routing\\AccessAwareRouter->checkAccess()\";s:5:\"%file\";s:70:\"/var/www/drupal/web/core/lib/Drupal/Core/Routing/AccessAwareRouter.php\";s:5:\"%line\";i:115;s:4:\"@uri\";s:1:\"/\";}',4,'','https://100.26.255.193/','','51.89.5.185',1685567755),(85359,0,'access denied','Path: @uri. %type: @message in %function (line %line of %file).','a:6:{s:5:\"%type\";s:61:\"Drupal\\Core\\Http\\Exception\\CacheableAccessDeniedHttpException\";s:8:\"@message\";s:44:\"The \'access content\' permission is required.\";s:9:\"%function\";s:52:\"Drupal\\Core\\Routing\\AccessAwareRouter->checkAccess()\";s:5:\"%file\";s:70:\"/var/www/drupal/web/core/lib/Drupal/Core/Routing/AccessAwareRouter.php\";s:5:\"%line\";i:112;s:4:\"@uri\";s:1:\"/\";}',4,'','https://100.26.255.193/','','109.122.221.251',1685574653),(85360,0,'cron','Starting execution of @module_cron().','a:1:{s:7:\"@module\";s:7:\"comment\";}',6,'','https://100.26.255.193/','','109.122.221.251',1685574653),(85361,0,'cron','Starting execution of @module_cron(), execution of @module_previous_cron() took @time.','a:3:{s:7:\"@module\";s:5:\"dblog\";s:16:\"@module_previous\";s:7:\"comment\";s:5:\"@time\";s:6:\"0.81ms\";}',6,'','https://100.26.255.193/','','109.122.221.251',1685574653),(85362,0,'cron','Starting execution of @module_cron(), execution of @module_previous_cron() took @time.','a:3:{s:7:\"@module\";s:5:\"field\";s:16:\"@module_previous\";s:5:\"dblog\";s:5:\"@time\";s:6:\"3.23ms\";}',6,'','https://100.26.255.193/','','109.122.221.251',1685574653),(85363,0,'cron','Starting execution of @module_cron(), execution of @module_previous_cron() took @time.','a:3:{s:7:\"@module\";s:4:\"file\";s:16:\"@module_previous\";s:5:\"field\";s:5:\"@time\";s:6:\"1.93ms\";}',6,'','https://100.26.255.193/','','109.122.221.251',1685574653),(85364,0,'cron','Starting execution of @module_cron(), execution of @module_previous_cron() took @time.','a:3:{s:7:\"@module\";s:7:\"ginvite\";s:16:\"@module_previous\";s:4:\"file\";s:5:\"@time\";s:6:\"1.49ms\";}',6,'','https://100.26.255.193/','','109.122.221.251',1685574653),(85365,0,'cron','Starting execution of @module_cron(), execution of @module_previous_cron() took @time.','a:3:{s:7:\"@module\";s:7:\"history\";s:16:\"@module_previous\";s:7:\"ginvite\";s:5:\"@time\";s:6:\"0.19ms\";}',6,'','https://100.26.255.193/','','109.122.221.251',1685574653),(85366,0,'cron','Starting execution of @module_cron(), execution of @module_previous_cron() took @time.','a:3:{s:7:\"@module\";s:4:\"node\";s:16:\"@module_previous\";s:7:\"history\";s:5:\"@time\";s:6:\"0.22ms\";}',6,'','https://100.26.255.193/','','109.122.221.251',1685574653),(85367,0,'cron','Starting execution of @module_cron(), execution of @module_previous_cron() took @time.','a:3:{s:7:\"@module\";s:6:\"search\";s:16:\"@module_previous\";s:4:\"node\";s:5:\"@time\";s:6:\"1.09ms\";}',6,'','https://100.26.255.193/','','109.122.221.251',1685574653),(85368,0,'cron','Starting execution of @module_cron(), execution of @module_previous_cron() took @time.','a:3:{s:7:\"@module\";s:6:\"system\";s:16:\"@module_previous\";s:6:\"search\";s:5:\"@time\";s:8:\"126.01ms\";}',6,'','https://100.26.255.193/','','109.122.221.251',1685574653),(85369,0,'cron','Starting execution of @module_cron(), execution of @module_previous_cron() took @time.','a:3:{s:7:\"@module\";s:6:\"update\";s:16:\"@module_previous\";s:6:\"system\";s:5:\"@time\";s:7:\"61.37ms\";}',6,'','https://100.26.255.193/','','109.122.221.251',1685574653),(85370,0,'cron','Execution of @module_previous_cron() took @time.','a:2:{s:16:\"@module_previous\";s:6:\"update\";s:5:\"@time\";s:8:\"102.43ms\";}',6,'','https://100.26.255.193/','','109.122.221.251',1685574653),(85371,0,'cron','Cron run completed.','a:0:{}',6,'','https://100.26.255.193/','','109.122.221.251',1685574653),(85372,0,'access denied','Path: @uri. %type: @message in %function (line %line of %file).','a:6:{s:5:\"%type\";s:64:\"Symfony\\Component\\HttpKernel\\Exception\\AccessDeniedHttpException\";s:8:\"@message\";s:44:\"The \'access content\' permission is required.\";s:9:\"%function\";s:52:\"Drupal\\Core\\Routing\\AccessAwareRouter->checkAccess()\";s:5:\"%file\";s:70:\"/var/www/drupal/web/core/lib/Drupal/Core/Routing/AccessAwareRouter.php\";s:5:\"%line\";i:115;s:4:\"@uri\";s:1:\"/\";}',4,'','https://100.26.255.193/','','51.89.5.185',1685576728),(85373,0,'access denied','Path: @uri. %type: @message in %function (line %line of %file).','a:6:{s:5:\"%type\";s:64:\"Symfony\\Component\\HttpKernel\\Exception\\AccessDeniedHttpException\";s:8:\"@message\";s:44:\"The \'access content\' permission is required.\";s:9:\"%function\";s:52:\"Drupal\\Core\\Routing\\AccessAwareRouter->checkAccess()\";s:5:\"%file\";s:70:\"/var/www/drupal/web/core/lib/Drupal/Core/Routing/AccessAwareRouter.php\";s:5:\"%line\";i:115;s:4:\"@uri\";s:1:\"/\";}',4,'','https://100.26.255.193/','','51.89.5.185',1685586958),(85374,0,'cron','Starting execution of @module_cron().','a:1:{s:7:\"@module\";s:7:\"comment\";}',6,'','https://100.26.255.193/','','51.89.5.185',1685586958),(85375,0,'cron','Starting execution of @module_cron(), execution of @module_previous_cron() took @time.','a:3:{s:7:\"@module\";s:5:\"dblog\";s:16:\"@module_previous\";s:7:\"comment\";s:5:\"@time\";s:6:\"2.11ms\";}',6,'','https://100.26.255.193/','','51.89.5.185',1685586958),(85376,0,'cron','Starting execution of @module_cron(), execution of @module_previous_cron() took @time.','a:3:{s:7:\"@module\";s:5:\"field\";s:16:\"@module_previous\";s:5:\"dblog\";s:5:\"@time\";s:6:\"1.85ms\";}',6,'','https://100.26.255.193/','','51.89.5.185',1685586958),(85377,0,'cron','Starting execution of @module_cron(), execution of @module_previous_cron() took @time.','a:3:{s:7:\"@module\";s:4:\"file\";s:16:\"@module_previous\";s:5:\"field\";s:5:\"@time\";s:6:\"0.59ms\";}',6,'','https://100.26.255.193/','','51.89.5.185',1685586958),(85378,0,'cron','Starting execution of @module_cron(), execution of @module_previous_cron() took @time.','a:3:{s:7:\"@module\";s:7:\"ginvite\";s:16:\"@module_previous\";s:4:\"file\";s:5:\"@time\";s:6:\"1.47ms\";}',6,'','https://100.26.255.193/','','51.89.5.185',1685586958),(85379,0,'cron','Starting execution of @module_cron(), execution of @module_previous_cron() took @time.','a:3:{s:7:\"@module\";s:7:\"history\";s:16:\"@module_previous\";s:7:\"ginvite\";s:5:\"@time\";s:6:\"4.05ms\";}',6,'','https://100.26.255.193/','','51.89.5.185',1685586958),(85380,0,'cron','Starting execution of @module_cron(), execution of @module_previous_cron() took @time.','a:3:{s:7:\"@module\";s:4:\"node\";s:16:\"@module_previous\";s:7:\"history\";s:5:\"@time\";s:6:\"0.19ms\";}',6,'','https://100.26.255.193/','','51.89.5.185',1685586958),(85381,0,'cron','Starting execution of @module_cron(), execution of @module_previous_cron() took @time.','a:3:{s:7:\"@module\";s:6:\"search\";s:16:\"@module_previous\";s:4:\"node\";s:5:\"@time\";s:6:\"1.03ms\";}',6,'','https://100.26.255.193/','','51.89.5.185',1685586958),(85382,0,'cron','Starting execution of @module_cron(), execution of @module_previous_cron() took @time.','a:3:{s:7:\"@module\";s:6:\"system\";s:16:\"@module_previous\";s:6:\"search\";s:5:\"@time\";s:6:\"1.87ms\";}',6,'','https://100.26.255.193/','','51.89.5.185',1685586958),(85383,0,'cron','Starting execution of @module_cron(), execution of @module_previous_cron() took @time.','a:3:{s:7:\"@module\";s:6:\"update\";s:16:\"@module_previous\";s:6:\"system\";s:5:\"@time\";s:6:\"9.46ms\";}',6,'','https://100.26.255.193/','','51.89.5.185',1685586958),(85384,0,'cron','Execution of @module_previous_cron() took @time.','a:2:{s:16:\"@module_previous\";s:6:\"update\";s:5:\"@time\";s:8:\"159.48ms\";}',6,'','https://100.26.255.193/','','51.89.5.185',1685586958),(85385,0,'cron','Cron run completed.','a:0:{}',6,'','https://100.26.255.193/','','51.89.5.185',1685586958),(85386,0,'access denied','Path: @uri. %type: @message in %function (line %line of %file).','a:6:{s:5:\"%type\";s:61:\"Drupal\\Core\\Http\\Exception\\CacheableAccessDeniedHttpException\";s:8:\"@message\";s:44:\"The \'access content\' permission is required.\";s:9:\"%function\";s:52:\"Drupal\\Core\\Routing\\AccessAwareRouter->checkAccess()\";s:5:\"%file\";s:70:\"/var/www/drupal/web/core/lib/Drupal/Core/Routing/AccessAwareRouter.php\";s:5:\"%line\";i:112;s:4:\"@uri\";s:1:\"/\";}',4,'','https://drupal.unemploymenttracker.com/','','203.12.218.178',1685587703),(85387,0,'page not found','@uri','a:1:{s:4:\"@uri\";s:25:\"/nmaplowercheck1685588081\";}',4,'','https://drupal.unemploymenttracker.com/nmaplowercheck1685588081','','203.12.218.178',1685588081),(85388,0,'page not found','@uri','a:1:{s:4:\"@uri\";s:4:\"/sdk\";}',4,'','https://drupal.unemploymenttracker.com/sdk','','203.12.218.178',1685588081),(85389,0,'page not found','@uri','a:1:{s:4:\"@uri\";s:6:\"/HNAP1\";}',4,'','https://drupal.unemploymenttracker.com/HNAP1','','203.12.218.178',1685588082),(85390,0,'page not found','@uri','a:1:{s:4:\"@uri\";s:11:\"/evox/about\";}',4,'','https://drupal.unemploymenttracker.com/evox/about','','203.12.218.178',1685588082),(85391,0,'page not found','@uri','a:1:{s:4:\"@uri\";s:13:\"/ReportServer\";}',4,'','https://100.26.255.193/ReportServer','','107.170.237.19',1685589746),(85392,0,'page not found','@uri','a:1:{s:4:\"@uri\";s:6:\"/login\";}',4,'','https://100.26.255.193/login','','192.241.233.11',1685592242),(85393,0,'access denied','Path: @uri. %type: @message in %function (line %line of %file).','a:6:{s:5:\"%type\";s:64:\"Symfony\\Component\\HttpKernel\\Exception\\AccessDeniedHttpException\";s:8:\"@message\";s:44:\"The \'access content\' permission is required.\";s:9:\"%function\";s:52:\"Drupal\\Core\\Routing\\AccessAwareRouter->checkAccess()\";s:5:\"%file\";s:70:\"/var/www/drupal/web/core/lib/Drupal/Core/Routing/AccessAwareRouter.php\";s:5:\"%line\";i:115;s:4:\"@uri\";s:1:\"/\";}',4,'','https://100.26.255.193/','','43.130.79.95',1685592818),(85394,0,'page not found','@uri','a:1:{s:4:\"@uri\";s:18:\"/_profiler/phpinfo\";}',4,'','https://100.26.255.193/_profiler/phpinfo','','43.130.79.95',1685592818),(85395,0,'page not found','@uri','a:1:{s:4:\"@uri\";s:5:\"/ab2g\";}',4,'','https://100.26.255.193/ab2g','','138.197.147.235',1685593179),(85396,0,'page not found','@uri','a:1:{s:4:\"@uri\";s:5:\"/ab2h\";}',4,'','https://100.26.255.193/ab2h','','138.197.147.235',1685593179),(85397,0,'page not found','@uri','a:1:{s:4:\"@uri\";s:3:\"/t4\";}',4,'','https://100.26.255.193/t4','','138.197.147.235',1685593180),(85398,0,'access denied','Path: @uri. %type: @message in %function (line %line of %file).','a:6:{s:5:\"%type\";s:64:\"Symfony\\Component\\HttpKernel\\Exception\\AccessDeniedHttpException\";s:8:\"@message\";s:44:\"The \'access content\' permission is required.\";s:9:\"%function\";s:52:\"Drupal\\Core\\Routing\\AccessAwareRouter->checkAccess()\";s:5:\"%file\";s:70:\"/var/www/drupal/web/core/lib/Drupal/Core/Routing/AccessAwareRouter.php\";s:5:\"%line\";i:115;s:4:\"@uri\";s:1:\"/\";}',4,'','https://100.26.255.193/','','51.89.5.185',1685596958),(85399,0,'page not found','@uri','a:1:{s:4:\"@uri\";s:20:\"/owa/auth/logon.aspx\";}',4,'','https://100.26.255.193/owa/auth/logon.aspx','','54.241.130.48',1685598029),(85400,0,'cron','Starting execution of @module_cron().','a:1:{s:7:\"@module\";s:7:\"comment\";}',6,'','https://100.26.255.193/owa/auth/logon.aspx','','54.241.130.48',1685598029),(85401,0,'cron','Starting execution of @module_cron(), execution of @module_previous_cron() took @time.','a:3:{s:7:\"@module\";s:5:\"dblog\";s:16:\"@module_previous\";s:7:\"comment\";s:5:\"@time\";s:6:\"0.84ms\";}',6,'','https://100.26.255.193/owa/auth/logon.aspx','','54.241.130.48',1685598029),(85402,0,'cron','Starting execution of @module_cron(), execution of @module_previous_cron() took @time.','a:3:{s:7:\"@module\";s:5:\"field\";s:16:\"@module_previous\";s:5:\"dblog\";s:5:\"@time\";s:6:\"2.08ms\";}',6,'','https://100.26.255.193/owa/auth/logon.aspx','','54.241.130.48',1685598029),(85403,0,'cron','Starting execution of @module_cron(), execution of @module_previous_cron() took @time.','a:3:{s:7:\"@module\";s:4:\"file\";s:16:\"@module_previous\";s:5:\"field\";s:5:\"@time\";s:6:\"0.62ms\";}',6,'','https://100.26.255.193/owa/auth/logon.aspx','','54.241.130.48',1685598029),(85404,0,'cron','Starting execution of @module_cron(), execution of @module_previous_cron() took @time.','a:3:{s:7:\"@module\";s:7:\"ginvite\";s:16:\"@module_previous\";s:4:\"file\";s:5:\"@time\";s:6:\"1.52ms\";}',6,'','https://100.26.255.193/owa/auth/logon.aspx','','54.241.130.48',1685598029),(85405,0,'cron','Starting execution of @module_cron(), execution of @module_previous_cron() took @time.','a:3:{s:7:\"@module\";s:7:\"history\";s:16:\"@module_previous\";s:7:\"ginvite\";s:5:\"@time\";s:5:\"0.2ms\";}',6,'','https://100.26.255.193/owa/auth/logon.aspx','','54.241.130.48',1685598029),(85406,0,'cron','Starting execution of @module_cron(), execution of @module_previous_cron() took @time.','a:3:{s:7:\"@module\";s:4:\"node\";s:16:\"@module_previous\";s:7:\"history\";s:5:\"@time\";s:6:\"0.19ms\";}',6,'','https://100.26.255.193/owa/auth/logon.aspx','','54.241.130.48',1685598029),(85407,0,'cron','Starting execution of @module_cron(), execution of @module_previous_cron() took @time.','a:3:{s:7:\"@module\";s:6:\"search\";s:16:\"@module_previous\";s:4:\"node\";s:5:\"@time\";s:6:\"1.09ms\";}',6,'','https://100.26.255.193/owa/auth/logon.aspx','','54.241.130.48',1685598029),(85408,0,'cron','Starting execution of @module_cron(), execution of @module_previous_cron() took @time.','a:3:{s:7:\"@module\";s:6:\"system\";s:16:\"@module_previous\";s:6:\"search\";s:5:\"@time\";s:6:\"2.16ms\";}',6,'','https://100.26.255.193/owa/auth/logon.aspx','','54.241.130.48',1685598029),(85409,0,'cron','Starting execution of @module_cron(), execution of @module_previous_cron() took @time.','a:3:{s:7:\"@module\";s:6:\"update\";s:16:\"@module_previous\";s:6:\"system\";s:5:\"@time\";s:6:\"32.8ms\";}',6,'','https://100.26.255.193/owa/auth/logon.aspx','','54.241.130.48',1685598029),(85410,0,'cron','Execution of @module_previous_cron() took @time.','a:2:{s:16:\"@module_previous\";s:6:\"update\";s:5:\"@time\";s:7:\"91.75ms\";}',6,'','https://100.26.255.193/owa/auth/logon.aspx','','54.241.130.48',1685598030),(85411,0,'cron','Cron run completed.','a:0:{}',6,'','https://100.26.255.193/owa/auth/logon.aspx','','54.241.130.48',1685598030),(85412,0,'page not found','@uri','a:1:{s:4:\"@uri\";s:15:\"/geoserver/web/\";}',4,'','https://100.26.255.193/geoserver/web/','','216.218.206.69',1685603039),(85413,0,'access denied','Path: @uri. %type: @message in %function (line %line of %file).','a:6:{s:5:\"%type\";s:64:\"Symfony\\Component\\HttpKernel\\Exception\\AccessDeniedHttpException\";s:8:\"@message\";s:44:\"The \'access content\' permission is required.\";s:9:\"%function\";s:52:\"Drupal\\Core\\Routing\\AccessAwareRouter->checkAccess()\";s:5:\"%file\";s:70:\"/var/www/drupal/web/core/lib/Drupal/Core/Routing/AccessAwareRouter.php\";s:5:\"%line\";i:115;s:4:\"@uri\";s:1:\"/\";}',4,'','https://100.26.255.193/','','51.89.5.185',1685603270),(85414,0,'page not found','@uri','a:1:{s:4:\"@uri\";s:18:\"/_profiler/phpinfo\";}',4,'','https://100.26.255.193/_profiler/phpinfo','','35.92.59.32',1685605106),(85415,0,'page not found','@uri','a:1:{s:4:\"@uri\";s:13:\"/yuuki?pp=env\";}',4,'','https://100.26.255.193/yuuki?pp=env','','35.92.59.32',1685605106),(85416,0,'access denied','Path: @uri. %type: @message in %function (line %line of %file).','a:6:{s:5:\"%type\";s:64:\"Symfony\\Component\\HttpKernel\\Exception\\AccessDeniedHttpException\";s:8:\"@message\";s:44:\"The \'access content\' permission is required.\";s:9:\"%function\";s:52:\"Drupal\\Core\\Routing\\AccessAwareRouter->checkAccess()\";s:5:\"%file\";s:70:\"/var/www/drupal/web/core/lib/Drupal/Core/Routing/AccessAwareRouter.php\";s:5:\"%line\";i:115;s:4:\"@uri\";s:1:\"/\";}',4,'','https://100.26.255.193/','','35.92.59.32',1685605107),(85417,0,'access denied','Path: @uri. %type: @message in %function (line %line of %file).','a:6:{s:5:\"%type\";s:64:\"Symfony\\Component\\HttpKernel\\Exception\\AccessDeniedHttpException\";s:8:\"@message\";s:44:\"The \'access content\' permission is required.\";s:9:\"%function\";s:52:\"Drupal\\Core\\Routing\\AccessAwareRouter->checkAccess()\";s:5:\"%file\";s:70:\"/var/www/drupal/web/core/lib/Drupal/Core/Routing/AccessAwareRouter.php\";s:5:\"%line\";i:115;s:4:\"@uri\";s:1:\"/\";}',4,'','https://100.26.255.193/','','51.89.5.185',1685612209),(85418,0,'cron','Starting execution of @module_cron().','a:1:{s:7:\"@module\";s:7:\"comment\";}',6,'','https://100.26.255.193/','','51.89.5.185',1685612209),(85419,0,'cron','Starting execution of @module_cron(), execution of @module_previous_cron() took @time.','a:3:{s:7:\"@module\";s:5:\"dblog\";s:16:\"@module_previous\";s:7:\"comment\";s:5:\"@time\";s:6:\"0.77ms\";}',6,'','https://100.26.255.193/','','51.89.5.185',1685612209),(85420,0,'cron','Starting execution of @module_cron(), execution of @module_previous_cron() took @time.','a:3:{s:7:\"@module\";s:5:\"field\";s:16:\"@module_previous\";s:5:\"dblog\";s:5:\"@time\";s:6:\"1.89ms\";}',6,'','https://100.26.255.193/','','51.89.5.185',1685612209),(85421,0,'cron','Starting execution of @module_cron(), execution of @module_previous_cron() took @time.','a:3:{s:7:\"@module\";s:4:\"file\";s:16:\"@module_previous\";s:5:\"field\";s:5:\"@time\";s:6:\"0.62ms\";}',6,'','https://100.26.255.193/','','51.89.5.185',1685612209),(85422,0,'cron','Starting execution of @module_cron(), execution of @module_previous_cron() took @time.','a:3:{s:7:\"@module\";s:7:\"ginvite\";s:16:\"@module_previous\";s:4:\"file\";s:5:\"@time\";s:6:\"1.39ms\";}',6,'','https://100.26.255.193/','','51.89.5.185',1685612209),(85423,0,'cron','Starting execution of @module_cron(), execution of @module_previous_cron() took @time.','a:3:{s:7:\"@module\";s:7:\"history\";s:16:\"@module_previous\";s:7:\"ginvite\";s:5:\"@time\";s:6:\"0.18ms\";}',6,'','https://100.26.255.193/','','51.89.5.185',1685612209),(85424,0,'cron','Starting execution of @module_cron(), execution of @module_previous_cron() took @time.','a:3:{s:7:\"@module\";s:4:\"node\";s:16:\"@module_previous\";s:7:\"history\";s:5:\"@time\";s:6:\"0.18ms\";}',6,'','https://100.26.255.193/','','51.89.5.185',1685612209),(85425,0,'cron','Starting execution of @module_cron(), execution of @module_previous_cron() took @time.','a:3:{s:7:\"@module\";s:6:\"search\";s:16:\"@module_previous\";s:4:\"node\";s:5:\"@time\";s:3:\"1ms\";}',6,'','https://100.26.255.193/','','51.89.5.185',1685612209),(85426,0,'cron','Starting execution of @module_cron(), execution of @module_previous_cron() took @time.','a:3:{s:7:\"@module\";s:6:\"system\";s:16:\"@module_previous\";s:6:\"search\";s:5:\"@time\";s:6:\"2.19ms\";}',6,'','https://100.26.255.193/','','51.89.5.185',1685612209),(85427,0,'cron','Starting execution of @module_cron(), execution of @module_previous_cron() took @time.','a:3:{s:7:\"@module\";s:6:\"update\";s:16:\"@module_previous\";s:6:\"system\";s:5:\"@time\";s:7:\"11.24ms\";}',6,'','https://100.26.255.193/','','51.89.5.185',1685612209),(85428,0,'cron','Execution of @module_previous_cron() took @time.','a:2:{s:16:\"@module_previous\";s:6:\"update\";s:5:\"@time\";s:8:\"636.23ms\";}',6,'','https://100.26.255.193/','','51.89.5.185',1685612210),(85429,0,'cron','Cron run completed.','a:0:{}',6,'','https://100.26.255.193/','','51.89.5.185',1685612210),(85430,0,'access denied','Path: @uri. %type: @message in %function (line %line of %file).','a:6:{s:5:\"%type\";s:64:\"Symfony\\Component\\HttpKernel\\Exception\\AccessDeniedHttpException\";s:8:\"@message\";s:44:\"The \'access content\' permission is required.\";s:9:\"%function\";s:52:\"Drupal\\Core\\Routing\\AccessAwareRouter->checkAccess()\";s:5:\"%file\";s:70:\"/var/www/drupal/web/core/lib/Drupal/Core/Routing/AccessAwareRouter.php\";s:5:\"%line\";i:115;s:4:\"@uri\";s:1:\"/\";}',4,'','https://100.26.255.193/','','51.89.5.185',1685613396),(85431,0,'access denied','Path: @uri. %type: @message in %function (line %line of %file).','a:6:{s:5:\"%type\";s:64:\"Symfony\\Component\\HttpKernel\\Exception\\AccessDeniedHttpException\";s:8:\"@message\";s:44:\"The \'access content\' permission is required.\";s:9:\"%function\";s:52:\"Drupal\\Core\\Routing\\AccessAwareRouter->checkAccess()\";s:5:\"%file\";s:70:\"/var/www/drupal/web/core/lib/Drupal/Core/Routing/AccessAwareRouter.php\";s:5:\"%line\";i:115;s:4:\"@uri\";s:1:\"/\";}',4,'','https://100.26.255.193/','','193.56.29.26',1685620019),(85432,0,'cron','Starting execution of @module_cron().','a:1:{s:7:\"@module\";s:7:\"comment\";}',6,'','https://drupal.unemploymenttracker.com/','','100.7.117.56',1685624161),(85433,0,'cron','Starting execution of @module_cron(), execution of @module_previous_cron() took @time.','a:3:{s:7:\"@module\";s:5:\"dblog\";s:16:\"@module_previous\";s:7:\"comment\";s:5:\"@time\";s:6:\"0.72ms\";}',6,'','https://drupal.unemploymenttracker.com/','','100.7.117.56',1685624161),(85434,0,'cron','Starting execution of @module_cron(), execution of @module_previous_cron() took @time.','a:3:{s:7:\"@module\";s:5:\"field\";s:16:\"@module_previous\";s:5:\"dblog\";s:5:\"@time\";s:6:\"1.98ms\";}',6,'','https://drupal.unemploymenttracker.com/','','100.7.117.56',1685624161),(85435,0,'cron','Starting execution of @module_cron(), execution of @module_previous_cron() took @time.','a:3:{s:7:\"@module\";s:4:\"file\";s:16:\"@module_previous\";s:5:\"field\";s:5:\"@time\";s:6:\"0.59ms\";}',6,'','https://drupal.unemploymenttracker.com/','','100.7.117.56',1685624161),(85436,0,'cron','Starting execution of @module_cron(), execution of @module_previous_cron() took @time.','a:3:{s:7:\"@module\";s:7:\"ginvite\";s:16:\"@module_previous\";s:4:\"file\";s:5:\"@time\";s:5:\"0.5ms\";}',6,'','https://drupal.unemploymenttracker.com/','','100.7.117.56',1685624161),(85437,0,'cron','Starting execution of @module_cron(), execution of @module_previous_cron() took @time.','a:3:{s:7:\"@module\";s:7:\"history\";s:16:\"@module_previous\";s:7:\"ginvite\";s:5:\"@time\";s:6:\"0.25ms\";}',6,'','https://drupal.unemploymenttracker.com/','','100.7.117.56',1685624161),(85438,0,'cron','Starting execution of @module_cron(), execution of @module_previous_cron() took @time.','a:3:{s:7:\"@module\";s:4:\"node\";s:16:\"@module_previous\";s:7:\"history\";s:5:\"@time\";s:5:\"0.2ms\";}',6,'','https://drupal.unemploymenttracker.com/','','100.7.117.56',1685624161),(85439,0,'cron','Starting execution of @module_cron(), execution of @module_previous_cron() took @time.','a:3:{s:7:\"@module\";s:6:\"search\";s:16:\"@module_previous\";s:4:\"node\";s:5:\"@time\";s:6:\"1.14ms\";}',6,'','https://drupal.unemploymenttracker.com/','','100.7.117.56',1685624161),(85440,0,'cron','Starting execution of @module_cron(), execution of @module_previous_cron() took @time.','a:3:{s:7:\"@module\";s:6:\"system\";s:16:\"@module_previous\";s:6:\"search\";s:5:\"@time\";s:6:\"2.29ms\";}',6,'','https://drupal.unemploymenttracker.com/','','100.7.117.56',1685624161),(85441,0,'cron','Starting execution of @module_cron(), execution of @module_previous_cron() took @time.','a:3:{s:7:\"@module\";s:6:\"update\";s:16:\"@module_previous\";s:6:\"system\";s:5:\"@time\";s:7:\"41.19ms\";}',6,'','https://drupal.unemploymenttracker.com/','','100.7.117.56',1685624161),(85442,0,'cron','Attempting to re-run cron while it is already running.','a:0:{}',4,'','https://drupal.unemploymenttracker.com/contextual/render','https://drupal.unemploymenttracker.com/','100.7.117.56',1685624161),(85443,0,'cron','Attempting to re-run cron while it is already running.','a:0:{}',4,'','https://drupal.unemploymenttracker.com/contextual/render','https://drupal.unemploymenttracker.com/','100.7.117.56',1685624161),(85444,0,'cron','Execution of @module_previous_cron() took @time.','a:2:{s:16:\"@module_previous\";s:6:\"update\";s:5:\"@time\";s:7:\"112.2ms\";}',6,'','https://drupal.unemploymenttracker.com/','','100.7.117.56',1685624161),(85445,0,'cron','Cron run completed.','a:0:{}',6,'','https://drupal.unemploymenttracker.com/','','100.7.117.56',1685624161),(85446,0,'access denied','Path: @uri. %type: @message in %function (line %line of %file).','a:6:{s:5:\"%type\";s:64:\"Symfony\\Component\\HttpKernel\\Exception\\AccessDeniedHttpException\";s:8:\"@message\";s:44:\"The \'access content\' permission is required.\";s:9:\"%function\";s:52:\"Drupal\\Core\\Routing\\AccessAwareRouter->checkAccess()\";s:5:\"%file\";s:70:\"/var/www/drupal/web/core/lib/Drupal/Core/Routing/AccessAwareRouter.php\";s:5:\"%line\";i:115;s:4:\"@uri\";s:1:\"/\";}',4,'','https://100.26.255.193/','','51.89.5.185',1685624825),(85447,0,'access denied','Path: @uri. %type: @message in %function (line %line of %file).','a:6:{s:5:\"%type\";s:61:\"Drupal\\Core\\Http\\Exception\\CacheableAccessDeniedHttpException\";s:8:\"@message\";s:44:\"The \'access content\' permission is required.\";s:9:\"%function\";s:52:\"Drupal\\Core\\Routing\\AccessAwareRouter->checkAccess()\";s:5:\"%file\";s:70:\"/var/www/drupal/web/core/lib/Drupal/Core/Routing/AccessAwareRouter.php\";s:5:\"%line\";i:112;s:4:\"@uri\";s:1:\"/\";}',4,'','https://100.26.255.193/','','213.32.25.76',1685627694),(85448,0,'page not found','@uri','a:1:{s:4:\"@uri\";s:49:\"/owa/auth/logon.aspx?url=https%3a%2f%2f1%2fecp%2f\";}',4,'','https://100.26.255.193/owa/auth/logon.aspx?url=https%3A%2F%2F1%2Fecp%2F','','198.199.116.138',1685628340),(85449,0,'access denied','Path: @uri. %type: @message in %function (line %line of %file).','a:6:{s:5:\"%type\";s:61:\"Drupal\\Core\\Http\\Exception\\CacheableAccessDeniedHttpException\";s:8:\"@message\";s:44:\"The \'access content\' permission is required.\";s:9:\"%function\";s:52:\"Drupal\\Core\\Routing\\AccessAwareRouter->checkAccess()\";s:5:\"%file\";s:70:\"/var/www/drupal/web/core/lib/Drupal/Core/Routing/AccessAwareRouter.php\";s:5:\"%line\";i:112;s:4:\"@uri\";s:1:\"/\";}',4,'','https://drupal.unemploymenttracker.com/','','213.32.25.76',1685628541),(85450,0,'access denied','Path: @uri. %type: @message in %function (line %line of %file).','a:6:{s:5:\"%type\";s:61:\"Drupal\\Core\\Http\\Exception\\CacheableAccessDeniedHttpException\";s:8:\"@message\";s:44:\"The \'access content\' permission is required.\";s:9:\"%function\";s:52:\"Drupal\\Core\\Routing\\AccessAwareRouter->checkAccess()\";s:5:\"%file\";s:70:\"/var/www/drupal/web/core/lib/Drupal/Core/Routing/AccessAwareRouter.php\";s:5:\"%line\";i:112;s:4:\"@uri\";s:1:\"/\";}',4,'','https://drupal.unemploymenttracker.com/','','74.221.2.128',1685632646),(85451,5,'user','Session opened for %name.','a:1:{s:5:\"%name\";s:4:\"kell\";}',6,'','https://drupal.unemploymenttracker.com/user/login?destination=%2F','https://drupal.unemploymenttracker.com/user/login?destination=/','74.221.2.128',1685632649),(85452,0,'access denied','Path: @uri. %type: @message in %function (line %line of %file).','a:6:{s:5:\"%type\";s:64:\"Symfony\\Component\\HttpKernel\\Exception\\AccessDeniedHttpException\";s:8:\"@message\";s:44:\"The \'access content\' permission is required.\";s:9:\"%function\";s:52:\"Drupal\\Core\\Routing\\AccessAwareRouter->checkAccess()\";s:5:\"%file\";s:70:\"/var/www/drupal/web/core/lib/Drupal/Core/Routing/AccessAwareRouter.php\";s:5:\"%line\";i:115;s:4:\"@uri\";s:1:\"/\";}',4,'','https://100.26.255.193/','','152.89.218.24',1685634340),(85453,0,'page not found','@uri','a:1:{s:4:\"@uri\";s:18:\"/_profiler/phpinfo\";}',4,'','https://100.26.255.193/_profiler/phpinfo','','152.89.218.24',1685634341),(85454,0,'page not found','@uri','a:1:{s:4:\"@uri\";s:32:\"/debug/default/view?panel=config\";}',4,'','https://100.26.255.193/debug/default/view?panel=config','','152.89.218.24',1685634341),(85455,0,'page not found','@uri','a:1:{s:4:\"@uri\";s:12:\"/config.json\";}',4,'','https://100.26.255.193/config.json','','152.89.218.24',1685634341),(85456,0,'access denied','Path: @uri. %type: @message in %function (line %line of %file).','a:6:{s:5:\"%type\";s:64:\"Symfony\\Component\\HttpKernel\\Exception\\AccessDeniedHttpException\";s:8:\"@message\";s:44:\"The \'access content\' permission is required.\";s:9:\"%function\";s:52:\"Drupal\\Core\\Routing\\AccessAwareRouter->checkAccess()\";s:5:\"%file\";s:70:\"/var/www/drupal/web/core/lib/Drupal/Core/Routing/AccessAwareRouter.php\";s:5:\"%line\";i:115;s:4:\"@uri\";s:1:\"/\";}',4,'','https://100.26.255.193/','','51.89.5.185',1685635075),(85457,0,'cron','Starting execution of @module_cron().','a:1:{s:7:\"@module\";s:7:\"comment\";}',6,'','https://100.26.255.193/','','51.89.5.185',1685635075),(85458,0,'cron','Starting execution of @module_cron(), execution of @module_previous_cron() took @time.','a:3:{s:7:\"@module\";s:5:\"dblog\";s:16:\"@module_previous\";s:7:\"comment\";s:5:\"@time\";s:6:\"0.79ms\";}',6,'','https://100.26.255.193/','','51.89.5.185',1685635075),(85459,0,'cron','Starting execution of @module_cron(), execution of @module_previous_cron() took @time.','a:3:{s:7:\"@module\";s:5:\"field\";s:16:\"@module_previous\";s:5:\"dblog\";s:5:\"@time\";s:6:\"3.36ms\";}',6,'','https://100.26.255.193/','','51.89.5.185',1685635075),(85460,0,'cron','Starting execution of @module_cron(), execution of @module_previous_cron() took @time.','a:3:{s:7:\"@module\";s:4:\"file\";s:16:\"@module_previous\";s:5:\"field\";s:5:\"@time\";s:6:\"1.85ms\";}',6,'','https://100.26.255.193/','','51.89.5.185',1685635075),(85461,0,'cron','Starting execution of @module_cron(), execution of @module_previous_cron() took @time.','a:3:{s:7:\"@module\";s:7:\"ginvite\";s:16:\"@module_previous\";s:4:\"file\";s:5:\"@time\";s:6:\"1.49ms\";}',6,'','https://100.26.255.193/','','51.89.5.185',1685635075),(85462,0,'cron','Starting execution of @module_cron(), execution of @module_previous_cron() took @time.','a:3:{s:7:\"@module\";s:7:\"history\";s:16:\"@module_previous\";s:7:\"ginvite\";s:5:\"@time\";s:5:\"0.2ms\";}',6,'','https://100.26.255.193/','','51.89.5.185',1685635075),(85463,0,'cron','Starting execution of @module_cron(), execution of @module_previous_cron() took @time.','a:3:{s:7:\"@module\";s:4:\"node\";s:16:\"@module_previous\";s:7:\"history\";s:5:\"@time\";s:6:\"0.21ms\";}',6,'','https://100.26.255.193/','','51.89.5.185',1685635075),(85464,0,'cron','Starting execution of @module_cron(), execution of @module_previous_cron() took @time.','a:3:{s:7:\"@module\";s:6:\"search\";s:16:\"@module_previous\";s:4:\"node\";s:5:\"@time\";s:6:\"1.09ms\";}',6,'','https://100.26.255.193/','','51.89.5.185',1685635075),(85465,0,'cron','Starting execution of @module_cron(), execution of @module_previous_cron() took @time.','a:3:{s:7:\"@module\";s:6:\"system\";s:16:\"@module_previous\";s:6:\"search\";s:5:\"@time\";s:6:\"2.23ms\";}',6,'','https://100.26.255.193/','','51.89.5.185',1685635076),(85466,0,'cron','Starting execution of @module_cron(), execution of @module_previous_cron() took @time.','a:3:{s:7:\"@module\";s:6:\"update\";s:16:\"@module_previous\";s:6:\"system\";s:5:\"@time\";s:7:\"17.64ms\";}',6,'','https://100.26.255.193/','','51.89.5.185',1685635076),(85467,0,'cron','Execution of @module_previous_cron() took @time.','a:2:{s:16:\"@module_previous\";s:6:\"update\";s:5:\"@time\";s:6:\"96.4ms\";}',6,'','https://100.26.255.193/','','51.89.5.185',1685635076),(85468,0,'cron','Cron run completed.','a:0:{}',6,'','https://100.26.255.193/','','51.89.5.185',1685635076),(85469,0,'page not found','@uri','a:1:{s:4:\"@uri\";s:5:\"/ab2g\";}',4,'','https://100.26.255.193/ab2g','','146.190.22.12',1685635402),(85470,0,'page not found','@uri','a:1:{s:4:\"@uri\";s:5:\"/ab2h\";}',4,'','https://100.26.255.193/ab2h','','146.190.22.12',1685635402),(85471,0,'page not found','@uri','a:1:{s:4:\"@uri\";s:3:\"/t4\";}',4,'','https://100.26.255.193/t4','','146.190.22.12',1685635406),(85472,0,'page not found','@uri','a:1:{s:4:\"@uri\";s:16:\"/actuator/health\";}',4,'','https://100.26.255.193/actuator/health','','162.243.134.20',1685639003),(85473,0,'page not found','@uri','a:1:{s:4:\"@uri\";s:25:\"/nmaplowercheck1685639479\";}',4,'','https://ec2-100-26-255-193.compute-1.amazonaws.com/nmaplowercheck1685639479','','80.89.230.176',1685639479),(85474,0,'page not found','@uri','a:1:{s:4:\"@uri\";s:4:\"/sdk\";}',4,'','https://ec2-100-26-255-193.compute-1.amazonaws.com/sdk','','80.89.230.176',1685639479),(85475,0,'page not found','@uri','a:1:{s:4:\"@uri\";s:11:\"/evox/about\";}',4,'','https://ec2-100-26-255-193.compute-1.amazonaws.com/evox/about','','80.89.230.176',1685639480),(85476,0,'page not found','@uri','a:1:{s:4:\"@uri\";s:6:\"/HNAP1\";}',4,'','https://ec2-100-26-255-193.compute-1.amazonaws.com/HNAP1','','80.89.230.176',1685639497),(85477,0,'access denied','Path: @uri. %type: @message in %function (line %line of %file).','a:6:{s:5:\"%type\";s:61:\"Drupal\\Core\\Http\\Exception\\CacheableAccessDeniedHttpException\";s:8:\"@message\";s:44:\"The \'access content\' permission is required.\";s:9:\"%function\";s:52:\"Drupal\\Core\\Routing\\AccessAwareRouter->checkAccess()\";s:5:\"%file\";s:70:\"/var/www/drupal/web/core/lib/Drupal/Core/Routing/AccessAwareRouter.php\";s:5:\"%line\";i:112;s:4:\"@uri\";s:1:\"/\";}',4,'','https://ec2-100-26-255-193.compute-1.amazonaws.com/','','80.89.230.176',1685639762),(85478,0,'access denied','Path: @uri. %type: @message in %function (line %line of %file).','a:6:{s:5:\"%type\";s:64:\"Symfony\\Component\\HttpKernel\\Exception\\AccessDeniedHttpException\";s:8:\"@message\";s:44:\"The \'access content\' permission is required.\";s:9:\"%function\";s:52:\"Drupal\\Core\\Routing\\AccessAwareRouter->checkAccess()\";s:5:\"%file\";s:70:\"/var/www/drupal/web/core/lib/Drupal/Core/Routing/AccessAwareRouter.php\";s:5:\"%line\";i:115;s:4:\"@uri\";s:1:\"/\";}',4,'','https://100.26.255.193/','','51.89.5.185',1685642891),(85479,0,'cron','Starting execution of @module_cron().','a:1:{s:7:\"@module\";s:7:\"comment\";}',6,'','https://100.26.255.193/user/login?destination=%2F','','198.235.24.151',1685646411),(85480,0,'cron','Starting execution of @module_cron(), execution of @module_previous_cron() took @time.','a:3:{s:7:\"@module\";s:5:\"dblog\";s:16:\"@module_previous\";s:7:\"comment\";s:5:\"@time\";s:6:\"0.84ms\";}',6,'','https://100.26.255.193/user/login?destination=%2F','','198.235.24.151',1685646411),(85481,0,'cron','Starting execution of @module_cron(), execution of @module_previous_cron() took @time.','a:3:{s:7:\"@module\";s:5:\"field\";s:16:\"@module_previous\";s:5:\"dblog\";s:5:\"@time\";s:6:\"1.92ms\";}',6,'','https://100.26.255.193/user/login?destination=%2F','','198.235.24.151',1685646411),(85482,0,'cron','Starting execution of @module_cron(), execution of @module_previous_cron() took @time.','a:3:{s:7:\"@module\";s:4:\"file\";s:16:\"@module_previous\";s:5:\"field\";s:5:\"@time\";s:6:\"0.59ms\";}',6,'','https://100.26.255.193/user/login?destination=%2F','','198.235.24.151',1685646411),(85483,0,'cron','Starting execution of @module_cron(), execution of @module_previous_cron() took @time.','a:3:{s:7:\"@module\";s:7:\"ginvite\";s:16:\"@module_previous\";s:4:\"file\";s:5:\"@time\";s:6:\"4.15ms\";}',6,'','https://100.26.255.193/user/login?destination=%2F','','198.235.24.151',1685646411),(85484,0,'cron','Starting execution of @module_cron(), execution of @module_previous_cron() took @time.','a:3:{s:7:\"@module\";s:7:\"history\";s:16:\"@module_previous\";s:7:\"ginvite\";s:5:\"@time\";s:6:\"0.21ms\";}',6,'','https://100.26.255.193/user/login?destination=%2F','','198.235.24.151',1685646411),(85485,0,'cron','Starting execution of @module_cron(), execution of @module_previous_cron() took @time.','a:3:{s:7:\"@module\";s:4:\"node\";s:16:\"@module_previous\";s:7:\"history\";s:5:\"@time\";s:6:\"0.23ms\";}',6,'','https://100.26.255.193/user/login?destination=%2F','','198.235.24.151',1685646411),(85486,0,'cron','Starting execution of @module_cron(), execution of @module_previous_cron() took @time.','a:3:{s:7:\"@module\";s:6:\"search\";s:16:\"@module_previous\";s:4:\"node\";s:5:\"@time\";s:6:\"2.29ms\";}',6,'','https://100.26.255.193/user/login?destination=%2F','','198.235.24.151',1685646411),(85487,0,'cron','Starting execution of @module_cron(), execution of @module_previous_cron() took @time.','a:3:{s:7:\"@module\";s:6:\"system\";s:16:\"@module_previous\";s:6:\"search\";s:5:\"@time\";s:6:\"2.25ms\";}',6,'','https://100.26.255.193/user/login?destination=%2F','','198.235.24.151',1685646411),(85488,0,'cron','Starting execution of @module_cron(), execution of @module_previous_cron() took @time.','a:3:{s:7:\"@module\";s:6:\"update\";s:16:\"@module_previous\";s:6:\"system\";s:5:\"@time\";s:7:\"48.16ms\";}',6,'','https://100.26.255.193/user/login?destination=%2F','','198.235.24.151',1685646411),(85489,0,'cron','Execution of @module_previous_cron() took @time.','a:2:{s:16:\"@module_previous\";s:6:\"update\";s:5:\"@time\";s:8:\"847.06ms\";}',6,'','https://100.26.255.193/user/login?destination=%2F','','198.235.24.151',1685646412),(85490,0,'cron','Cron run completed.','a:0:{}',6,'','https://100.26.255.193/user/login?destination=%2F','','198.235.24.151',1685646412);
commit;


Connection to 100.26.255.193 closed.

